- using R Under development (unstable) (2021-02-13 r80000)
- using platform: x86_64-w64-mingw32 (64-bit)
- using session charset: ISO8859-1
- checking for file 'ecoseries/DESCRIPTION' ... OK
- this is package 'ecoseries' version '0.1.5'
- package encoding: UTF-8
- checking package namespace information ... OK
- checking package dependencies ... OK
- checking if this is a source package ... OK
- checking if there is a namespace ... OK
- checking for hidden files and directories ... OK
- checking for portable file names ... OK
- checking whether package 'ecoseries' can be installed ... OK
- checking installed package size ... OK
- checking package directory ... OK
- checking DESCRIPTION meta-information ... OK
- checking top-level files ... OK
- checking for left-over files ... OK
- checking index information ... OK
- checking package subdirectories ... OK
- checking R files for non-ASCII characters ... OK
- checking R files for syntax errors ... OK
- checking whether the package can be loaded ... OK
- checking whether the package can be loaded with stated dependencies ... OK
- checking whether the package can be unloaded cleanly ... OK
- checking whether the namespace can be loaded with stated dependencies ... OK
- checking whether the namespace can be unloaded cleanly ... OK
- checking loading without being on the library search path ... OK
- checking use of S3 registration ... OK
- checking dependencies in R code ... OK
- checking S3 generic/method consistency ... OK
- checking replacement functions ... OK
- checking foreign function calls ... OK
- checking R code for possible problems ... [4s] OK
- checking Rd files ... [0s] OK
- checking Rd metadata ... OK
- checking Rd cross-references ... OK
- checking for missing documentation entries ... OK
- checking for code/documentation mismatches ... OK
- checking Rd \usage sections ... OK
- checking Rd contents ... OK
- checking for unstated dependencies in examples ... OK
- checking examples ... [19s] ERROR
Running examples in 'ecoseries-Ex.R' failed
The error most likely occurred in:
> ### Name: series_sidra
> ### Title: A function to extract Sidra series using their API
> ### Aliases: series_sidra
> ### Keywords: sidra
>
> ### ** Examples
>
> sidra=series_sidra(x = c(1612), from = 1990, to = 2015, territory = "brazil")
Error in rjson::fromJSON(tabela) : unexpected character 'A'
Calls: series_sidra -> <Anonymous>
Execution halted
- checking PDF version of manual ... OK
- DONE
Status: 1 ERROR