* using log directory ‘/Volumes/Builds/packages/big-sur-x86_64/results/4.5/csmaps.Rcheck’ * using R version 4.5.0 beta (2025-03-29 r88074) * using platform: x86_64-apple-darwin20 * R was compiled by Apple clang version 14.0.0 (clang-1400.0.29.202) GNU Fortran (GCC) 14.2.0 * running under: macOS Ventura 13.3.1 * using session charset: UTF-8 * checking for file ‘csmaps/DESCRIPTION’ ... OK * this is package ‘csmaps’ version ‘2023.5.22’ * package encoding: UTF-8 * checking package namespace information ... OK * checking package dependencies ... OK * checking if this is a source package ... OK * checking if there is a namespace ... OK * checking for executable files ... OK * checking for hidden files and directories ... OK * checking for portable file names ... OK * checking for sufficient/correct file permissions ... OK * checking whether package ‘csmaps’ can be installed ... [5s/6s] OK See 'https://www.r-project.org/nosvn/R.check/r-devel-macos-x86_64/csmaps-00install.html' for details. * checking installed package size ... INFO installed size is 5.9Mb sub-directories of 1Mb or more: data 4.1Mb doc 1.6Mb * checking package directory ... OK * checking ‘build’ directory ... OK * checking DESCRIPTION meta-information ... OK * checking top-level files ... OK * checking for left-over files ... OK * checking index information ... OK * checking package subdirectories ... OK * checking code files for non-ASCII characters ... OK * checking R files for syntax errors ... OK * checking whether the package can be loaded ... [0s/0s] OK * checking whether the package can be loaded with stated dependencies ... [0s/0s] OK * checking whether the package can be unloaded cleanly ... [0s/0s] OK * checking whether the namespace can be loaded with stated dependencies ... [0s/0s] OK * checking whether the namespace can be unloaded cleanly ... [0s/0s] OK * checking loading without being on the library search path ... [0s/0s] OK * checking whether startup messages can be suppressed ... [0s/0s] OK * checking dependencies in R code ... OK * checking S3 generic/method consistency ... OK * checking replacement functions ... OK * checking foreign function calls ... OK * checking R code for possible problems ... [1s/1s] OK * checking Rd files ... [0s/0s] OK * checking Rd metadata ... OK * checking Rd cross-references ... OK * checking for missing documentation entries ... OK * checking for code/documentation mismatches ... OK * checking Rd \usage sections ... OK * checking Rd contents ... OK * checking for unstated dependencies in examples ... OK * checking contents of ‘data’ directory ... OK * checking data for non-ASCII characters ... [1s/1s] OK * checking LazyData ... OK * checking data for ASCII and uncompressed saves ... OK * checking installed files from ‘inst/doc’ ... OK * checking files in ‘vignettes’ ... OK * checking examples ... [4s/6s] OK * checking for unstated dependencies in ‘tests’ ... OK * checking tests ... [1s/1s] OK Running ‘testthat.R’ [1s/1s] * checking for unstated dependencies in vignettes ... OK * checking package vignettes ... OK * checking re-building of vignette outputs ... [22s/29s] ERROR Error(s) in re-building vignettes: --- re-building ‘csmaps.Rmd’ using rmarkdown --- finished re-building ‘csmaps.Rmd’ --- re-building ‘customization.Rmd’ using rmarkdown Quitting from customization.Rmd:184-232 [unnamed-chunk-6] ~~~~~~~~~~~~~~~~~~~~~~~~~~~~~~~~~~~~~~~~~~~~~~~~~~~~~~~~~~~~~~~~~~~~~~~~~~~~~~~~ Error in `loadNamespace()`: ! there is no package called 'csdata' --- Backtrace: ▆ 1. └─base::loadNamespace(x) 2. └─base::withRestarts(stop(cond), retry_loadNamespace = function() NULL) 3. └─base (local) withOneRestart(expr, restarts[[1L]]) 4. └─base (local) doWithOneRestart(return(expr), restart) ~~~~~~~~~~~~~~~~~~~~~~~~~~~~~~~~~~~~~~~~~~~~~~~~~~~~~~~~~~~~~~~~~~~~~~~~~~~~~~~~ Error: processing vignette 'customization.Rmd' failed with diagnostics: there is no package called 'csdata' --- failed re-building ‘customization.Rmd’ --- re-building ‘layout.Rmd’ using rmarkdown --- finished re-building ‘layout.Rmd’ --- re-building ‘naming_scheme.Rmd’ using rmarkdown --- finished re-building ‘naming_scheme.Rmd’ --- re-building ‘sf_interactive.Rmd’ using rmarkdown --- finished re-building ‘sf_interactive.Rmd’ SUMMARY: processing the following file failed: ‘customization.Rmd’ Error: Vignette re-building failed. Execution halted * checking PDF version of manual ... [6s/8s] OK * DONE Status: 1 ERROR * using check arguments '--no-clean-on-error ' * elapsed time (check, wall clock): 1:11