* using log directory ‘/Volumes/Builds/packages/big-sur-arm64/results/4.5/gridExtra.Rcheck’ * using R version 4.5.0 beta (2025-03-29 r88069) * using platform: aarch64-apple-darwin20 * R was compiled by Apple clang version 14.0.0 (clang-1400.0.29.202) GNU Fortran (GCC) 14.2.0 * running under: macOS Ventura 13.4 * using session charset: UTF-8 * checking for file ‘gridExtra/DESCRIPTION’ ... OK * checking extension type ... Package * this is package ‘gridExtra’ version ‘2.3’ * checking package namespace information ... OK * checking package dependencies ... OK * checking if this is a source package ... OK * checking if there is a namespace ... OK * checking for executable files ... OK * checking for hidden files and directories ... OK * checking for portable file names ... OK * checking for sufficient/correct file permissions ... OK * checking whether package ‘gridExtra’ can be installed ... [2s/2s] OK See 'https://www.r-project.org/nosvn/R.check/r-devel-macos-arm64/gridExtra-00install.html' for details. * checking installed package size ... OK * checking package directory ... OK * checking ‘build’ directory ... OK * checking DESCRIPTION meta-information ... OK * checking top-level files ... OK * checking for left-over files ... OK * checking index information ... OK * checking package subdirectories ... OK * checking code files for non-ASCII characters ... OK * checking R files for syntax errors ... OK * checking whether the package can be loaded ... [0s/0s] OK * checking whether the package can be loaded with stated dependencies ... [0s/0s] OK * checking whether the package can be unloaded cleanly ... [0s/0s] OK * checking whether the namespace can be loaded with stated dependencies ... [0s/0s] OK * checking whether the namespace can be unloaded cleanly ... [0s/0s] OK * checking loading without being on the library search path ... [0s/0s] OK * checking dependencies in R code ... OK * checking S3 generic/method consistency ... OK * checking replacement functions ... OK * checking foreign function calls ... OK * checking R code for possible problems ... [1s/2s] OK * checking Rd files ... [0s/0s] OK * checking Rd metadata ... OK * checking Rd cross-references ... OK * checking for missing documentation entries ... OK * checking for code/documentation mismatches ... OK * checking Rd \usage sections ... OK * checking Rd contents ... OK * checking for unstated dependencies in examples ... OK * checking installed files from ‘inst/doc’ ... OK * checking files in ‘vignettes’ ... OK * checking examples ... [0s/0s] OK * checking for unstated dependencies in vignettes ... OK * checking package vignettes ... OK * checking re-building of vignette outputs ... [12s/20s] ERROR Error(s) in re-building vignettes: --- re-building ‘arrangeGrob.rmd’ using rmarkdown Quitting from arrangeGrob.rmd:23-33 [basic] ~~~~~~~~~~~~~~~~~~~~~~~~~~~~~~~~~~~~~~~~~~~~~~~~~~~~~~~~~~~~~~~~~~~~~~~~~~~~~~~~ Error: ! package or namespace load failed for 'ggplot2' in loadNamespace(i, c(lib.loc, .libPaths()), versionCheck = vI[[i]]): there is no package called 'vctrs' --- Backtrace: ▆ 1. └─base::library(ggplot2) 2. └─base::tryCatch(...) 3. └─base (local) tryCatchList(expr, classes, parentenv, handlers) 4. └─base (local) tryCatchOne(expr, names, parentenv, handlers[[1L]]) 5. └─value[[3L]](cond) ~~~~~~~~~~~~~~~~~~~~~~~~~~~~~~~~~~~~~~~~~~~~~~~~~~~~~~~~~~~~~~~~~~~~~~~~~~~~~~~~ Error: processing vignette 'arrangeGrob.rmd' failed with diagnostics: package or namespace load failed for 'ggplot2' in loadNamespace(i, c(lib.loc, .libPaths()), versionCheck = vI[[i]]): there is no package called 'vctrs' --- failed re-building ‘arrangeGrob.rmd’ --- re-building ‘gtable.Rmd’ using rmarkdown Quitting from gtable.Rmd:38-48 [matrix] ~~~~~~~~~~~~~~~~~~~~~~~~~~~~~~~~~~~~~~~~~~~~~~~~~~~~~~~~~~~~~~~~~~~~~~~~~~~~~~~~ Error in `ggplotGrob()`: ! could not find function "ggplotGrob" ~~~~~~~~~~~~~~~~~~~~~~~~~~~~~~~~~~~~~~~~~~~~~~~~~~~~~~~~~~~~~~~~~~~~~~~~~~~~~~~~ Error: processing vignette 'gtable.Rmd' failed with diagnostics: could not find function "ggplotGrob" --- failed re-building ‘gtable.Rmd’ --- re-building ‘ngonGrob.Rmd’ using rmarkdown --- finished re-building ‘ngonGrob.Rmd’ --- re-building ‘tableGrob.Rmd’ using rmarkdown --- finished re-building ‘tableGrob.Rmd’ SUMMARY: processing the following files failed: ‘arrangeGrob.rmd’ ‘gtable.Rmd’ Error: Vignette re-building failed. Execution halted * checking PDF version of manual ... [5s/5s] OK * DONE Status: 1 ERROR * using check arguments '--no-clean-on-error ' * elapsed time (check, wall clock): 0:43