* using log directory ‘/Volumes/Builds/packages/big-sur-arm64/results/4.5/ezplot.Rcheck’ * using R version 4.5.0 beta (2025-03-29 r88069) * using platform: aarch64-apple-darwin20 * R was compiled by Apple clang version 14.0.0 (clang-1400.0.29.202) GNU Fortran (GCC) 14.2.0 * running under: macOS Ventura 13.4 * using session charset: UTF-8 * checking for file ‘ezplot/DESCRIPTION’ ... OK * checking extension type ... Package * this is package ‘ezplot’ version ‘0.7.13’ * package encoding: UTF-8 * checking package namespace information ... OK * checking package dependencies ... OK * checking if this is a source package ... OK * checking if there is a namespace ... OK * checking for executable files ... OK * checking for hidden files and directories ... OK * checking for portable file names ... OK * checking for sufficient/correct file permissions ... OK * checking whether package ‘ezplot’ can be installed ... [3s/3s] OK See 'https://www.r-project.org/nosvn/R.check/r-devel-macos-arm64/ezplot-00install.html' for details. * checking installed package size ... OK * checking package directory ... OK * checking ‘build’ directory ... OK * checking DESCRIPTION meta-information ... OK * checking top-level files ... OK * checking for left-over files ... OK * checking index information ... OK * checking package subdirectories ... OK * checking code files for non-ASCII characters ... OK * checking R files for syntax errors ... OK * checking whether the package can be loaded ... [0s/0s] OK * checking whether the package can be loaded with stated dependencies ... [0s/0s] OK * checking whether the package can be unloaded cleanly ... [0s/0s] OK * checking whether the namespace can be loaded with stated dependencies ... [0s/0s] OK * checking whether the namespace can be unloaded cleanly ... [0s/0s] OK * checking loading without being on the library search path ... [0s/0s] OK * checking dependencies in R code ... OK * checking S3 generic/method consistency ... OK * checking replacement functions ... OK * checking foreign function calls ... OK * checking R code for possible problems ... [3s/3s] OK * checking Rd files ... [0s/0s] OK * checking Rd metadata ... OK * checking Rd cross-references ... OK * checking for missing documentation entries ... OK * checking for code/documentation mismatches ... OK * checking Rd \usage sections ... OK * checking Rd contents ... OK * checking for unstated dependencies in examples ... OK * checking installed files from ‘inst/doc’ ... OK * checking files in ‘vignettes’ ... OK * checking examples ... [2s/2s] ERROR Running examples in ‘ezplot-Ex.R’ failed The error most likely occurred in: > ### Name: density_plot > ### Title: density_plot > ### Aliases: density_plot > > ### ** Examples > > library(tsibbledata) Error in library(tsibbledata) : there is no package called ‘tsibbledata’ Execution halted * checking for unstated dependencies in ‘tests’ ... OK * checking tests ... [3s/3s] ERROR Running ‘testthat.R’ [3s/3s] Running the tests in ‘tests/testthat.R’ failed. Complete output: > library(testthat) > library(ezplot) > suppressPackageStartupMessages(library(tsibble)) > > test_check("ezplot") [ FAIL 1 | WARN 0 | SKIP 0 | PASS 93 ] ══ Failed tests ════════════════════════════════════════════════════════════════ ── Error ('test-calendar_plot.R:6:3'): runs ──────────────────────────────────── Error in `loadNamespace(x)`: there is no package called 'tsibbledata' Backtrace: ▆ 1. ├─ezplot::calendar_plot(...) at test-calendar_plot.R:6:3 2. │ └─ezplot::agg_data(data, cols, cols["x"]) 3. │ └─data %>% as.data.frame %>% ... 4. ├─dplyr::transmute(...) 5. ├─base::as.data.frame(.) 6. └─base::loadNamespace(x) 7. └─base::withRestarts(stop(cond), retry_loadNamespace = function() NULL) 8. └─base (local) withOneRestart(expr, restarts[[1L]]) 9. └─base (local) doWithOneRestart(return(expr), restart) [ FAIL 1 | WARN 0 | SKIP 0 | PASS 93 ] Error: Test failures Execution halted * checking for unstated dependencies in vignettes ... OK * checking package vignettes ... OK * checking re-building of vignette outputs ... [28s/36s] OK * checking PDF version of manual ... [4s/5s] OK * DONE Status: 2 ERRORs * using check arguments '--no-clean-on-error ' * elapsed time (check, wall clock): 1:12