* using log directory ‘/Volumes/Builds/packages/big-sur-arm64/results/4.5/easycsv.Rcheck’ * using R version 4.5.0 beta (2025-03-29 r88069) * using platform: aarch64-apple-darwin20 * R was compiled by Apple clang version 14.0.0 (clang-1400.0.29.202) GNU Fortran (GCC) 14.2.0 * running under: macOS Ventura 13.4 * using session charset: UTF-8 * checking for file ‘easycsv/DESCRIPTION’ ... OK * checking extension type ... Package * this is package ‘easycsv’ version ‘1.0.8’ * package encoding: UTF-8 * checking package namespace information ... OK * checking package dependencies ... OK * checking if this is a source package ... OK * checking if there is a namespace ... OK * checking for executable files ... OK * checking for hidden files and directories ... OK * checking for portable file names ... OK * checking for sufficient/correct file permissions ... OK * checking whether package ‘easycsv’ can be installed ... [1s/1s] OK See 'https://www.r-project.org/nosvn/R.check/r-devel-macos-arm64/easycsv-00install.html' for details. * checking installed package size ... OK * checking package directory ... OK * checking DESCRIPTION meta-information ... OK * checking top-level files ... OK * checking for left-over files ... OK * checking index information ... OK * checking package subdirectories ... OK * checking code files for non-ASCII characters ... OK * checking R files for syntax errors ... OK * checking whether the package can be loaded ... [0s/0s] OK * checking whether the package can be loaded with stated dependencies ... [0s/0s] OK * checking whether the package can be unloaded cleanly ... [0s/0s] OK * checking whether the namespace can be loaded with stated dependencies ... [0s/0s] OK * checking whether the namespace can be unloaded cleanly ... [0s/0s] OK * checking loading without being on the library search path ... [0s/0s] OK * checking dependencies in R code ... OK * checking S3 generic/method consistency ... OK * checking replacement functions ... OK * checking foreign function calls ... OK * checking R code for possible problems ... [1s/1s] OK * checking Rd files ... [0s/0s] OK * checking Rd metadata ... OK * checking Rd cross-references ... OK * checking for missing documentation entries ... OK * checking for code/documentation mismatches ... OK * checking Rd \usage sections ... OK * checking Rd contents ... OK * checking for unstated dependencies in examples ... OK * checking LazyData ... INFO 'LazyData' is specified without a 'data' directory * checking examples ... [5s/5s] ERROR Running examples in ‘easycsv-Ex.R’ failed The error most likely occurred in: > ### Name: fread_zip > ### Title: read multiple csv files into named data frames > ### Aliases: fread_zip > ### Keywords: ~utilities ~misc > > ### ** Examples > > > require(easycsv) > filezip <- system.file("exampleZips", "example_tables.zip", package="easycsv") > fread_zip(filezip) Error in data.table::fread(input = tbl, sep = sep, nrows = nrows, header = header, : 'autostart' is deprecated. Consider skip='string' or skip=n. This argument will be removed in the next release. Calls: fread_zip -> -> stopf -> raise_condition -> signal Execution halted * checking PDF version of manual ... [3s/4s] OK * DONE Status: 1 ERROR * using check arguments '--no-clean-on-error ' * elapsed time (check, wall clock): 0:22