* using log directory ‘/Volumes/Builds/packages/big-sur-arm64/results/4.5/cartographr.Rcheck’ * using R version 4.5.0 beta (2025-03-29 r88069) * using platform: aarch64-apple-darwin20 * R was compiled by Apple clang version 14.0.0 (clang-1400.0.29.202) GNU Fortran (GCC) 14.2.0 * running under: macOS Ventura 13.4 * using session charset: UTF-8 * checking for file ‘cartographr/DESCRIPTION’ ... OK * this is package ‘cartographr’ version ‘0.2.2’ * package encoding: UTF-8 * checking package namespace information ... OK * checking package dependencies ... OK * checking if this is a source package ... OK * checking if there is a namespace ... OK * checking for executable files ... OK * checking for hidden files and directories ... OK * checking for portable file names ... OK * checking for sufficient/correct file permissions ... OK * checking whether package ‘cartographr’ can be installed ... [6s/8s] OK See 'https://www.r-project.org/nosvn/R.check/r-devel-macos-arm64/cartographr-00install.html' for details. * checking installed package size ... OK * checking package directory ... OK * checking ‘build’ directory ... OK * checking DESCRIPTION meta-information ... NOTE Missing dependency on R >= 4.2.0 because package code uses the pipe placeholder syntax added in R 4.2.0. File(s) using such syntax: ‘cartographr.R’ * checking top-level files ... OK * checking for left-over files ... OK * checking index information ... OK * checking package subdirectories ... OK * checking code files for non-ASCII characters ... OK * checking R files for syntax errors ... OK * checking whether the package can be loaded ... [0s/0s] OK * checking whether the package can be loaded with stated dependencies ... [0s/0s] OK * checking whether the package can be unloaded cleanly ... [0s/0s] OK * checking whether the namespace can be loaded with stated dependencies ... [0s/0s] OK * checking whether the namespace can be unloaded cleanly ... [0s/0s] OK * checking loading without being on the library search path ... [0s/0s] OK * checking whether startup messages can be suppressed ... [0s/0s] OK * checking dependencies in R code ... OK * checking S3 generic/method consistency ... OK * checking replacement functions ... OK * checking foreign function calls ... OK * checking R code for possible problems ... [1s/2s] OK * checking Rd files ... [0s/0s] OK * checking Rd metadata ... OK * checking Rd cross-references ... OK * checking for missing documentation entries ... OK * checking for code/documentation mismatches ... OK * checking Rd \usage sections ... OK * checking Rd contents ... OK * checking for unstated dependencies in examples ... OK * checking contents of ‘data’ directory ... OK * checking data for non-ASCII characters ... [2s/2s] OK * checking LazyData ... OK * checking data for ASCII and uncompressed saves ... OK * checking installed files from ‘inst/doc’ ... OK * checking files in ‘vignettes’ ... OK * checking examples ... [3s/3s] OK * checking for unstated dependencies in ‘tests’ ... OK * checking tests ... [13s/37s] ERROR Running ‘testthat.R’ [13s/37s] Running the tests in ‘tests/testthat.R’ failed. Complete output: > # This file is part of the standard setup for testthat. > # It is recommended that you do not modify it. > # > # Where should you do additional test configuration? > # Learn more about the roles of various files in: > # * https://r-pkgs.org/testing-design.html#sec-tests-files-overview > # * https://testthat.r-lib.org/articles/special-files.html > > library(testthat) > library(cartographr) cartographr ready. > > test_check("cartographr") [ FAIL 1 | WARN 0 | SKIP 0 | PASS 105 ] ══ Failed tests ════════════════════════════════════════════════════════════════ ── Error ('test-cartographr.R:103:3'): get_osmdata calculates x_distance and y_distance correctly ── Error in `httr2::req_perform(req)`: Failed to perform HTTP request. Caused by error in `curl::curl_fetch_memory()`: ! Timeout was reached [overpass.kumi.systems]: Resolving timed out after 10002 milliseconds Backtrace: ▆ 1. └─cartographr::get_osmdata(...) at test-cartographr.R:103:3 2. └─osmdata::osmdata_sf(query, quiet = TRUE) 3. └─osmdata:::fill_overpass_data(obj, doc, quiet = quiet) 4. └─osmdata:::overpass_query(...) 5. └─osmdata::overpass_status(quiet) 6. └─httr2::req_perform(req) 7. └─httr2:::handle_resp(req, resp, error_call = error_call) 8. └─rlang::cnd_signal(resp) [ FAIL 1 | WARN 0 | SKIP 0 | PASS 105 ] Error: Test failures Execution halted * checking for unstated dependencies in vignettes ... OK * checking package vignettes ... OK * checking re-building of vignette outputs ... [9s/21s] OK * checking PDF version of manual ... [4s/6s] OK * DONE Status: 1 ERROR, 1 NOTE * using check arguments '--no-clean-on-error ' * elapsed time (check, wall clock): 1:35