* using log directory ‘/Volumes/Builds/packages/big-sur-arm64/results/4.5/Rcrawler.Rcheck’ * using R version 4.5.0 beta (2025-03-29 r88069) * using platform: aarch64-apple-darwin20 * R was compiled by Apple clang version 14.0.0 (clang-1400.0.29.202) GNU Fortran (GCC) 14.2.0 * running under: macOS Ventura 13.4 * using session charset: UTF-8 * checking for file ‘Rcrawler/DESCRIPTION’ ... OK * checking extension type ... Package * this is package ‘Rcrawler’ version ‘0.1.9-1’ * checking package namespace information ... OK * checking package dependencies ... OK * checking if this is a source package ... OK * checking if there is a namespace ... OK * checking for executable files ... OK * checking for hidden files and directories ... OK * checking for portable file names ... OK * checking for sufficient/correct file permissions ... OK * checking whether package ‘Rcrawler’ can be installed ... [2s/3s] OK See 'https://www.r-project.org/nosvn/R.check/r-devel-macos-arm64/Rcrawler-00install.html' for details. * checking installed package size ... OK * checking package directory ... OK * checking DESCRIPTION meta-information ... OK * checking top-level files ... OK * checking for left-over files ... OK * checking index information ... OK * checking package subdirectories ... OK * checking code files for non-ASCII characters ... OK * checking R files for syntax errors ... OK * checking whether the package can be loaded ... [0s/1s] OK * checking whether the package can be loaded with stated dependencies ... [0s/0s] OK * checking whether the package can be unloaded cleanly ... [0s/0s] OK * checking whether the namespace can be loaded with stated dependencies ... [0s/0s] OK * checking whether the namespace can be unloaded cleanly ... [0s/1s] OK * checking loading without being on the library search path ... [0s/0s] OK * checking dependencies in R code ... OK * checking S3 generic/method consistency ... OK * checking replacement functions ... OK * checking foreign function calls ... OK * checking R code for possible problems ... [2s/2s] OK * checking Rd files ... [0s/0s] OK * checking Rd metadata ... OK * checking Rd cross-references ... OK * checking for missing documentation entries ... OK * checking for code/documentation mismatches ... OK * checking Rd \usage sections ... OK * checking Rd contents ... OK * checking for unstated dependencies in examples ... OK * checking LazyData ... INFO 'LazyData' is specified without a 'data' directory * checking examples ... [0s/0s] ERROR Running examples in ‘Rcrawler-Ex.R’ failed The error most likely occurred in: > ### Name: LinkNormalization > ### Title: Link Normalization > ### Aliases: LinkNormalization > > ### ** Examples > > > # Normalize a set of links > > links<-c("http://www.twitter.com/share?url=http://glofile.com/page.html", + "/finance/banks/page-2017.html", + "./section/subscription.php", + "//section/", + "www.glofile.com/home/", + "IndexEn.aspx", + "glofile.com/sport/foot/page.html", + "sub.glofile.com/index.php", + "http://glofile.com/page.html#1", + "?tags%5B%5D=votingrights&sort=popular" + ) > > links<-LinkNormalization(links,"http://glofile.com" ) Error in gsub(as.character(pattern), as.character(replacement), x, ignore.case, : NA in coercion to boolean Calls: LinkNormalization -> grepl -> paste0 -> gsub Execution halted * checking PDF version of manual ... [4s/4s] OK * DONE Status: 1 ERROR * using check arguments '--no-clean-on-error ' * elapsed time (check, wall clock): 0:23