- using R Under development (unstable) (2024-04-05 r86344)
- using platform: x86_64-pc-linux-gnu
- R was compiled by
gcc-13 (GCC) 13.2.0
GNU Fortran (GCC) 13.2.0
- running under: Fedora Linux 36 (Workstation Edition)
- using session charset: UTF-8
- using option ‘--no-stop-on-test-error’
- checking for file ‘winch/DESCRIPTION’ ... OK
- this is package ‘winch’ version ‘0.1.1’
- package encoding: UTF-8
- checking package namespace information ... OK
- checking package dependencies ... OK
- checking if this is a source package ... OK
- checking if there is a namespace ... OK
- checking for executable files ... OK
- checking for hidden files and directories ... OK
- checking for portable file names ... OK
- checking for sufficient/correct file permissions ... OK
- checking whether package ‘winch’ can be installed ... [23s/42s] ERROR
Installation failed.
See the install log for details.
- DONE
Status: 1 ERROR