- using R Under development (unstable) (2025-10-13 r88918)
- using platform: x86_64-pc-linux-gnu
- R was compiled by
gcc (GCC) 15.1.1 20250521 (Red Hat 15.1.1-2)
GNU Fortran (GCC) 15.1.1 20250521 (Red Hat 15.1.1-2)
- running under: Fedora Linux 42 (Workstation Edition)
- using session charset: UTF-8
- using option ‘--no-stop-on-test-error’
- checking for file ‘tradeoffaucdim/DESCRIPTION’ ... OK
- checking extension type ... Package
- this is package ‘tradeoffaucdim’ version ‘0.1.0’
- package encoding: UTF-8
- checking package namespace information ... OK
- checking package dependencies ... OK
- checking if this is a source package ... OK
- checking if there is a namespace ... OK
- checking for executable files ... OK
- checking for hidden files and directories ... OK
- checking for portable file names ... OK
- checking for sufficient/correct file permissions ... OK
- checking whether package ‘tradeoffaucdim’ can be installed ... [25s/94s] OK
See the install log for details.
- checking package directory ... OK
- checking DESCRIPTION meta-information ... OK
- checking top-level files ... OK
- checking for left-over files ... OK
- checking index information ... OK
- checking package subdirectories ... OK
- checking code files for non-ASCII characters ... OK
- checking R files for syntax errors ... OK
- checking whether the package can be loaded ... OK
- checking whether the package can be loaded with stated dependencies ... OK
- checking whether the package can be unloaded cleanly ... OK
- checking whether the namespace can be loaded with stated dependencies ... OK
- checking whether the namespace can be unloaded cleanly ... OK
- checking loading without being on the library search path ... OK
- checking use of S3 registration ... OK
- checking dependencies in R code ... NOTE
Namespace in Imports field not imported from: ‘speedglm’
All declared Imports should be used.
- checking S3 generic/method consistency ... OK
- checking replacement functions ... OK
- checking foreign function calls ... OK
- checking R code for possible problems ... [10s/25s] OK
- checking Rd files ... OK
- checking Rd metadata ... OK
- checking Rd line widths ... OK
- checking Rd cross-references ... OK
- checking for missing documentation entries ... OK
- checking for code/documentation mismatches ... OK
- checking Rd \usage sections ... OK
- checking Rd contents ... OK
- checking for unstated dependencies in examples ... OK
- checking contents of ‘data’ directory ... OK
- checking data for non-ASCII characters ... [15s/23s] OK
- checking LazyData ... OK
- checking data for ASCII and uncompressed saves ... OK
- checking examples ... [33s/59s] OK
- checking for unstated dependencies in ‘tests’ ... OK
- checking tests ... [89s/146s] ERROR
Running ‘spelling.R’
Running ‘testthat.R’ [88s/143s]
Running the tests in ‘tests/testthat.R’ failed.
Complete output:
> # This file is part of the standard setup for testthat.
> # It is recommended that you do not modify it.
> #
> # Where should you do additional test configuration?
> # Learn more about the roles of various files in:
> # * https://r-pkgs.org/testing-design.html#sec-tests-files-overview
> # * https://testthat.r-lib.org/articles/special-files.html
>
> library(testthat)
> library(tradeoffaucdim)
Loading required package: SuperLearner
Loading required package: nnls
Loading required package: gam
Loading required package: splines
Loading required package: foreach
Loaded gam 1.22-6
Super Learner
Version: 2.0-29
Package created on 2024-02-06
>
> test_check("tradeoffaucdim" )
fitting model SL.glm =>----------------------------- 5% | ETA: 32s
fitting model SL.glm ===>--------------------------- 12% | ETA: 35s
fitting model SL.glm ======>------------------------ 20% | ETA: 30s
fitting model SL.glm ========>---------------------- 27% | ETA: 29s
fitting model SL.glm ==========>-------------------- 32% | ETA: 28s
fitting model SL.glm ==========>-------------------- 34% | ETA: 32s
fitting model SL.glm ============>------------------ 39% | ETA: 31s
fitting model SL.glm =============>----------------- 43% | ETA: 31s
fitting model SL.glm ==============>---------------- 48% | ETA: 28s
fitting model SL.glm ================>-------------- 54% | ETA: 25s
fitting model SL.glm ==================>------------ 61% | ETA: 21s
fitting model SL.glm ====================>---------- 65% | ETA: 19s
fitting model SL.glm ======================>-------- 72% | ETA: 15s
fitting model SL.glm =======================>------- 78% | ETA: 12s
fitting model SL.glm =========================>----- 84% | ETA: 8s
fitting model SL.glm ===========================>--- 89% | ETA: 6s
fitting model SL.glm =============================>- 95% | ETA: 3s
[ FAIL 2 | WARN 0 | SKIP 0 | PASS 38 ]
══ Failed tests ════════════════════════════════════════════════════════════════
── Failure ('test-05-plot_curve.R:11:3'): output ───────────────────────────────
plot_curve(obj4)$plot_performance has type 'object', not 'list'.
── Failure ('test-05-plot_curve.R:12:3'): output ───────────────────────────────
plot_curve(obj4)$plot_time has type 'object', not 'list'.
[ FAIL 2 | WARN 0 | SKIP 0 | PASS 38 ]
Error: Test failures
Execution halted
- checking PDF version of manual ... OK
- checking HTML version of manual ... OK
- checking for non-standard things in the check directory ... OK
- checking for detritus in the temp directory ... OK
- DONE
Status: 1 ERROR, 1 NOTE