- using R Under development (unstable) (2025-10-03 r88898)
- using platform: x86_64-pc-linux-gnu
- R was compiled by
gcc (GCC) 15.1.1 20250521 (Red Hat 15.1.1-2)
GNU Fortran (GCC) 15.1.1 20250521 (Red Hat 15.1.1-2)
- running under: Fedora Linux 42 (Workstation Edition)
- using session charset: UTF-8
- using option ‘--no-stop-on-test-error’
- checking for file ‘stats19/DESCRIPTION’ ... OK
- this is package ‘stats19’ version ‘3.3.1’
- package encoding: UTF-8
- checking package namespace information ... OK
- checking package dependencies ... OK
- checking if this is a source package ... OK
- checking if there is a namespace ... OK
- checking for executable files ... OK
- checking for hidden files and directories ... OK
- checking for portable file names ... OK
- checking for sufficient/correct file permissions ... OK
- checking whether package ‘stats19’ can be installed ... OK
See the install log for details.
- checking package directory ... OK
- checking ‘build’ directory ... OK
- checking DESCRIPTION meta-information ... OK
- checking top-level files ... OK
- checking for left-over files ... OK
- checking index information ... OK
- checking package subdirectories ... OK
- checking code files for non-ASCII characters ... OK
- checking R files for syntax errors ... OK
- checking whether the package can be loaded ... OK
- checking whether the package can be loaded with stated dependencies ... OK
- checking whether the package can be unloaded cleanly ... OK
- checking whether the namespace can be loaded with stated dependencies ... OK
- checking whether the namespace can be unloaded cleanly ... OK
- checking loading without being on the library search path ... OK
- checking whether startup messages can be suppressed ... OK
- checking use of S3 registration ... OK
- checking dependencies in R code ... OK
- checking S3 generic/method consistency ... OK
- checking replacement functions ... OK
- checking foreign function calls ... OK
- checking R code for possible problems ... OK
- checking Rd files ... OK
- checking Rd metadata ... OK
- checking Rd line widths ... OK
- checking Rd cross-references ... OK
- checking for missing documentation entries ... OK
- checking for code/documentation mismatches ... OK
- checking Rd \usage sections ... OK
- checking Rd contents ... OK
- checking for unstated dependencies in examples ... OK
- checking contents of ‘data’ directory ... OK
- checking data for non-ASCII characters ... OK
- checking LazyData ... OK
- checking data for ASCII and uncompressed saves ... OK
- checking installed files from ‘inst/doc’ ... OK
- checking files in ‘vignettes’ ... OK
- checking examples ... OK
- checking for unstated dependencies in vignettes ... OK
- checking package vignettes ... OK
- checking re-building of vignette outputs ... [95s/122s] ERROR
Error(s) in re-building vignettes:
--- re-building ‘blog.Rmd’ using rmarkdown
[WARNING] Deprecated: --highlight-style. Use --syntax-highlighting instead.
[WARNING] Citeproc: citation sarkar_street_2018 not found
--- finished re-building ‘blog.Rmd’
--- re-building ‘stats19-training-setup.Rmd’ using rmarkdown
[WARNING] Deprecated: --highlight-style. Use --syntax-highlighting instead.
--- finished re-building ‘stats19-training-setup.Rmd’
--- re-building ‘stats19-training.Rmd’ using rmarkdown
[WARNING] Deprecated: --highlight-style. Use --syntax-highlighting instead.
[WARNING] Could not fetch resource https://raw.githubusercontent.com/ITSLeeds/TDS/master/courses/2day/images/rstudio-ui.png: HttpExceptionRequest Request {
host = "raw.githubusercontent.com"
port = 443
secure = True
requestHeaders = []
path = "/ITSLeeds/TDS/master/courses/2day/images/rstudio-ui.png"
queryString = ""
method = "GET"
proxy = Nothing
rawBody = False
redirectCount = 10
responseTimeout = ResponseTimeoutDefault
requestVersion = HTTP/1.1
proxySecureMode = ProxySecureWithConnect
}
(StatusCodeException (Response {responseStatus = Status {statusCode = 404, statusMessage = "Not Found"}, responseVersion = HTTP/1.1, responseHeaders = [("Connection","keep-alive"),("Content-Length","14"),("Content-Security-Policy","default-src 'none'; style-src 'unsafe-inline'; sandbox"),("Strict-Transport-Security","max-age=31536000"),("X-Content-Type-Options","nosniff"),("X-Frame-Options","deny"),("X-XSS-Protection","1; mode=block"),("Content-Type","text/plain; charset=utf-8"),("X-GitHub-Request-Id","DD00:200197:2FBD2D:63F269:68E2FE90"),("Accept-Ranges","bytes"),("Date","Sun, 05 Oct 2025 23:26:13 GMT"),("Via","1.1 varnish"),("X-Served-By","cache-lcy-eglc8600049-LCY"),("X-Cache","MISS"),("X-Cache-Hits","0"),("X-Timer","S1759706773.875283,VS0,VE135"),("Vary","Authorization,Accept-Encoding"),("Access-Control-Allow-Origin","*"),("Cross-Origin-Resource-Policy","cross-origin"),("X-Fastly-Request-ID","e799b14e132652f9ef8d5f60bee9f80c60e8f2d4"),("Expires","Sun, 05 Oct 2025 23:31:13 GMT"),("Source-Age","0")], responseBody = (), responseCookieJar = CJ {expose = []}, responseClose' = ResponseClose, responseOriginalRequest = Request {
host = "raw.githubusercontent.com"
port = 443
secure = True
requestHeaders = []
path = "/ITSLeeds/TDS/master/courses/2day/images/rstudio-ui.png"
queryString = ""
method = "GET"
proxy = Nothing
rawBody = False
redirectCount = 10
responseTimeout = ResponseTimeoutDefault
requestVersion = HTTP/1.1
proxySecureMode = ProxySecureWithConnect
}
, responseEarlyHints = []}) "404: Not Found")
[WARNING] Could not fetch resource https://raw.githubusercontent.com/ITSLeeds/TDS/master/courses/2day/images/autocomplete.jpg: HttpExceptionRequest Request {
host = "raw.githubusercontent.com"
port = 443
secure = True
requestHeaders = []
path = "/ITSLeeds/TDS/master/courses/2day/images/autocomplete.jpg"
queryString = ""
method = "GET"
proxy = Nothing
rawBody = False
redirectCount = 10
responseTimeout = ResponseTimeoutDefault
requestVersion = HTTP/1.1
proxySecureMode = ProxySecureWithConnect
}
(StatusCodeException (Response {responseStatus = Status {statusCode = 404, statusMessage = "Not Found"}, responseVersion = HTTP/1.1, responseHeaders = [("Connection","keep-alive"),("Content-Length","14"),("Content-Security-Policy","default-src 'none'; style-src 'unsafe-inline'; sandbox"),("Strict-Transport-Security","max-age=31536000"),("X-Content-Type-Options","nosniff"),("X-Frame-Options","deny"),("X-XSS-Protection","1; mode=block"),("Content-Type","text/plain; charset=utf-8"),("X-GitHub-Request-Id","0D47:35FBF8:5E8618:C9B229:68E2FE93"),("Accept-Ranges","bytes"),("Date","Sun, 05 Oct 2025 23:26:13 GMT"),("Via","1.1 varnish"),("X-Served-By","cache-lcy-eglc8600049-LCY"),("X-Cache","MISS"),("X-Cache-Hits","0"),("X-Timer","S1759706773.047521,VS0,VE140"),("Vary","Authorization,Accept-Encoding"),("Access-Control-Allow-Origin","*"),("Cross-Origin-Resource-Policy","cross-origin"),("X-Fastly-Request-ID","e6e73f5c7116624a93f9138664d19a3c15bf76b5"),("Expires","Sun, 05 Oct 2025 23:31:13 GMT"),("Source-Age","0")], responseBody = (), responseCookieJar = CJ {expose = []}, responseClose' = ResponseClose, responseOriginalRequest = Request {
host = "raw.githubusercontent.com"
port = 443
secure = True
requestHeaders = []
path = "/ITSLeeds/TDS/master/courses/2day/images/autocomplete.jpg"
queryString = ""
method = "GET"
proxy = Nothing
rawBody = False
redirectCount = 10
responseTimeout = ResponseTimeoutDefault
requestVersion = HTTP/1.1
proxySecureMode = ProxySecureWithConnect
}
, responseEarlyHints = []}) "404: Not Found")
[WARNING] Could not fetch resource https://raw.githubusercontent.com/ITSLeeds/TDS/master/courses/2day/images/fucntionhelp.jpg: HttpExceptionRequest Request {
host = "raw.githubusercontent.com"
port = 443
secure = True
requestHeaders = []
path = "/ITSLeeds/TDS/master/courses/2day/images/fucntionhelp.jpg"
queryString = ""
method = "GET"
proxy = Nothing
rawBody = False
redirectCount = 10
responseTimeout = ResponseTimeoutDefault
requestVersion = HTTP/1.1
proxySecureMode = ProxySecureWithConnect
}
(StatusCodeException (Response {responseStatus = Status {statusCode = 404, statusMessage = "Not Found"}, responseVersion = HTTP/1.1, responseHeaders = [("Connection","keep-alive"),("Content-Length","14"),("Content-Security-Policy","default-src 'none'; style-src 'unsafe-inline'; sandbox"),("Strict-Transport-Security","max-age=31536000"),("X-Content-Type-Options","nosniff"),("X-Frame-Options","deny"),("X-XSS-Protection","1; mode=block"),("Content-Type","text/plain; charset=utf-8"),("X-GitHub-Request-Id","1D77:25D625:35B5EE:71597D:68E2FE91"),("Accept-Ranges","bytes"),("Date","Sun, 05 Oct 2025 23:26:13 GMT"),("Via","1.1 varnish"),("X-Served-By","cache-lcy-eglc8600049-LCY"),("X-Cache","MISS"),("X-Cache-Hits","0"),("X-Timer","S1759706773.264453,VS0,VE127"),("Vary","Authorization,Accept-Encoding"),("Access-Control-Allow-Origin","*"),("Cross-Origin-Resource-Policy","cross-origin"),("X-Fastly-Request-ID","af07cf9cc07c7357bbe8086b04187072e122d9b5"),("Expires","Sun, 05 Oct 2025 23:31:13 GMT"),("Source-Age","0")], responseBody = (), responseCookieJar = CJ {expose = []}, responseClose' = ResponseClose, responseOriginalRequest = Request {
host = "raw.githubusercontent.com"
port = 443
secure = True
requestHeaders = []
path = "/ITSLeeds/TDS/master/courses/2day/images/fucntionhelp.jpg"
queryString = ""
method = "GET"
proxy = Nothing
rawBody = False
redirectCount = 10
responseTimeout = ResponseTimeoutDefault
requestVersion = HTTP/1.1
proxySecureMode = ProxySecureWithConnect
}
, responseEarlyHints = []}) "404: Not Found")
--- finished re-building ‘stats19-training.Rmd’
--- re-building ‘stats19-vehicles.Rmd’ using rmarkdown
[WARNING] Deprecated: --highlight-style. Use --syntax-highlighting instead.
--- finished re-building ‘stats19-vehicles.Rmd’
--- re-building ‘stats19.Rmd’ using rmarkdown
Quitting from stats19.Rmd:366-374 [nfatalities]
~~~~~~~~~~~~~~~~~~~~~~~~~~~~~~~~~~~~~~~~~~~~~~~~~~~~~~~~~~~~~~~~~~~~~~~~~~~~~~~~
NULL
~~~~~~~~~~~~~~~~~~~~~~~~~~~~~~~~~~~~~~~~~~~~~~~~~~~~~~~~~~~~~~~~~~~~~~~~~~~~~~~~
Error: processing vignette 'stats19.Rmd' failed with diagnostics:
ℹ In argument: `accident_severity == "Fatal"`.
Caused by error:
! object 'accident_severity' not found
--- failed re-building ‘stats19.Rmd’
SUMMARY: processing the following file failed:
‘stats19.Rmd’
Error: Vignette re-building failed.
Execution halted
- checking PDF version of manual ... OK
- checking HTML version of manual ... OK
- checking for non-standard things in the check directory ... OK
- checking for detritus in the temp directory ... OK
- DONE
Status: 1 ERROR