• using R Under development (unstable) (2023-02-02 r83750)
  • using platform: x86_64-pc-linux-gnu (64-bit)
  • R was compiled by
        gcc (GCC) 12.2.1 20221121 (Red Hat 12.2.1-4)
        GNU Fortran (GCC) 12.2.1 20221121 (Red Hat 12.2.1-4)
  • running under: Fedora Linux 36 (Workstation Edition)
  • using session charset: UTF-8
  • using option ‘--no-stop-on-test-error’
  • checking for file ‘rabhit/DESCRIPTION’ ... OK
  • checking extension type ... Package
  • this is package ‘rabhit’ version ‘0.2.4’
  • package encoding: UTF-8
  • checking package namespace information ... OK
  • checking package dependencies ... OK
  • checking if this is a source package ... OK
  • checking if there is a namespace ... OK
  • checking for executable files ... OK
  • checking for hidden files and directories ... OK
  • checking for portable file names ... OK
  • checking for sufficient/correct file permissions ... OK
  • checking whether package ‘rabhit’ can be installed ... [23s/28s] ERROR
    Installation failed.
    See ‘/data/gannet/ripley/R/packages/tests-devel/rabhit.Rcheck/00install.out’ for details.
  • DONE
    See https://www.r-project.org/nosvn/R.check/r-devel-linux-x86_64-fedora-gcc/rabhit-00install.html for details.