- using R Under development (unstable) (2025-09-29 r88883)
- using platform: x86_64-pc-linux-gnu
- R was compiled by
gcc (GCC) 15.1.1 20250521 (Red Hat 15.1.1-2)
GNU Fortran (GCC) 15.1.1 20250521 (Red Hat 15.1.1-2)
- running under: Fedora Linux 42 (Workstation Edition)
- using session charset: UTF-8
- using option ‘--no-stop-on-test-error’
- checking for file ‘performance/DESCRIPTION’ ... OK
- checking extension type ... Package
- this is package ‘performance’ version ‘0.15.1’
- package encoding: UTF-8
- checking package namespace information ... OK
- checking package dependencies ... OK
- checking if this is a source package ... OK
- checking if there is a namespace ... OK
- checking for executable files ... OK
- checking for hidden files and directories ... OK
- checking for portable file names ... OK
- checking for sufficient/correct file permissions ... OK
- checking whether package ‘performance’ can be installed ... [36s/46s] OK
See the install log for details.
- checking package directory ... OK
- checking DESCRIPTION meta-information ... OK
- checking top-level files ... OK
- checking for left-over files ... OK
- checking index information ... OK
- checking package subdirectories ... OK
- checking code files for non-ASCII characters ... OK
- checking R files for syntax errors ... OK
- checking whether the package can be loaded ... OK
- checking whether the package can be loaded with stated dependencies ... OK
- checking whether the package can be unloaded cleanly ... OK
- checking whether the namespace can be loaded with stated dependencies ... OK
- checking whether the namespace can be unloaded cleanly ... OK
- checking loading without being on the library search path ... OK
- checking use of S3 registration ... OK
- checking dependencies in R code ... OK
- checking S3 generic/method consistency ... OK
- checking replacement functions ... OK
- checking foreign function calls ... OK
- checking R code for possible problems ... [84s/105s] OK
- checking Rd files ... OK
- checking Rd metadata ... OK
- checking Rd line widths ... OK
- checking Rd cross-references ... OK
- checking for missing documentation entries ... OK
- checking for code/documentation mismatches ... OK
- checking Rd \usage sections ... OK
- checking Rd contents ... OK
- checking for unstated dependencies in examples ... OK
- checking R/sysdata.rda ... OK
- checking examples ... [69s/87s] OK
- checking for unstated dependencies in ‘tests’ ... OK
- checking tests ... [124s/81s] ERROR
Running ‘testthat.R’ [123s/81s]
Running the tests in ‘tests/testthat.R’ failed.
Complete output:
> library(testthat)
> library(performance)
>
> test_check("performance")
Starting 2 test processes
[ FAIL 1 | WARN 0 | SKIP 40 | PASS 406 ]
══ Skipped tests (40) ══════════════════════════════════════════════════════════
• On CRAN (36): 'test-bootstrapped_icc_ci.R:2:3',
'test-bootstrapped_icc_ci.R:44:3', 'test-binned_residuals.R:137:3',
'test-binned_residuals.R:164:3', 'test-check_dag.R:1:1',
'test-check_distribution.R:35:3', 'test-check_collinearity.R:181:3',
'test-check_collinearity.R:218:3', 'test-check_itemscale.R:31:3',
'test-check_itemscale.R:103:3', 'test-check_model.R:1:1',
'test-check_predictions.R:2:1', 'test-check_residuals.R:2:3',
'test-check_singularity.R:2:3', 'test-check_singularity.R:30:3',
'test-check_zeroinflation.R:73:3', 'test-check_zeroinflation.R:112:3',
'test-compare_performance.R:21:3', 'test-helpers.R:1:1', 'test-icc.R:2:1',
'test-item_omega.R:10:3', 'test-item_omega.R:31:3', 'test-mclogit.R:53:3',
'test-model_performance.bayesian.R:1:1', 'test-check_outliers.R:110:3',
'test-model_performance.lavaan.R:1:1', 'test-model_performance.merMod.R:2:3',
'test-model_performance.merMod.R:25:3', 'test-model_performance.psych.R:1:1',
'test-model_performance.rma.R:33:3', 'test-performance_reliability.R:23:3',
'test-pkg-ivreg.R:7:3', 'test-r2_nagelkerke.R:22:3',
'test-r2_nakagawa.R:20:1', 'test-rmse.R:35:3',
'test-test_likelihoodratio.R:55:1'
• On Linux (3): 'test-nestedLogit.R:1:1', 'test-r2_bayes.R:1:1',
'test-test_wald.R:1:1'
• getRversion() > "4.4.0" is TRUE (1): 'test-check_outliers.R:258:3'
══ Failed tests ════════════════════════════════════════════════════════════════
── Failure ('test-check_outliers.R:304:3'): pareto which ───────────────────────
which(check_outliers(model, method = "pareto", threshold = list(pareto = 0.5))) (`actual`) not identical to 17L (`expected`).
`actual`: 17 18
`expected`: 17
[ FAIL 1 | WARN 0 | SKIP 40 | PASS 406 ]
Error: Test failures
Execution halted
- checking PDF version of manual ... [14s/19s] OK
- checking HTML version of manual ... [8s/13s] OK
- checking for non-standard things in the check directory ... OK
- checking for detritus in the temp directory ... OK
- DONE
Status: 1 ERROR