- using R Under development (unstable) (2025-11-13 r89015)
- using platform: x86_64-pc-linux-gnu
- R was compiled by
gcc (GCC) 15.1.1 20250521 (Red Hat 15.1.1-2)
GNU Fortran (GCC) 15.1.1 20250521 (Red Hat 15.1.1-2)
- running under: Fedora Linux 42 (Workstation Edition)
- using session charset: UTF-8
- using option ‘--no-stop-on-test-error’
- checking for file ‘patrick/DESCRIPTION’ ... OK
- this is package ‘patrick’ version ‘0.3.0’
- package encoding: UTF-8
- checking package namespace information ... OK
- checking package dependencies ... OK
- checking if this is a source package ... OK
- checking if there is a namespace ... OK
- checking for executable files ... OK
- checking for hidden files and directories ... OK
- checking for portable file names ... OK
- checking for sufficient/correct file permissions ... OK
- checking whether package ‘patrick’ can be installed ... [6s/14s] OK
See the install log for details.
- checking package directory ... OK
- checking DESCRIPTION meta-information ... OK
- checking top-level files ... OK
- checking for left-over files ... OK
- checking index information ... OK
- checking package subdirectories ... OK
- checking code files for non-ASCII characters ... OK
- checking R files for syntax errors ... OK
- checking whether the package can be loaded ... OK
- checking whether the package can be loaded with stated dependencies ... OK
- checking whether the package can be unloaded cleanly ... OK
- checking whether the namespace can be loaded with stated dependencies ... OK
- checking whether the namespace can be unloaded cleanly ... OK
- checking loading without being on the library search path ... OK
- checking use of S3 registration ... OK
- checking dependencies in R code ... OK
- checking S3 generic/method consistency ... OK
- checking replacement functions ... OK
- checking foreign function calls ... OK
- checking R code for possible problems ... [8s/19s] OK
- checking Rd files ... OK
- checking Rd metadata ... OK
- checking Rd line widths ... OK
- checking Rd cross-references ... OK
- checking for missing documentation entries ... OK
- checking for code/documentation mismatches ... OK
- checking Rd \usage sections ... OK
- checking Rd contents ... OK
- checking for unstated dependencies in examples ... OK
- checking examples ... [6s/15s] OK
- checking for unstated dependencies in ‘tests’ ... OK
- checking tests ... [5s/15s] ERROR
Running ‘testthat.R’ [5s/14s]
Running the tests in ‘tests/testthat.R’ failed.
Complete output:
> # Copyright 2018 Google LLC
> #
> # Licensed under the Apache License, Version 2.0 (the "License");
> # you may not use this file except in compliance with the License.
> # You may obtain a copy of the License at
> #
> # http://www.apache.org/licenses/LICENSE-2.0
> #
> # Unless required by applicable law or agreed to in writing, software
> # distributed under the License is distributed on an "AS IS" BASIS,
> # WITHOUT WARRANTIES OR CONDITIONS OF ANY KIND, either express or implied.
> # See the License for the specific language governing permissions and
> # limitations under the License.
>
> library(patrick)
> library(testthat)
>
> test_check("patrick")
Saving _problems/test-with_parameters-22.R
Saving _problems/test-with_parameters-22.R
[ FAIL 2 | WARN 0 | SKIP 0 | PASS 24 ]
══ Failed tests ════════════════════════════════════════════════════════════════
── Failure ('test-with_parameters.R:22:7'): Running tests: fail ────────────────
Expected failure message to match regexp "`case` (isn't true|is not TRUE)".
Actual message:
x | Expected `case` to be TRUE.
| Differences:
| `actual`: FALSE
| `expected`: TRUE
|
Backtrace:
▆
1. ├─rlang::eval_tidy(code, args)
2. └─testthat::expect_failure(testthat::expect_true(case), failure_message) at test-with_parameters.R:22:7
── Failure ('test-with_parameters.R:22:7'): Running tests: null ────────────────
Expected failure message to match regexp "`case` (isn't true|is not TRUE)".
Actual message:
x | Expected `case` to be TRUE.
| Differences:
| `actual` is NULL
| `expected` is a logical vector (TRUE)
|
Backtrace:
▆
1. ├─rlang::eval_tidy(code, args)
2. └─testthat::expect_failure(testthat::expect_true(case), failure_message) at test-with_parameters.R:22:7
[ FAIL 2 | WARN 0 | SKIP 0 | PASS 24 ]
Error:
! Test failures.
Execution halted
- checking PDF version of manual ... [6s/23s] OK
- checking HTML version of manual ... OK
- checking for non-standard things in the check directory ... OK
- checking for detritus in the temp directory ... OK
- DONE
Status: 1 ERROR