- using R Under development (unstable) (2025-11-13 r89015)
- using platform: x86_64-pc-linux-gnu
- R was compiled by
gcc (GCC) 15.1.1 20250521 (Red Hat 15.1.1-2)
GNU Fortran (GCC) 15.1.1 20250521 (Red Hat 15.1.1-2)
- running under: Fedora Linux 42 (Workstation Edition)
- using session charset: UTF-8
- using option ‘--no-stop-on-test-error’
- checking for file ‘imager/DESCRIPTION’ ... OK
- checking extension type ... Package
- this is package ‘imager’ version ‘1.0.5’
- package encoding: UTF-8
- checking package namespace information ... OK
- checking package dependencies ... OK
- checking if this is a source package ... OK
- checking if there is a namespace ... OK
- checking for executable files ... OK
- checking for hidden files and directories ... OK
- checking for portable file names ... OK
- checking for sufficient/correct file permissions ... OK
- checking whether package ‘imager’ can be installed ... [7m/18m] OK
See the install log for details.
- used C++ compiler: ‘g++ (GCC) 15.1.1 20250521 (Red Hat 15.1.1-2)’
- checking package directory ... OK
- checking ‘build’ directory ... OK
- checking DESCRIPTION meta-information ... OK
- checking top-level files ... OK
- checking for left-over files ... OK
- checking index information ... OK
- checking package subdirectories ... OK
- checking code files for non-ASCII characters ... OK
- checking R files for syntax errors ... OK
- checking whether the package can be loaded ... OK
- checking whether the package can be loaded with stated dependencies ... OK
- checking whether the package can be unloaded cleanly ... OK
- checking whether the namespace can be loaded with stated dependencies ... OK
- checking whether the namespace can be unloaded cleanly ... OK
- checking loading without being on the library search path ... OK
- checking whether startup messages can be suppressed ... OK
- checking use of S3 registration ... OK
- checking dependencies in R code ... OK
- checking S3 generic/method consistency ... OK
- checking replacement functions ... OK
- checking foreign function calls ... OK
- checking R code for possible problems ... [25s/62s] OK
- checking Rd files ... OK
- checking Rd metadata ... OK
- checking Rd line widths ... OK
- checking Rd cross-references ... OK
- checking for missing documentation entries ... OK
- checking for code/documentation mismatches ... OK
- checking Rd \usage sections ... OK
- checking Rd contents ... OK
- checking for unstated dependencies in examples ... OK
- checking contents of ‘data’ directory ... OK
- checking data for non-ASCII characters ... OK
- checking LazyData ... OK
- checking data for ASCII and uncompressed saves ... OK
- checking line endings in shell scripts ... OK
- checking line endings in C/C++/Fortran sources/headers ... OK
- checking line endings in Makefiles ... OK
- checking compilation flags in Makevars ... OK
- checking for GNU extensions in Makefiles ... OK
- checking for portable use of $(BLAS_LIBS) and $(LAPACK_LIBS) ... OK
- checking use of PKG_*FLAGS in Makefiles ... OK
- checking use of SHLIB_OPENMP_*FLAGS in Makefiles ... OK
- checking pragmas in C/C++ headers and code ... OK
- checking compilation flags used ... OK
- checking compiled code ... OK
- checking installed files from ‘inst/doc’ ... OK
- checking files in ‘vignettes’ ... OK
- checking examples ... [40s/100s] OK
- checking for unstated dependencies in ‘tests’ ... OK
- checking tests ... [72s/198s] ERROR
Running ‘testthat.R’ [72s/197s]
Running the tests in ‘tests/testthat.R’ failed.
Complete output:
> library(testthat)
> library(imager)
Loading required package: magrittr
Attaching package: 'magrittr'
The following objects are masked from 'package:testthat':
equals, is_less_than, not
Attaching package: 'imager'
The following object is masked from 'package:magrittr':
add
The following objects are masked from 'package:stats':
convolve, spectrum
The following object is masked from 'package:graphics':
frame
The following object is masked from 'package:base':
save.image
>
> test_check("imager")
Saving _problems/test_load_save_videos-15.R
[ FAIL 1 | WARN 0 | SKIP 0 | PASS 19 ]
══ Failed tests ════════════════════════════════════════════════════════════════
── Error ('test_load_save_videos.R:15:13'): load_and_save_videos ───────────────
Error in `expect(file_test("-f", ff), TRUE)`: `failure_message` must be a character vector, not `TRUE`.
Backtrace:
▆
1. └─testthat::expect(failure_message = TRUE) at test_load_save_videos.R:15:13
2. └─testthat:::check_character(failure_message)
3. └─testthat:::stop_input_type(...)
4. └─rlang::abort(message, ..., call = call, arg = arg)
[ FAIL 1 | WARN 0 | SKIP 0 | PASS 19 ]
Error:
! Test failures.
Execution halted
- checking for unstated dependencies in vignettes ... OK
- checking package vignettes ... OK
- checking re-building of vignette outputs ... [68s/186s] OK
- checking PDF version of manual ... [14s/34s] OK
- checking HTML version of manual ... [14s/39s] OK
- checking for non-standard things in the check directory ... OK
- checking for detritus in the temp directory ... OK
- DONE
Status: 1 ERROR