- using R Under development (unstable) (2025-11-13 r89015)
- using platform: x86_64-pc-linux-gnu
- R was compiled by
gcc (GCC) 15.1.1 20250521 (Red Hat 15.1.1-2)
GNU Fortran (GCC) 15.1.1 20250521 (Red Hat 15.1.1-2)
- running under: Fedora Linux 42 (Workstation Edition)
- using session charset: UTF-8
- using option ‘--no-stop-on-test-error’
- checking for file ‘hySpc.testthat/DESCRIPTION’ ... OK
- checking extension type ... Package
- this is package ‘hySpc.testthat’ version ‘0.2.1’
- package encoding: UTF-8
- checking package namespace information ... OK
- checking package dependencies ... OK
- checking if this is a source package ... OK
- checking if there is a namespace ... OK
- checking for executable files ... OK
- checking for hidden files and directories ... OK
- checking for portable file names ... OK
- checking for sufficient/correct file permissions ... OK
- checking whether package ‘hySpc.testthat’ can be installed ... OK
See the install log for details.
- checking package directory ... OK
- checking DESCRIPTION meta-information ... OK
- checking top-level files ... OK
- checking for left-over files ... OK
- checking index information ... OK
- checking package subdirectories ... OK
- checking code files for non-ASCII characters ... OK
- checking R files for syntax errors ... OK
- checking whether the package can be loaded ... OK
- checking whether the package can be loaded with stated dependencies ... OK
- checking whether the package can be unloaded cleanly ... OK
- checking whether the namespace can be loaded with stated dependencies ... OK
- checking whether the namespace can be unloaded cleanly ... OK
- checking loading without being on the library search path ... OK
- checking use of S3 registration ... OK
- checking dependencies in R code ... OK
- checking S3 generic/method consistency ... OK
- checking replacement functions ... OK
- checking foreign function calls ... OK
- checking R code for possible problems ... OK
- checking Rd files ... OK
- checking Rd metadata ... OK
- checking Rd line widths ... OK
- checking Rd cross-references ... OK
- checking for missing documentation entries ... OK
- checking for code/documentation mismatches ... OK
- checking Rd \usage sections ... OK
- checking Rd contents ... OK
- checking for unstated dependencies in examples ... OK
- checking LazyData ... INFO
'LazyData' is specified without a 'data' directory
- checking examples ... [5s/12s] OK
- checking for unstated dependencies in ‘tests’ ... OK
- checking tests ... ERROR
Running ‘testthat.R’
Running the tests in ‘tests/testthat.R’ failed.
Complete output:
> library(testthat)
> library(hySpc.testthat)
>
> test_check("hySpc.testthat")
Saving _problems/test_attached-3.R
Saving _problems/test_attached-3.R
[ FAIL 2 | WARN 0 | SKIP 0 | PASS 2 ]
══ Failed tests ════════════════════════════════════════════════════════════════
── Error ('test_attached.R:3:1'): correct execution ────────────────────────────
Error in `identical(self$running[[self$current_file]]$context, context)`: attempt to use zero-length variable name
Backtrace:
▆
1. └─hySpc.testthat::test_fun(f, reporter = "list")
2. ├─testthat::with_reporter(reporter = reporter, test())
3. │ └─base::tryCatch(...)
4. │ └─base (local) tryCatchList(expr, classes, parentenv, handlers)
5. │ └─base (local) tryCatchOne(expr, names, parentenv, handlers[[1L]])
6. │ └─base (local) doTryCatch(return(expr), name, parentenv, handler)
7. └─hySpc.testthat (local) test()
8. └─testthat::test_that(...)
9. └─testthat:::test_code(code, parent.frame())
10. └─reporter$start_test(context = reporter$.context, test = test)
11. └─base::identical(self$running[[self$current_file]]$context, context)
── Error ('test_attached.R:3:1'): standalone ───────────────────────────────────
Error in `identical(self$running[[self$current_file]]$context, context)`: attempt to use zero-length variable name
Backtrace:
▆
1. └─hySpc.testthat::unittest(ns = test_env, reporter = "list")
2. ├─testthat::with_reporter(...)
3. │ └─base::tryCatch(...)
4. │ └─base (local) tryCatchList(expr, classes, parentenv, handlers)
5. │ └─base (local) tryCatchOne(expr, names, parentenv, handlers[[1L]])
6. │ └─base (local) doTryCatch(return(expr), name, parentenv, handler)
7. └─hySpc.testthat (local) t()
8. └─testthat::test_that(...)
9. └─testthat:::test_code(code, parent.frame())
10. └─reporter$start_test(context = reporter$.context, test = test)
11. └─base::identical(self$running[[self$current_file]]$context, context)
[ FAIL 2 | WARN 0 | SKIP 0 | PASS 2 ]
Error:
! Test failures.
Execution halted
- checking PDF version of manual ... [8s/25s] OK
- checking HTML version of manual ... OK
- checking for non-standard things in the check directory ... OK
- checking for detritus in the temp directory ... OK
- DONE
Status: 1 ERROR