- using R Under development (unstable) (2025-11-14 r89021)
- using platform: x86_64-pc-linux-gnu
- R was compiled by
gcc (GCC) 15.1.1 20250521 (Red Hat 15.1.1-2)
GNU Fortran (GCC) 15.1.1 20250521 (Red Hat 15.1.1-2)
- running under: Fedora Linux 42 (Workstation Edition)
- using session charset: UTF-8
- using option ‘--no-stop-on-test-error’
- checking for file ‘ggsurveillance/DESCRIPTION’ ... OK
- this is package ‘ggsurveillance’ version ‘0.5.1’
- package encoding: UTF-8
- checking package namespace information ... OK
- checking package dependencies ... OK
- checking if this is a source package ... OK
- checking if there is a namespace ... OK
- checking for executable files ... OK
- checking for hidden files and directories ... OK
- checking for portable file names ... OK
- checking for sufficient/correct file permissions ... OK
- checking whether package ‘ggsurveillance’ can be installed ... [16s/20s] OK
See the install log for details.
- checking package directory ... OK
- checking ‘build’ directory ... OK
- checking DESCRIPTION meta-information ... OK
- checking top-level files ... OK
- checking for left-over files ... OK
- checking index information ... OK
- checking package subdirectories ... OK
- checking code files for non-ASCII characters ... OK
- checking R files for syntax errors ... OK
- checking whether the package can be loaded ... OK
- checking whether the package can be loaded with stated dependencies ... OK
- checking whether the package can be unloaded cleanly ... OK
- checking whether the namespace can be loaded with stated dependencies ... OK
- checking whether the namespace can be unloaded cleanly ... OK
- checking loading without being on the library search path ... OK
- checking whether startup messages can be suppressed ... OK
- checking use of S3 registration ... OK
- checking dependencies in R code ... OK
- checking S3 generic/method consistency ... OK
- checking replacement functions ... OK
- checking foreign function calls ... OK
- checking R code for possible problems ... [18s/23s] OK
- checking Rd files ... OK
- checking Rd metadata ... OK
- checking Rd line widths ... OK
- checking Rd cross-references ... OK
- checking for missing documentation entries ... OK
- checking for code/documentation mismatches ... OK
- checking Rd \usage sections ... OK
- checking Rd contents ... OK
- checking for unstated dependencies in examples ... OK
- checking contents of ‘data’ directory ... OK
- checking data for non-ASCII characters ... OK
- checking LazyData ... OK
- checking data for ASCII and uncompressed saves ... OK
- checking installed files from ‘inst/doc’ ... OK
- checking files in ‘vignettes’ ... OK
- checking examples ... [41s/47s] OK
- checking for unstated dependencies in ‘tests’ ... OK
- checking tests ... [102s/121s] ERROR
Running ‘spelling.R’
Running ‘testthat.R’ [101s/119s]
Running the tests in ‘tests/testthat.R’ failed.
Complete output:
> # This file is part of the standard setup for testthat.
> # It is recommended that you do not modify it.
> #
> # Where should you do additional test configuration?
> # Learn more about the roles of various files in:
> # * https://r-pkgs.org/testing-design.html#sec-tests-files-overview
> # * https://testthat.r-lib.org/articles/special-files.html
>
> library(testthat)
> library(ggsurveillance)
>
> test_check("ggsurveillance")
Saving _problems/test-geom_epicurve-160.R
Saving _problems/test-geom_epicurve-179.R
[ FAIL 2 | WARN 18 | SKIP 38 | PASS 513 ]
══ Skipped tests (38) ══════════════════════════════════════════════════════════
• On CRAN (38): 'test-geom_bar_diverging.R:1:1',
'test-geom_bar_diverging.R:46:1', 'test-geom_bar_diverging.R:73:1',
'test-geom_bar_diverging.R:102:1', 'test-geom_bar_diverging.R:134:1',
'test-geom_bar_diverging.R:153:1', 'test-geom_bar_diverging.R:172:1',
'test-geom_bar_diverging.R:459:1', 'test-geom_bar_diverging.R:496:1',
'test-geom_bar_diverging.R:550:1', 'test-geom_bar_range.R:1:1',
'test-geom_bar_range.R:27:1', 'test-geom_bar_range.R:46:1',
'test-geom_epicurve.R:1:1', 'test-geom_epicurve.R:34:1',
'test-geom_epicurve.R:61:1', 'test-geom_epicurve.R:109:1',
'test-geom_epicurve.R:124:1', 'test-geom_epicurve.R:140:1',
'test-geom_epicurve.R:164:1', 'test-geom_epicurve.R:189:1',
'test-geom_epigantt.R:43:1', 'test-geom_epigantt.R:67:1',
'test-geom_epigantt.R:93:1', 'test-geom_vline_year.R:1:1',
'test-geom_vline_year.R:16:1', 'test-geom_vline_year.R:32:1',
'test-geom_vline_year.R:45:1', 'test-geom_vline_year.R:87:1',
'test-geom_vline_year.R:118:1', 'test-scale_discrete_reverse.R:1:1',
'test-stat_last_value.R:1:1', 'test-stat_last_value.R:21:1',
'test-stat_last_value.R:50:1', 'test-stat_last_value.R:70:1',
'test-stat_last_value.R:92:1', 'test-stat_last_value.R:114:1',
'test-stat_last_value.R:147:1'
══ Failed tests ════════════════════════════════════════════════════════════════
── Failure ('test-geom_epicurve.R:160:3'): geom_epicurve handles NA values correctly ──
Expected `vdiffr::expect_doppelganger("6_geom_epicurve_na_TRUE", p2)` not to throw any warnings.
Actually got a <rlang_warning> with message:
Ignoring empty aesthetic: `width`.
── Failure ('test-geom_epicurve.R:179:3'): geom_epicurve with stat = 'bin_date' ──
Expected `vdiffr::expect_doppelganger("7_geom_epicurve_bin_date_res", p1)` not to throw any warnings.
Actually got a <rlang_warning> with message:
Ignoring empty aesthetic: `width`.
[ FAIL 2 | WARN 18 | SKIP 38 | PASS 513 ]
Error:
! Test failures.
Execution halted
- checking for unstated dependencies in vignettes ... OK
- checking package vignettes ... OK
- checking re-building of vignette outputs ... [56s/84s] OK
- checking PDF version of manual ... [9s/14s] OK
- checking HTML version of manual ... OK
- checking for non-standard things in the check directory ... OK
- checking for detritus in the temp directory ... OK
- DONE
Status: 1 ERROR