• using R Under development (unstable) (2023-05-19 r84451)
  • using platform: x86_64-pc-linux-gnu
  • R was compiled by
        gcc-13 (GCC) 13.1.0
        GNU Fortran (GCC) 13.1.0
  • running under: Fedora Linux 36 (Workstation Edition)
  • using session charset: UTF-8
  • using option ‘--no-stop-on-test-error’
  • checking for file ‘dfpk/DESCRIPTION’ ... OK
  • checking extension type ... Package
  • this is package ‘dfpk’ version ‘3.5.1’
  • checking package namespace information ... OK
  • checking package dependencies ... OK
  • checking if this is a source package ... OK
  • checking if there is a namespace ... OK
  • checking for executable files ... OK
  • checking for hidden files and directories ... OK
  • checking for portable file names ... OK
  • checking for sufficient/correct file permissions ... OK
  • checking whether package ‘dfpk’ can be installed ... ERROR
    Installation failed.
    See ‘/data/gannet/ripley/R/packages/tests-devel/dfpk.Rcheck/00install.out’ for details.
  • DONE
    See https://www.r-project.org/nosvn/R.check/r-devel-linux-x86_64-fedora-gcc/dfpk-00install.html for details.