• using R Under development (unstable) (2022-08-11 r82710)
  • using platform: x86_64-pc-linux-gnu (64-bit)
  • using session charset: UTF-8
  • using option ‘--no-stop-on-test-error’
  • checking for file ‘cheddar/DESCRIPTION’ ... OK
  • checking extension type ... Package
  • this is package ‘cheddar’ version ‘0.1-636’
  • checking package namespace information ... OK
  • checking package dependencies ... OK
  • checking if this is a source package ... OK
  • checking if there is a namespace ... OK
  • checking for executable files ... OK
  • checking for hidden files and directories ... OK
  • checking for portable file names ... OK
  • checking for sufficient/correct file permissions ... OK
  • checking whether package ‘cheddar’ can be installed ... ERROR
    Installation failed.
    See ‘/data/gannet/ripley/R/packages/tests-devel/cheddar.Rcheck/00install.out’ for details.
  • DONE
    See https://www.r-project.org/nosvn/R.check/r-devel-linux-x86_64-fedora-gcc/cheddar-00install.html for details.