* using log directory ‘/data/gannet/ripley/R/packages/tests-devel/birp.Rcheck’ * using R Under development (unstable) (2025-07-11 r88405) * using platform: x86_64-pc-linux-gnu * R was compiled by gcc (GCC) 15.1.1 20250521 (Red Hat 15.1.1-2) GNU Fortran (GCC) 15.1.1 20250521 (Red Hat 15.1.1-2) * running under: Fedora Linux 42 (Workstation Edition) * using session charset: UTF-8 * using option ‘--no-stop-on-test-error’ * checking for file ‘birp/DESCRIPTION’ ... OK * checking extension type ... Package * this is package ‘birp’ version ‘0.0.5’ * package encoding: UTF-8 * checking package namespace information ... OK * checking package dependencies ... OK * checking if this is a source package ... OK * checking if there is a namespace ... OK * checking for executable files ... OK * checking for hidden files and directories ... OK * checking for portable file names ... OK * checking for sufficient/correct file permissions ... OK * checking whether package ‘birp’ can be installed ... [395s/263s] ERROR Installation failed. See 'https://www.r-project.org/nosvn/R.check/r-devel-linux-x86_64-fedora-gcc/birp-00install.html' for details. * DONE Status: 1 ERROR