- using R Under development (unstable) (2025-10-17 r88928)
- using platform: x86_64-pc-linux-gnu
- R was compiled by
    gcc (GCC) 15.1.1 20250521 (Red Hat 15.1.1-2)
    GNU Fortran (GCC) 15.1.1 20250521 (Red Hat 15.1.1-2)
- running under: Fedora Linux 42 (Workstation Edition)
- using session charset: UTF-8
- using option ‘--no-stop-on-test-error’
- checking for file ‘applicable/DESCRIPTION’ ... OK
- this is package ‘applicable’ version ‘0.1.1’
- package encoding: UTF-8
- checking package namespace information ... OK
- checking package dependencies ... OK
- checking if this is a source package ... OK
- checking if there is a namespace ... OK
- checking for executable files ... OK
- checking for hidden files and directories ... OK
- checking for portable file names ... OK
- checking for sufficient/correct file permissions ... OK
- checking whether package ‘applicable’ can be installed ... [19s/29s] OK
See the install log for details.
- checking package directory ... OK
- checking DESCRIPTION meta-information ... OK
- checking top-level files ... OK
- checking for left-over files ... OK
- checking index information ... OK
- checking package subdirectories ... OK
- checking code files for non-ASCII characters ... OK
- checking R files for syntax errors ... OK
- checking whether the package can be loaded ... OK
- checking whether the package can be loaded with stated dependencies ... OK
- checking whether the package can be unloaded cleanly ... OK
- checking whether the namespace can be loaded with stated dependencies ... OK
- checking whether the namespace can be unloaded cleanly ... OK
- checking loading without being on the library search path ... OK
- checking whether startup messages can be suppressed ... OK
- checking use of S3 registration ... OK
- checking dependencies in R code ... OK
- checking S3 generic/method consistency ... OK
- checking replacement functions ... OK
- checking foreign function calls ... OK
- checking R code for possible problems ... [24s/36s] OK
- checking Rd files ... OK
- checking Rd metadata ... OK
- checking Rd line widths ... OK
- checking Rd cross-references ... OK
- checking for missing documentation entries ... OK
- checking for code/documentation mismatches ... OK
- checking Rd \usage sections ... OK
- checking Rd contents ... OK
- checking for unstated dependencies in examples ... OK
- checking contents of ‘data’ directory ... OK
- checking data for non-ASCII characters ... OK
- checking LazyData ... OK
- checking data for ASCII and uncompressed saves ... OK
- checking examples ... [13s/20s] OK
- checking for unstated dependencies in ‘tests’ ... OK
- checking tests ... [16s/23s] ERROR
  Running ‘spelling.R’
  Running ‘testthat.R’ [15s/21s]
Running the tests in ‘tests/testthat.R’ failed.
Complete output:
  > library(testthat)
  > library(applicable)
  Loading required package: ggplot2
  > 
  > test_check("applicable")
  Loading required package: dplyr
  
  Attaching package: 'dplyr'
  
  The following object is masked from 'package:testthat':
  
      matches
  
  The following objects are masked from 'package:stats':
  
      filter, lag
  
  The following objects are masked from 'package:base':
  
      intersect, setdiff, setequal, union
  
  
  Attaching package: 'recipes'
  
  The following object is masked from 'package:stats':
  
      step
  
  
  Attaching package: 'proxyC'
  
  The following object is masked from 'package:stats':
  
      dist
  
  The following objects are masked from 'package:base':
  
      crossprod, tcrossprod
  
  [ FAIL 3 | WARN 0 | SKIP 22 | PASS 90 ]
  
  ══ Skipped tests (22) ══════════════════════════════════════════════════════════
  • On CRAN (22): 'test-hat_values-fit.R:16:3', 'test-hat_values-fit.R:22:3',
    'test-hat_values-fit.R:112:3', 'test-hat_values-fit.R:124:3',
    'test-hat_values-score.R:2:3', 'test-hat_values-score.R:9:3',
    'test-hat_values-score.R:17:3', 'test-isolation-fit.R:38:3',
    'test-misc.R:3:3', 'test-pca-fit.R:22:3', 'test-pca-fit.R:28:3',
    'test-pca-score.R:2:3', 'test-pca-score.R:9:3', 'test-pca-score.R:17:3',
    'test-print.R:4:3', 'test-print.R:36:3', 'test-similarity.R:117:3',
    'test-similarity.R:128:3', 'test-similarity.R:147:3',
    'test-similarity.R:171:3', 'test-similarity.R:186:3',
    'test-similarity.R:202:3'
  
  ══ Failed tests ════════════════════════════════════════════════════════════════
  ── Failure ('test-plot.R:10:3'): output of autoplot.apd_pca is correct when no options are provided ──
  ad_plot$labels$y (`actual`) not equal to "percentile" (`expected`).
  
  `actual` is NULL
  `expected` is a character vector ('percentile')
  ── Failure ('test-plot.R:23:3'): output of autoplot.apd_pca is correct when options=matches are provided ──
  ad_plot$labels$y (`actual`) not equal to "percentile" (`expected`).
  
  `actual` is NULL
  `expected` is a character vector ('percentile')
  ── Failure ('test-plot.R:36:3'): output of autoplot.apd_pca is correct when options=distance are provided ──
  ad_plot$labels$y (`actual`) not equal to "percentile" (`expected`).
  
  `actual` is NULL
  `expected` is a character vector ('percentile')
  
  [ FAIL 3 | WARN 0 | SKIP 22 | PASS 90 ]
  Error: Test failures
  Execution halted
- checking PDF version of manual ... [7s/10s] OK
- checking HTML version of manual ... OK
- checking for non-standard things in the check directory ... OK
- checking for detritus in the temp directory ... OK
- DONE
Status: 1 ERROR