- using R Under development (unstable) (2025-10-17 r88928)
- using platform: x86_64-pc-linux-gnu
- R was compiled by
    gcc (GCC) 15.1.1 20250521 (Red Hat 15.1.1-2)
    GNU Fortran (GCC) 15.1.1 20250521 (Red Hat 15.1.1-2)
- running under: Fedora Linux 42 (Workstation Edition)
- using session charset: UTF-8
- using option ‘--no-stop-on-test-error’
- checking for file ‘anticlust/DESCRIPTION’ ... OK
- checking extension type ... Package
- this is package ‘anticlust’ version ‘0.8.10-1’
- package encoding: UTF-8
- checking package namespace information ... OK
- checking package dependencies ... INFO
Package suggested but not available for checking: ‘gurobi’
- checking if this is a source package ... OK
- checking if there is a namespace ... OK
- checking for executable files ... OK
- checking for hidden files and directories ... OK
- checking for portable file names ... OK
- checking for sufficient/correct file permissions ... OK
- checking whether package ‘anticlust’ can be installed ... [22s/30s] OK
See the install log for details.
- used C compiler: ‘gcc (GCC) 15.1.1 20250521 (Red Hat 15.1.1-2)’
- checking package directory ... OK
- checking ‘build’ directory ... OK
- checking DESCRIPTION meta-information ... OK
- checking top-level files ... OK
- checking for left-over files ... OK
- checking index information ... OK
- checking package subdirectories ... OK
- checking code files for non-ASCII characters ... OK
- checking R files for syntax errors ... OK
- checking whether the package can be loaded ... OK
- checking whether the package can be loaded with stated dependencies ... OK
- checking whether the package can be unloaded cleanly ... OK
- checking whether the namespace can be loaded with stated dependencies ... OK
- checking whether the namespace can be unloaded cleanly ... OK
- checking loading without being on the library search path ... OK
- checking use of S3 registration ... OK
- checking dependencies in R code ... OK
- checking S3 generic/method consistency ... OK
- checking replacement functions ... OK
- checking foreign function calls ... OK
- checking R code for possible problems ... [26s/37s] OK
- checking Rd files ... OK
- checking Rd metadata ... OK
- checking Rd line widths ... OK
- checking Rd cross-references ... OK
- checking for missing documentation entries ... OK
- checking for code/documentation mismatches ... OK
- checking Rd \usage sections ... OK
- checking Rd contents ... OK
- checking for unstated dependencies in examples ... OK
- checking contents of ‘data’ directory ... OK
- checking data for non-ASCII characters ... OK
- checking LazyData ... OK
- checking data for ASCII and uncompressed saves ... OK
- checking line endings in C/C++/Fortran sources/headers ... OK
- checking pragmas in C/C++ headers and code ... OK
- checking compilation flags used ... OK
- checking compiled code ... OK
- checking installed files from ‘inst/doc’ ... OK
- checking files in ‘vignettes’ ... OK
- checking examples ... [28s/33s] OK
- checking for unstated dependencies in ‘tests’ ... OK
- checking tests ... ERROR
  Running ‘tinytest.R’
Running the tests in ‘tests/tinytest.R’ failed.
Complete output:
  > 
  > if ( requireNamespace("tinytest", quietly=TRUE) ){
  +   library(tinytest)
  +   library(anticlust)
  +   tinytest::test_package("anticlust")
  + }
  
  test-2pml.R...................    0 tests    
  test-2pml.R...................    0 tests    
  test-2pml.R...................    0 tests    
  test-2pml.R...................    0 tests    
  test-2pml.R...................    0 tests    
  test-2pml.R...................    0 tests    
  test-2pml.R...................    1 tests  [0;32mOK [0m 
  test-2pml.R...................    2 tests  [0;32mOK [0m 
  test-2pml.R...................    3 tests  [0;32mOK [0m 
  test-2pml.R...................    4 tests  [0;32mOK [0m 
  test-2pml.R...................    4 tests  [0;32mOK [0m 
  test-2pml.R...................    4 tests  [0;32mOK [0m 
  test-2pml.R...................    5 tests  [0;32mOK [0m 
  test-2pml.R...................    5 tests  [0;32mOK [0m 
  test-2pml.R...................    6 tests  [0;32mOK [0m 
  test-2pml.R...................    7 tests  [0;32mOK [0m 
  test-2pml.R...................    7 tests  [0;32mOK [0m 
  test-2pml.R...................    7 tests  [0;32mOK [0m 
  test-2pml.R...................    8 tests  [0;32mOK [0m 
  test-2pml.R...................    9 tests  [0;32mOK [0m 
  test-2pml.R...................   10 tests  [0;32mOK [0m 
  test-2pml.R...................   10 tests  [0;32mOK [0m 
  test-2pml.R...................   10 tests  [0;32mOK [0m 
  test-2pml.R...................   10 tests  [0;32mOK [0m 
  test-2pml.R...................   11 tests  [0;32mOK [0m 
  test-2pml.R...................   12 tests  [0;32mOK [0m 
  test-2pml.R...................   13 tests  [0;32mOK [0m 
  test-2pml.R...................   13 tests  [0;32mOK [0m 
  test-2pml.R...................   13 tests  [0;32mOK [0m 
  test-2pml.R...................   13 tests  [0;32mOK [0m 
  test-2pml.R...................   13 tests  [0;32mOK [0m 
  test-2pml.R...................   13 tests  [0;32mOK [0m 
  test-2pml.R...................   14 tests  [0;32mOK [0m 
  test-2pml.R...................   15 tests  [0;32mOK [0m 
  test-2pml.R...................   15 tests  [0;32mOK [0m 
  test-2pml.R...................   15 tests  [0;32mOK [0m 
  test-2pml.R...................   15 tests  [0;32mOK [0m 
  test-2pml.R...................   15 tests  [0;32mOK [0m 
  test-2pml.R...................   15 tests  [0;32mOK [0m 
  test-2pml.R...................   16 tests  [0;32mOK [0m 
  test-2pml.R...................   17 tests  [0;32mOK [0m 
  test-2pml.R...................   17 tests  [0;32mOK [0m 
  test-2pml.R...................   17 tests  [0;32mOK [0m 
  test-2pml.R...................   17 tests  [0;32mOK [0m 
  test-2pml.R...................   17 tests  [0;32mOK [0m 
  test-2pml.R...................   17 tests  [0;32mOK [0m 
  test-2pml.R...................   18 tests  [0;32mOK [0m 
  test-2pml.R...................   18 tests  [0;32mOK [0m 
  test-2pml.R...................   18 tests  [0;32mOK [0m 
  test-2pml.R...................   18 tests  [0;32mOK [0m 
  test-2pml.R...................   18 tests  [0;32mOK [0m Error in init_must_link_groups(N, IDs_initial = must_link, IDs_reduced = dt$IDs,  : 
    The must-link constraints cannot be fulfilled! I really tried.
  Calls: <Anonymous> ... anticlustering -> must_link_anticlustering -> init_must_link_groups
  Execution halted
- checking for unstated dependencies in vignettes ... OK
- checking package vignettes ... OK
- checking re-building of vignette outputs ... [202s/296s] OK
- checking PDF version of manual ... [9s/15s] OK
- checking HTML version of manual ... OK
- checking for non-standard things in the check directory ... OK
- checking for detritus in the temp directory ... OK
- DONE
Status: 1 ERROR