- using R Under development (unstable) (2025-11-13 r89015)
- using platform: x86_64-pc-linux-gnu
- R was compiled by
gcc (GCC) 15.1.1 20250521 (Red Hat 15.1.1-2)
GNU Fortran (GCC) 15.1.1 20250521 (Red Hat 15.1.1-2)
- running under: Fedora Linux 42 (Workstation Edition)
- using session charset: UTF-8
- using option ‘--no-stop-on-test-error’
- checking for file ‘ZillowR/DESCRIPTION’ ... OK
- this is package ‘ZillowR’ version ‘1.0.0’
- package encoding: UTF-8
- checking package namespace information ... OK
- checking package dependencies ... OK
- checking if this is a source package ... OK
- checking if there is a namespace ... OK
- checking for executable files ... OK
- checking for hidden files and directories ... OK
- checking for portable file names ... OK
- checking for sufficient/correct file permissions ... OK
- checking whether package ‘ZillowR’ can be installed ... [6s/16s] OK
See the install log for details.
- checking package directory ... OK
- checking DESCRIPTION meta-information ... OK
- checking top-level files ... OK
- checking for left-over files ... OK
- checking index information ... OK
- checking package subdirectories ... OK
- checking code files for non-ASCII characters ... OK
- checking R files for syntax errors ... OK
- checking whether the package can be loaded ... OK
- checking whether the package can be loaded with stated dependencies ... OK
- checking whether the package can be unloaded cleanly ... OK
- checking whether the namespace can be loaded with stated dependencies ... OK
- checking whether the namespace can be unloaded cleanly ... OK
- checking loading without being on the library search path ... OK
- checking use of S3 registration ... OK
- checking dependencies in R code ... OK
- checking S3 generic/method consistency ... OK
- checking replacement functions ... OK
- checking foreign function calls ... OK
- checking R code for possible problems ... [8s/30s] OK
- checking Rd files ... OK
- checking Rd metadata ... OK
- checking Rd line widths ... OK
- checking Rd cross-references ... OK
- checking for missing documentation entries ... OK
- checking for code/documentation mismatches ... OK
- checking Rd \usage sections ... OK
- checking Rd contents ... OK
- checking for unstated dependencies in examples ... OK
- checking examples ... OK
- checking for unstated dependencies in ‘tests’ ... OK
- checking tests ... [6s/17s] ERROR
Running ‘spelling.R’
Running ‘testthat.R’ [5s/13s]
Running the tests in ‘tests/testthat.R’ failed.
Complete output:
> library(testthat)
> library(ZillowR)
>
> test_check("ZillowR")
Saving _problems/test-GetChart-11.R
Saving _problems/test-GetComps-11.R
Saving _problems/test-GetDeepComps-11.R
Saving _problems/test-GetDeepSearchResults-11.R
Saving _problems/test-GetMonthlyPayments-11.R
Saving _problems/test-GetRateSummary-11.R
Saving _problems/test-GetSearchResults-11.R
Saving _problems/test-GetUpdatedPropertyDetails-11.R
Saving _problems/test-GetZestimate-11.R
[ FAIL 9 | WARN 0 | SKIP 0 | PASS 125 ]
══ Failed tests ════════════════════════════════════════════════════════════════
── Error ('test-GetChart.R:7:5'): 'getURL' errors are handled gracefully ───────
<lifecycle_error_deprecated/defunctError/rlang_error/error/condition>
Error: `with_mock()` was deprecated in testthat 3.2.0 and is now defunct.
ℹ Please use `with_mocked_bindings()` instead.
Backtrace:
▆
1. └─testthat::with_mock(...) at test-GetChart.R:7:5
2. └─lifecycle::deprecate_stop("3.2.0", "with_mock()", "with_mocked_bindings()")
3. └─lifecycle:::deprecate_stop0(msg)
4. └─rlang::cnd_signal(...)
── Error ('test-GetComps.R:7:5'): 'getURL' errors are handled gracefully ───────
<lifecycle_error_deprecated/defunctError/rlang_error/error/condition>
Error: `with_mock()` was deprecated in testthat 3.2.0 and is now defunct.
ℹ Please use `with_mocked_bindings()` instead.
Backtrace:
▆
1. └─testthat::with_mock(...) at test-GetComps.R:7:5
2. └─lifecycle::deprecate_stop("3.2.0", "with_mock()", "with_mocked_bindings()")
3. └─lifecycle:::deprecate_stop0(msg)
4. └─rlang::cnd_signal(...)
── Error ('test-GetDeepComps.R:7:5'): 'getURL' errors are handled gracefully ───
<lifecycle_error_deprecated/defunctError/rlang_error/error/condition>
Error: `with_mock()` was deprecated in testthat 3.2.0 and is now defunct.
ℹ Please use `with_mocked_bindings()` instead.
Backtrace:
▆
1. └─testthat::with_mock(...) at test-GetDeepComps.R:7:5
2. └─lifecycle::deprecate_stop("3.2.0", "with_mock()", "with_mocked_bindings()")
3. └─lifecycle:::deprecate_stop0(msg)
4. └─rlang::cnd_signal(...)
── Error ('test-GetDeepSearchResults.R:7:5'): 'getURL' errors are handled gracefully ──
<lifecycle_error_deprecated/defunctError/rlang_error/error/condition>
Error: `with_mock()` was deprecated in testthat 3.2.0 and is now defunct.
ℹ Please use `with_mocked_bindings()` instead.
Backtrace:
▆
1. └─testthat::with_mock(...) at test-GetDeepSearchResults.R:7:5
2. └─lifecycle::deprecate_stop("3.2.0", "with_mock()", "with_mocked_bindings()")
3. └─lifecycle:::deprecate_stop0(msg)
4. └─rlang::cnd_signal(...)
── Error ('test-GetMonthlyPayments.R:7:5'): 'getURL' errors are handled gracefully ──
<lifecycle_error_deprecated/defunctError/rlang_error/error/condition>
Error: `with_mock()` was deprecated in testthat 3.2.0 and is now defunct.
ℹ Please use `with_mocked_bindings()` instead.
Backtrace:
▆
1. └─testthat::with_mock(...) at test-GetMonthlyPayments.R:7:5
2. └─lifecycle::deprecate_stop("3.2.0", "with_mock()", "with_mocked_bindings()")
3. └─lifecycle:::deprecate_stop0(msg)
4. └─rlang::cnd_signal(...)
── Error ('test-GetRateSummary.R:7:5'): 'getURL' errors are handled gracefully ──
<lifecycle_error_deprecated/defunctError/rlang_error/error/condition>
Error: `with_mock()` was deprecated in testthat 3.2.0 and is now defunct.
ℹ Please use `with_mocked_bindings()` instead.
Backtrace:
▆
1. └─testthat::with_mock(...) at test-GetRateSummary.R:7:5
2. └─lifecycle::deprecate_stop("3.2.0", "with_mock()", "with_mocked_bindings()")
3. └─lifecycle:::deprecate_stop0(msg)
4. └─rlang::cnd_signal(...)
── Error ('test-GetSearchResults.R:7:5'): 'getURL' errors are handled gracefully ──
<lifecycle_error_deprecated/defunctError/rlang_error/error/condition>
Error: `with_mock()` was deprecated in testthat 3.2.0 and is now defunct.
ℹ Please use `with_mocked_bindings()` instead.
Backtrace:
▆
1. └─testthat::with_mock(...) at test-GetSearchResults.R:7:5
2. └─lifecycle::deprecate_stop("3.2.0", "with_mock()", "with_mocked_bindings()")
3. └─lifecycle:::deprecate_stop0(msg)
4. └─rlang::cnd_signal(...)
── Error ('test-GetUpdatedPropertyDetails.R:7:5'): 'getURL' errors are handled gracefully ──
<lifecycle_error_deprecated/defunctError/rlang_error/error/condition>
Error: `with_mock()` was deprecated in testthat 3.2.0 and is now defunct.
ℹ Please use `with_mocked_bindings()` instead.
Backtrace:
▆
1. └─testthat::with_mock(...) at test-GetUpdatedPropertyDetails.R:7:5
2. └─lifecycle::deprecate_stop("3.2.0", "with_mock()", "with_mocked_bindings()")
3. └─lifecycle:::deprecate_stop0(msg)
4. └─rlang::cnd_signal(...)
── Error ('test-GetZestimate.R:7:5'): 'getURL' errors are handled gracefully ───
<lifecycle_error_deprecated/defunctError/rlang_error/error/condition>
Error: `with_mock()` was deprecated in testthat 3.2.0 and is now defunct.
ℹ Please use `with_mocked_bindings()` instead.
Backtrace:
▆
1. └─testthat::with_mock(...) at test-GetZestimate.R:7:5
2. └─lifecycle::deprecate_stop("3.2.0", "with_mock()", "with_mocked_bindings()")
3. └─lifecycle:::deprecate_stop0(msg)
4. └─rlang::cnd_signal(...)
[ FAIL 9 | WARN 0 | SKIP 0 | PASS 125 ]
Error:
! Test failures.
Execution halted
- checking PDF version of manual ... [9s/35s] OK
- checking HTML version of manual ... OK
- checking for non-standard things in the check directory ... OK
- checking for detritus in the temp directory ... OK
- DONE
Status: 1 ERROR