- using R Under development (unstable) (2025-11-13 r89015)
- using platform: x86_64-pc-linux-gnu
- R was compiled by
gcc (GCC) 15.1.1 20250521 (Red Hat 15.1.1-2)
GNU Fortran (GCC) 15.1.1 20250521 (Red Hat 15.1.1-2)
- running under: Fedora Linux 42 (Workstation Edition)
- using session charset: UTF-8
- using option ‘--no-stop-on-test-error’
- checking for file ‘IMEC/DESCRIPTION’ ... OK
- this is package ‘IMEC’ version ‘0.2.0’
- package encoding: UTF-8
- checking package namespace information ... OK
- checking package dependencies ... OK
- checking if this is a source package ... OK
- checking if there is a namespace ... OK
- checking for executable files ... OK
- checking for hidden files and directories ... OK
- checking for portable file names ... OK
- checking for sufficient/correct file permissions ... OK
- checking whether package ‘IMEC’ can be installed ... OK
See the install log for details.
- checking package directory ... OK
- checking DESCRIPTION meta-information ... OK
- checking top-level files ... OK
- checking for left-over files ... OK
- checking index information ... OK
- checking package subdirectories ... OK
- checking code files for non-ASCII characters ... OK
- checking R files for syntax errors ... OK
- checking whether the package can be loaded ... OK
- checking whether the package can be loaded with stated dependencies ... OK
- checking whether the package can be unloaded cleanly ... OK
- checking whether the namespace can be loaded with stated dependencies ... OK
- checking whether the namespace can be unloaded cleanly ... OK
- checking loading without being on the library search path ... OK
- checking use of S3 registration ... OK
- checking dependencies in R code ... OK
- checking S3 generic/method consistency ... OK
- checking replacement functions ... OK
- checking foreign function calls ... OK
- checking R code for possible problems ... [4s/11s] OK
- checking Rd files ... OK
- checking Rd metadata ... OK
- checking Rd line widths ... OK
- checking Rd cross-references ... OK
- checking for missing documentation entries ... OK
- checking for code/documentation mismatches ... OK
- checking Rd \usage sections ... OK
- checking Rd contents ... OK
- checking for unstated dependencies in examples ... OK
- checking LazyData ... INFO
'LazyData' is specified without a 'data' directory
- checking examples ... [11s/32s] OK
- checking for unstated dependencies in ‘tests’ ... OK
- checking tests ... [47s/129s] ERROR
Running ‘testthat.R’ [47s/127s]
Running the tests in ‘tests/testthat.R’ failed.
Complete output:
> library(testthat)
> library(IMEC)
>
> test_check("IMEC")
[1] "The used edge weight is 0.333333333333333"
[1] "The used edge weight is 0.5"
[1] "The used edge weight is 0.333333333333333"
[1] "The used edge weight is 0.5"
[1] "The used edge weight is 0.333333333333333"
[1] "The used edge weight is 0.5"
[1] "The used edge weight is 0.5"
[1] "The used edge weight is 0.333333333333333"
[1] "The used edge weight is 0.333333333333333"
[1] "The used edge weight is 0.5"
[1] "The used edge weight is -4"
[1] "The used edge weight is -4"
Press [enter] to continue
Saving _problems/test-0-basictests-29.R
[1] "The used edge weight is 0.333333333333333"
[1] "The used edge weight is 0.5"
[1] "The used edge weight is 0.333333333333333"
[1] "The used edge weight is 0.5"
[1] "The used edge weight is 0.333333333333333"
[1] "The used edge weight is 0.5"
[1] "The used edge weight is 0.5"
[1] "The used edge weight is -4"
[1] "The used edge weight is -4"
Press [enter] to continue
Saving _problems/test-0-basictests-60.R
[1] "The used edge weight is 0.333333333333333"
[1] "The used edge weight is 0.5"
[1] "The used edge weight is 0.333333333333333"
[1] "The used edge weight is 0.5"
[1] "The used edge weight is 0.333333333333333"
[1] "The used edge weight is 0.5"
[1] "The used edge weight is 0.5"
[1] "The used edge weight is 0.333333333333333"
[1] "The used edge weight is 0.333333333333333"
[1] "The used edge weight is 0.5"
[1] "The used edge weight is -4"
[1] "The used edge weight is -4"
[ FAIL 2 | WARN 2 | SKIP 1 | PASS 2 ]
══ Skipped tests (1) ═══════════════════════════════════════════════════════════
• On CRAN (1): 'test-0-basictests.R:105:1'
══ Failed tests ════════════════════════════════════════════════════════════════
── Error ('test-0-basictests.R:29:3'): analytic way of calculating coherence works ──
Error in `expect(0 < mean(IMEC$ExplanatoryCoherenceT1[[2]]))`: `failure_message` must be a character vector, not absent.
Backtrace:
▆
1. └─testthat::expect(failure_message = <empty>) at test-0-basictests.R:29:3
2. └─testthat:::check_character(failure_message)
3. └─testthat:::stop_input_type(...)
4. └─rlang::abort(message, ..., call = call, arg = arg)
── Error ('test-0-basictests.R:60:3'): analytic way of calculating coherence works for 1 theory ──
Error in `expect(0 < mean(IMEC$ExplanatoryCoherenceT1[[2]]))`: `failure_message` must be a character vector, not absent.
Backtrace:
▆
1. └─testthat::expect(failure_message = <empty>) at test-0-basictests.R:60:3
2. └─testthat:::check_character(failure_message)
3. └─testthat:::stop_input_type(...)
4. └─rlang::abort(message, ..., call = call, arg = arg)
[ FAIL 2 | WARN 2 | SKIP 1 | PASS 2 ]
Error:
! Test failures.
Execution halted
- checking PDF version of manual ... [7s/21s] OK
- checking HTML version of manual ... OK
- checking for non-standard things in the check directory ... OK
- checking for detritus in the temp directory ... OK
- DONE
Status: 1 ERROR