- using R Under development (unstable) (2025-07-21 r88439)
- using platform: x86_64-pc-linux-gnu
- R was compiled by
gcc (GCC) 15.1.1 20250521 (Red Hat 15.1.1-2)
GNU Fortran (GCC) 15.1.1 20250521 (Red Hat 15.1.1-2)
- running under: Fedora Linux 42 (Workstation Edition)
- using session charset: UTF-8
- using option ‘--no-stop-on-test-error’
- checking for file ‘CIDER/DESCRIPTION’ ... OK
- checking extension type ... Package
- this is package ‘CIDER’ version ‘0.99.4’
- package encoding: UTF-8
- checking package namespace information ... OK
- checking package dependencies ... OK
- checking if this is a source package ... OK
- checking if there is a namespace ... OK
- checking for executable files ... OK
- checking for hidden files and directories ... OK
- checking for portable file names ... OK
- checking for sufficient/correct file permissions ... OK
- checking whether package ‘CIDER’ can be installed ... [48s/123s] OK
See the install log for details.
- checking package directory ... OK
- checking ‘build’ directory ... OK
- checking DESCRIPTION meta-information ... OK
- checking top-level files ... OK
- checking for left-over files ... OK
- checking index information ... OK
- checking package subdirectories ... OK
- checking code files for non-ASCII characters ... OK
- checking R files for syntax errors ... OK
- checking whether the package can be loaded ... [14s/39s] OK
- checking whether the package can be loaded with stated dependencies ... [12s/28s] OK
- checking whether the package can be unloaded cleanly ... [12s/27s] OK
- checking whether the namespace can be loaded with stated dependencies ... [12s/28s] OK
- checking whether the namespace can be unloaded cleanly ... [13s/32s] OK
- checking loading without being on the library search path ... [14s/32s] OK
- checking use of S3 registration ... OK
- checking dependencies in R code ... OK
- checking S3 generic/method consistency ... OK
- checking replacement functions ... OK
- checking foreign function calls ... OK
- checking R code for possible problems ... [61s/158s] OK
- checking Rd files ... OK
- checking Rd metadata ... OK
- checking Rd line widths ... OK
- checking Rd cross-references ... OK
- checking for missing documentation entries ... OK
- checking for code/documentation mismatches ... OK
- checking Rd \usage sections ... OK
- checking Rd contents ... OK
- checking for unstated dependencies in examples ... OK
- checking contents of ‘data’ directory ... OK
- checking data for non-ASCII characters ... OK
- checking LazyData ... OK
- checking data for ASCII and uncompressed saves ... OK
- checking installed files from ‘inst/doc’ ... OK
- checking files in ‘vignettes’ ... OK
- checking examples ... [15s/36s] OK
- checking for unstated dependencies in vignettes ... OK
- checking package vignettes ... OK
- checking re-building of vignette outputs ... [46s/121s] ERROR
Error(s) in re-building vignettes:
--- re-building ‘asCIDER.Rmd’ using rmarkdown
trying URL 'https://figshare.com/ndownloader/files/31469387'
Quitting from asCIDER.Rmd:45-54 [unnamed-chunk-2]
~~~~~~~~~~~~~~~~~~~~~~~~~~~~~~~~~~~~~~~~~~~~~~~~~~~~~~~~~~~~~~~~~~~~~~~~~~~~~~~~
<error/rlang_error>
Error in `download.file()`:
! cannot open URL 'https://figshare.com/ndownloader/files/31469387'
---
Backtrace:
▆
1. └─utils::download.file(data_url, destfile = data_file, mode = "wb")
~~~~~~~~~~~~~~~~~~~~~~~~~~~~~~~~~~~~~~~~~~~~~~~~~~~~~~~~~~~~~~~~~~~~~~~~~~~~~~~~
Error: processing vignette 'asCIDER.Rmd' failed with diagnostics:
cannot open URL 'https://figshare.com/ndownloader/files/31469387'
--- failed re-building ‘asCIDER.Rmd’
--- re-building ‘evaluation.Rmd’ using rmarkdown
trying URL 'https://figshare.com/ndownloader/files/52116197'
Quitting from evaluation.Rmd:56-67 [unnamed-chunk-2]
~~~~~~~~~~~~~~~~~~~~~~~~~~~~~~~~~~~~~~~~~~~~~~~~~~~~~~~~~~~~~~~~~~~~~~~~~~~~~~~~
<error/rlang_error>
Error in `download.file()`:
! cannot open URL 'https://figshare.com/ndownloader/files/52116197'
---
Backtrace:
▆
1. └─utils::download.file(data_url, destfile = data_file, mode = "wb")
~~~~~~~~~~~~~~~~~~~~~~~~~~~~~~~~~~~~~~~~~~~~~~~~~~~~~~~~~~~~~~~~~~~~~~~~~~~~~~~~
Error: processing vignette 'evaluation.Rmd' failed with diagnostics:
cannot open URL 'https://figshare.com/ndownloader/files/52116197'
--- failed re-building ‘evaluation.Rmd’
SUMMARY: processing the following files failed:
‘asCIDER.Rmd’ ‘evaluation.Rmd’
Error: Vignette re-building failed.
Execution halted
- checking PDF version of manual ... [7s/21s] OK
- checking HTML version of manual ... OK
- checking for non-standard things in the check directory ... OK
- checking for detritus in the temp directory ... OK
- DONE
Status: 1 ERROR