- using R Under development (unstable) (2025-10-22 r88968)
 
- using platform: x86_64-pc-linux-gnu
 
- R was compiled by
    clang version 21.1.4
    flang version 21.1.4
 
- running under: Fedora Linux 42 (Workstation Edition)
 
- using session charset: UTF-8
 
- using option ‘--no-stop-on-test-error’
 
- checking for file ‘worldbank/DESCRIPTION’ ... OK
 
- this is package ‘worldbank’ version ‘0.6.1’
 
- package encoding: UTF-8
 
- checking package namespace information ... OK
 
- checking package dependencies ... OK
 
- checking if this is a source package ... OK
 
- checking if there is a namespace ... OK
 
- checking for executable files ... OK
 
- checking for hidden files and directories ... OK
 
- checking for portable file names ... OK
 
- checking for sufficient/correct file permissions ... OK
 
- checking whether package ‘worldbank’ can be installed ... OK
See the install log for details.
 
- checking installed package size ... OK
 
- checking package directory ... OK
 
- checking DESCRIPTION meta-information ... OK
 
- checking top-level files ... OK
 
- checking for left-over files ... OK
 
- checking index information ... OK
 
- checking package subdirectories ... OK
 
- checking code files for non-ASCII characters ... OK
 
- checking R files for syntax errors ... OK
 
- checking whether the package can be loaded ... OK
 
- checking whether the package can be loaded with stated dependencies ... OK
 
- checking whether the package can be unloaded cleanly ... OK
 
- checking whether the namespace can be loaded with stated dependencies ... OK
 
- checking whether the namespace can be unloaded cleanly ... OK
 
- checking loading without being on the library search path ... OK
 
- checking use of S3 registration ... OK
 
- checking dependencies in R code ... OK
 
- checking S3 generic/method consistency ... OK
 
- checking replacement functions ... OK
 
- checking foreign function calls ... OK
 
- checking R code for possible problems ... [9s/11s] OK
 
- checking Rd files ... OK
 
- checking Rd metadata ... OK
 
- checking Rd line widths ... OK
 
- checking Rd cross-references ... OK
 
- checking for missing documentation entries ... OK
 
- checking for code/documentation mismatches ... OK
 
- checking Rd \usage sections ... OK
 
- checking Rd contents ... OK
 
- checking for unstated dependencies in examples ... OK
 
- checking examples ... ERROR
Running examples in ‘worldbank-Ex.R’ failed
The error most likely occurred in:
> ### Name: wb_source
> ### Title: World Bank source data
> ### Aliases: wb_source
> 
> ### ** Examples
> 
> wb_source()
Error in `req_perform()`:
! HTTP 400 Bad Request.
Backtrace:
     ▆
  1. └─worldbank::wb_source()
  2.   └─worldbank:::worldbank(resource = resource, lang = lang)
  3.     ├─httr2::resp_body_json(...)
  4.     │ └─httr2:::check_response(resp)
  5.     │   └─httr2:::is_response(resp)
  6.     └─httr2::req_perform(...)
  7.       └─httr2:::handle_resp(req, resp, error_call = error_call)
  8.         └─httr2:::resp_failure_cnd(req, resp, error_call = error_call)
  9.           ├─rlang::catch_cnd(...)
 10.           │ ├─rlang::eval_bare(...)
 11.           │ ├─base::tryCatch(...)
 12.           │ │ └─base (local) tryCatchList(expr, classes, parentenv, handlers)
 13.           │ │   └─base (local) tryCatchOne(expr, names, parentenv, handlers[[1L]])
 14.           │ │     └─base (local) doTryCatch(return(expr), name, parentenv, handler)
 15.           │ └─base::force(expr)
 16.           └─rlang::abort(...)
Execution halted
 
- checking for unstated dependencies in ‘tests’ ... OK
 
- checking tests ... OK
  Running ‘testthat.R’
 
- checking PDF version of manual ... [8s/11s] OK
 
- checking HTML version of manual ... OK
 
- checking for non-standard things in the check directory ... OK
 
- checking for detritus in the temp directory ... OK
 
- DONE
 
Status: 1 ERROR