- using R Under development (unstable) (2023-01-18 r83635)
- using platform: x86_64-pc-linux-gnu (64-bit)
- R was compiled by
clang version 15.0.7
GNU Fortran (GCC) 12.2.1 20221121 (Red Hat 12.2.1-4)
- running under: Fedora Linux 36 (Workstation Edition)
- using session charset: UTF-8
- using option ‘--no-stop-on-test-error’
- checking for file ‘tswge/DESCRIPTION’ ... OK
- checking extension type ... Package
- this is package ‘tswge’ version ‘2.0.0’
- checking package namespace information ... OK
- checking package dependencies ... OK
- checking if this is a source package ... OK
- checking if there is a namespace ... OK
- checking for executable files ... OK
- checking for hidden files and directories ... OK
- checking for portable file names ... OK
- checking for sufficient/correct file permissions ... OK
- checking whether package ‘tswge’ can be installed ... [34s/77s] OK
- checking installed package size ... OK
- checking package directory ... OK
- checking DESCRIPTION meta-information ... OK
- checking top-level files ... OK
- checking for left-over files ... OK
- checking index information ... OK
- checking package subdirectories ... OK
- checking R files for non-ASCII characters ... OK
- checking R files for syntax errors ... OK
- checking whether the package can be loaded ... [6s/13s] OK
- checking whether the package can be loaded with stated dependencies ... [5s/12s] OK
- checking whether the package can be unloaded cleanly ... [5s/11s] OK
- checking whether the namespace can be loaded with stated dependencies ... [5s/12s] OK
- checking whether the namespace can be unloaded cleanly ... [6s/14s] OK
- checking loading without being on the library search path ... [6s/15s] OK
- checking use of S3 registration ... OK
- checking dependencies in R code ... WARNING
Missing or unexported objects:
‘astsa::Ksmooth0’ ‘astsa::Ksmooth1’
- checking S3 generic/method consistency ... OK
- checking replacement functions ... OK
- checking foreign function calls ... OK
- checking R code for possible problems ... [58s/107s] OK
- checking Rd files ... OK
- checking Rd metadata ... OK
- checking Rd line widths ... OK
- checking Rd cross-references ... OK
- checking for missing documentation entries ... OK
- checking for code/documentation mismatches ... OK
- checking Rd \usage sections ... OK
- checking Rd contents ... OK
- checking for unstated dependencies in examples ... OK
- checking contents of ‘data’ directory ... OK
- checking data for non-ASCII characters ... OK
- checking LazyData ... OK
- checking data for ASCII and uncompressed saves ... OK
- checking examples ... [23s/32s] ERROR
Running examples in ‘tswge-Ex.R’ failed
The error most likely occurred in:
> ### Name: kalman.miss.wge
> ### Title: Kalman filter for simple signal plus noise model with missing
> ### data
> ### Aliases: kalman.miss.wge
> ### Keywords: Kalman filter predicting filtering smoothing missing
>
> ### ** Examples
>
> data(table10.1.signal)
> data(table10.1.noise)
> spn=table10.1.signal+table10.1.noise
> n=75
> Gtmiss=array(1,dim=c(1,1,n))
> Gtmiss[1,1,2]=0
> Gtmiss[1,1,5]=0
> kalman.miss.wge(y=spn,start=0,gam0=1,F=.9,gamV=1,Gtmiss,gamW=.75)
Error: 'Ksmooth1' is not an exported object from 'namespace:astsa'
Execution halted
- checking PDF version of manual ... [14s/21s] OK
- checking HTML version of manual ... [7s/16s] OK
- checking for non-standard things in the check directory ... OK
- checking for detritus in the temp directory ... OK
- DONE
Status: 1 ERROR, 1 WARNING