- using R Under development (unstable) (2025-10-13 r88918)
- using platform: x86_64-pc-linux-gnu
- R was compiled by
clang version 21.1.2
flang version 21.1.2
- running under: Fedora Linux 42 (Workstation Edition)
- using session charset: UTF-8
- using option ‘--no-stop-on-test-error’
- checking for file ‘tradeoffaucdim/DESCRIPTION’ ... OK
- checking extension type ... Package
- this is package ‘tradeoffaucdim’ version ‘0.1.0’
- package encoding: UTF-8
- checking package namespace information ... OK
- checking package dependencies ... OK
- checking if this is a source package ... OK
- checking if there is a namespace ... OK
- checking for executable files ... OK
- checking for hidden files and directories ... OK
- checking for portable file names ... OK
- checking for sufficient/correct file permissions ... OK
- checking whether package ‘tradeoffaucdim’ can be installed ... [25s/91s] OK
See the install log for details.
- checking installed package size ... OK
- checking package directory ... OK
- checking DESCRIPTION meta-information ... OK
- checking top-level files ... OK
- checking for left-over files ... OK
- checking index information ... OK
- checking package subdirectories ... OK
- checking code files for non-ASCII characters ... OK
- checking R files for syntax errors ... OK
- checking whether the package can be loaded ... OK
- checking whether the package can be loaded with stated dependencies ... OK
- checking whether the package can be unloaded cleanly ... OK
- checking whether the namespace can be loaded with stated dependencies ... OK
- checking whether the namespace can be unloaded cleanly ... OK
- checking loading without being on the library search path ... [2s/13s] OK
- checking use of S3 registration ... OK
- checking dependencies in R code ... NOTE
Namespace in Imports field not imported from: ‘speedglm’
All declared Imports should be used.
- checking S3 generic/method consistency ... OK
- checking replacement functions ... OK
- checking foreign function calls ... OK
- checking R code for possible problems ... [11s/57s] OK
- checking Rd files ... OK
- checking Rd metadata ... OK
- checking Rd line widths ... OK
- checking Rd cross-references ... OK
- checking for missing documentation entries ... OK
- checking for code/documentation mismatches ... OK
- checking Rd \usage sections ... OK
- checking Rd contents ... OK
- checking for unstated dependencies in examples ... OK
- checking contents of ‘data’ directory ... OK
- checking data for non-ASCII characters ... [16s/49s] OK
- checking LazyData ... OK
- checking data for ASCII and uncompressed saves ... OK
- checking examples ... [35s/79s] OK
- checking for unstated dependencies in ‘tests’ ... OK
- checking tests ... [98s/214s] ERROR
Running ‘spelling.R’
Running ‘testthat.R’ [97s/212s]
Running the tests in ‘tests/testthat.R’ failed.
Complete output:
> # This file is part of the standard setup for testthat.
> # It is recommended that you do not modify it.
> #
> # Where should you do additional test configuration?
> # Learn more about the roles of various files in:
> # * https://r-pkgs.org/testing-design.html#sec-tests-files-overview
> # * https://testthat.r-lib.org/articles/special-files.html
>
> library(testthat)
> library(tradeoffaucdim)
Loading required package: SuperLearner
Loading required package: nnls
Loading required package: gam
Loading required package: splines
Loading required package: foreach
Loaded gam 1.22-6
Super Learner
Version: 2.0-29
Package created on 2024-02-06
>
> test_check("tradeoffaucdim" )
fitting model SL.glm ==>---------------------------- 6% | ETA: 1m
fitting model SL.glm ===>--------------------------- 10% | ETA: 1m
fitting model SL.glm ====>-------------------------- 15% | ETA: 1m
fitting model SL.glm ======>------------------------ 19% | ETA: 1m
fitting model SL.glm =======>----------------------- 24% | ETA: 50s
fitting model SL.glm =========>--------------------- 30% | ETA: 44s
fitting model SL.glm ===========>------------------- 35% | ETA: 40s
fitting model SL.glm ============>------------------ 40% | ETA: 37s
fitting model SL.glm =============>----------------- 43% | ETA: 36s
fitting model SL.glm ==============>---------------- 46% | ETA: 36s
fitting model SL.glm ===============>--------------- 49% | ETA: 35s
fitting model SL.glm ================>-------------- 54% | ETA: 32s
fitting model SL.glm =================>------------- 56% | ETA: 31s
fitting model SL.glm ==================>------------ 61% | ETA: 27s
fitting model SL.glm ====================>---------- 67% | ETA: 23s
fitting model SL.glm =====================>--------- 71% | ETA: 20s
fitting model SL.glm =======================>------- 76% | ETA: 16s
fitting model SL.glm ========================>------ 81% | ETA: 13s
fitting model SL.glm =========================>----- 84% | ETA: 11s
fitting model SL.glm =========================>----- 84% | ETA: 11s
fitting model SL.glm ==========================>---- 86% | ETA: 10s
fitting model SL.glm ===========================>--- 90% | ETA: 8s
fitting model SL.glm ===========================>--- 90% | ETA: 8s
fitting model SL.glm ============================>-- 93% | ETA: 6s
fitting model SL.glm =============================>- 96% | ETA: 3s
fitting model SL.glm ==============================> 99% | ETA: 1s
[ FAIL 2 | WARN 0 | SKIP 0 | PASS 38 ]
══ Failed tests ════════════════════════════════════════════════════════════════
── Failure ('test-05-plot_curve.R:11:3'): output ───────────────────────────────
plot_curve(obj4)$plot_performance has type 'object', not 'list'.
── Failure ('test-05-plot_curve.R:12:3'): output ───────────────────────────────
plot_curve(obj4)$plot_time has type 'object', not 'list'.
[ FAIL 2 | WARN 0 | SKIP 0 | PASS 38 ]
Error: Test failures
Execution halted
- checking PDF version of manual ... [7s/14s] OK
- checking HTML version of manual ... OK
- checking for non-standard things in the check directory ... OK
- checking for detritus in the temp directory ... OK
- DONE
Status: 1 ERROR, 1 NOTE