- using R Under development (unstable) (2025-11-14 r89021)
- using platform: x86_64-pc-linux-gnu
- R was compiled by
clang version 21.1.5
flang version 21.1.5
- running under: Fedora Linux 42 (Workstation Edition)
- using session charset: UTF-8
- using option ‘--no-stop-on-test-error’
- checking for file ‘rsconnect/DESCRIPTION’ ... OK
- checking extension type ... Package
- this is package ‘rsconnect’ version ‘1.6.1’
- package encoding: UTF-8
- checking package namespace information ... OK
- checking package dependencies ... OK
- checking if this is a source package ... OK
- checking if there is a namespace ... OK
- checking for executable files ... OK
- checking for hidden files and directories ... OK
- checking for portable file names ... OK
- checking for sufficient/correct file permissions ... OK
- checking whether package ‘rsconnect’ can be installed ... [15s/18s] OK
See the install log for details.
- checking installed package size ... OK
- checking package directory ... OK
- checking ‘build’ directory ... OK
- checking DESCRIPTION meta-information ... OK
- checking top-level files ... OK
- checking for left-over files ... OK
- checking index information ... OK
- checking package subdirectories ... OK
- checking code files for non-ASCII characters ... OK
- checking R files for syntax errors ... OK
- checking whether the package can be loaded ... OK
- checking whether the package can be loaded with stated dependencies ... OK
- checking whether the package can be unloaded cleanly ... OK
- checking whether the namespace can be loaded with stated dependencies ... OK
- checking whether the namespace can be unloaded cleanly ... OK
- checking loading without being on the library search path ... OK
- checking whether startup messages can be suppressed ... OK
- checking use of S3 registration ... OK
- checking dependencies in R code ... OK
- checking S3 generic/method consistency ... OK
- checking replacement functions ... OK
- checking foreign function calls ... OK
- checking R code for possible problems ... [33s/41s] OK
- checking Rd files ... OK
- checking Rd metadata ... OK
- checking Rd line widths ... OK
- checking Rd cross-references ... OK
- checking for missing documentation entries ... OK
- checking for code/documentation mismatches ... OK
- checking Rd \usage sections ... OK
- checking Rd contents ... OK
- checking for unstated dependencies in examples ... OK
- checking installed files from ‘inst/doc’ ... OK
- checking files in ‘vignettes’ ... OK
- checking examples ... OK
- checking for unstated dependencies in ‘tests’ ... OK
- checking tests ... [80s/58s] ERROR
Running ‘testthat.R’ [79s/57s]
Running the tests in ‘tests/testthat.R’ failed.
Complete output:
> library(testthat)
> library(rsconnect)
>
> test_check("rsconnect")
Starting 2 test processes.
> test-client-connectCloud.R: i Done.
> test-client-connectCloud.R: i Done.
> test-deploymentTarget.R: Discovered a previously deployed app named "remotename"
> test-deploymentTarget.R: (View it at <app-url>)
> test-deploymentTarget.R: What do you want to do?
> test-deploymentTarget.R: 1: Update the existing app.
> test-deploymentTarget.R: 2: Create a new app with automatically generated name ("my_app-1").
> test-deploymentTarget.R: 3: Abort this deployment and supply a custom `appName`.
> test-deploymentTarget.R: Selection: 1
Saving _problems/test-http-77.R
[ FAIL 1 | WARN 0 | SKIP 134 | PASS 675 ]
══ Skipped tests (134) ═════════════════════════════════════════════════════════
• On CRAN (131): 'test-accounts.R:24:1', 'test-accounts.R:37:1',
'test-appDependencies.R:2:3', 'test-appDependencies.R:13:3',
'test-appDependencies.R:66:3', 'test-appDependencies.R:84:3',
'test-appMetadata-quarto.R:12:3', 'test-appMetadata-quarto.R:25:3',
'test-appMetadata-quarto.R:59:1', 'test-appMetadata-quarto.R:67:3',
'test-appMetadata-quarto.R:76:3', 'test-appMetadata-quarto.R:85:3',
'test-appMetadata-quarto.R:96:3', 'test-appMetadata-quarto.R:116:3',
'test-appMetadata-quarto.R:144:3', 'test-appMetadata-quarto.R:166:3',
'test-account-find.R:1:1', 'test-account-find.R:8:1',
'test-account-find.R:13:1', 'test-account-find.R:25:1',
'test-account-find.R:40:1', 'test-applications.R:21:1', 'test-bundle.R:2:3',
'test-bundle.R:13:3', 'test-bundle.R:28:3', 'test-bundle.R:40:3',
'test-bundle.R:54:3', 'test-bundle.R:68:3', 'test-bundle.R:82:3',
'test-bundle.R:105:3', 'test-bundle.R:128:3', 'test-bundle.R:146:3',
'test-bundle.R:207:1', 'test-appMetadata.R:4:3', 'test-appMetadata.R:20:3',
'test-appMetadata.R:28:3', 'test-appMetadata.R:71:3',
'test-appMetadata.R:81:3', 'test-appMetadata.R:92:3',
'test-appMetadata.R:388:1', 'test-bundleFiles.R:3:1',
'test-bundleFiles.R:12:1', 'test-bundleFiles.R:20:1',
'test-bundleFiles.R:54:1', 'test-bundleFiles.R:231:1',
'test-bundleFiles.R:283:1', 'test-bundleFiles.R:310:1',
'test-bundlePackage.R:1:1', 'test-bundlePackage.R:18:1',
'test-bundlePackage.R:36:1', 'test-bundlePackage.R:54:1',
'test-bundlePackage.R:74:1', 'test-bundlePackage.R:97:1',
'test-bundlePackagePackrat.R:15:1', 'test-bundlePackagePackrat.R:45:3',
'test-bundlePython.R:2:3', 'test-bundlePython.R:25:3',
'test-bundlePython.R:40:3', 'test-bundlePython.R:52:3',
'test-bundlePython.R:63:3', 'test-bundlePackageRenv.R:4:3',
'test-bundlePackageRenv.R:11:3', 'test-bundlePackageRenv.R:20:3',
'test-bundlePackageRenv.R:36:3', 'test-bundlePackageRenv.R:46:3',
'test-bundlePackageRenv.R:85:3', 'test-bundlePackageRenv.R:120:1',
'test-client-connect.R:1:1', 'test-client-connect.R:14:1',
'test-client-connect.R:24:1', 'test-client-connect.R:35:1',
'test-cookies.R:90:1', 'test-deployApp.R:1:1', 'test-deployApp.R:9:3',
'test-deployApp.R:16:3', 'test-deployApp.R:25:1', 'test-deployApp.R:69:1',
'test-deployApp.R:88:1', 'test-deployApp.R:107:1', 'test-deployDoc.R:2:3',
'test-deployDoc.R:9:3', 'test-deployDoc.R:18:3', 'test-deployDoc.R:31:3',
'test-deployDoc.R:46:3', 'test-deployDoc.R:57:3', 'test-deployDoc.R:68:3',
'test-deployDoc.R:79:3', 'test-deployDoc.R:93:3', 'test-deployDoc.R:107:3',
'test-deployDoc.R:121:3', 'test-deploySite.R:2:3', 'test-deploySite.R:22:3',
'test-deployments-find.R:1:1', 'test-deployments-find.R:43:1',
'test-deployments.R:188:1', 'test-deploymentTarget.R:1:1',
'test-deploymentTarget.R:7:1', 'test-deploymentTarget.R:18:1',
'test-deploymentTarget.R:154:1', 'test-deploymentTarget.R:180:1',
'test-deploymentTarget.R:327:1', 'test-deploymentTarget.R:477:1',
'test-deploymentTarget.R:487:1', 'test-http-libcurl.R:13:1',
'test-http-libcurl.R:33:3', 'test-http.R:1:1', 'test-http.R:99:3',
'test-http.R:117:1', 'test-http.R:147:1', 'test-http.R:176:1',
'test-lint.R:1:1', 'test-ide.R:2:3', 'test-ide.R:12:3', 'test-ide.R:53:3',
'test-ide.R:58:1', 'test-ide.R:122:1', 'test-secret.R:5:1',
'test-linters.R:1:1', 'test-servers-deprec.R:2:3',
'test-writeManifest.R:1:1', 'test-servers.R:9:1', 'test-servers.R:22:1',
'test-servers.R:28:1', 'test-servers.R:34:1', 'test-servers.R:61:3',
'test-servers.R:85:1', 'test-servers.R:95:1', 'test-servers.R:140:1',
'test-servers.R:171:1', 'test-servers.R:183:1', 'test-servers.R:194:1'
• On Linux (3): 'test-locale.R:2:3', 'test-locale.R:9:3', 'test-utils.R:112:3'
══ Failed tests ════════════════════════════════════════════════════════════════
── Error ('test-http.R:74:5'): authHeaders() picks correct method based on supplied fields ──
Error in `hash_sign(md, sk)`: OpenSSL error: C0E8B7C4877F0000:error:03000098:digital envelope routines:evp_pkey_ctx_set_md:invalid digest:crypto/evp/pmeth_lib.c:966:
Backtrace:
▆
1. ├─testthat::expect_identical(...) at test-http.R:81:3
2. │ └─testthat::quasi_label(enquo(expected), expected.label)
3. │ └─rlang::eval_bare(expr, quo_get_env(quo))
4. └─rsconnect (local) signRequestPrivateKeyOpenSSL(private_key, url)
5. └─openssl::signature_create(charToRaw(canonicalRequest), key = private_key) at test-http.R:74:5
6. └─openssl:::hash_sign(md, sk)
[ FAIL 1 | WARN 0 | SKIP 134 | PASS 675 ]
Error:
! Test failures.
Execution halted
- checking for unstated dependencies in vignettes ... OK
- checking package vignettes ... OK
- checking re-building of vignette outputs ... OK
- checking PDF version of manual ... [10s/13s] OK
- checking HTML version of manual ... [7s/11s] OK
- checking for non-standard things in the check directory ... OK
- checking for detritus in the temp directory ... OK
- DONE
Status: 1 ERROR