- using R Under development (unstable) (2025-06-16 r88324)
- using platform: x86_64-pc-linux-gnu
- R was compiled by
clang version 20.1.6
flang version 20.1.6
- running under: Fedora Linux 42 (Workstation Edition)
- using session charset: UTF-8
- using option ‘--no-stop-on-test-error’
- checking for file ‘prettifyAddins/DESCRIPTION’ ... OK
- checking extension type ... Package
- this is package ‘prettifyAddins’ version ‘2.6.1’
- package encoding: UTF-8
- checking package namespace information ... OK
- checking package dependencies ... OK
- checking if this is a source package ... OK
- checking if there is a namespace ... OK
- checking for executable files ... OK
- checking for hidden files and directories ... OK
- checking for portable file names ... OK
- checking for sufficient/correct file permissions ... OK
- checking whether package ‘prettifyAddins’ can be installed ... [10s/28s] OK
See the install log for details.
- checking installed package size ... INFO
installed size is 5.6Mb
sub-directories of 1Mb or more:
shinyApp 5.4Mb
- checking package directory ... OK
- checking DESCRIPTION meta-information ... OK
- checking top-level files ... OK
- checking for left-over files ... OK
- checking index information ... OK
- checking package subdirectories ... OK
- checking code files for non-ASCII characters ... OK
- checking R files for syntax errors ... OK
- checking whether the package can be loaded ... [2s/12s] OK
- checking whether the package can be loaded with stated dependencies ... OK
- checking whether the package can be unloaded cleanly ... OK
- checking whether the namespace can be loaded with stated dependencies ... OK
- checking whether the namespace can be unloaded cleanly ... [2s/11s] OK
- checking loading without being on the library search path ... OK
- checking use of S3 registration ... OK
- checking dependencies in R code ... OK
- checking S3 generic/method consistency ... OK
- checking replacement functions ... OK
- checking foreign function calls ... OK
- checking R code for possible problems ... [15s/51s] OK
- checking Rd files ... OK
- checking Rd metadata ... OK
- checking Rd line widths ... OK
- checking Rd cross-references ... OK
- checking for missing documentation entries ... OK
- checking for code/documentation mismatches ... OK
- checking Rd \usage sections ... OK
- checking Rd contents ... OK
- checking for unstated dependencies in examples ... OK
- checking examples ... OK
- checking for unstated dependencies in ‘tests’ ... OK
- checking tests ... [4s/14s] ERROR
Running ‘testthat.R’ [4s/12s]
Running the tests in ‘tests/testthat.R’ failed.
Complete output:
> library(testthat)
> library(prettifyAddins)
>
> test_check("prettifyAddins")
[ FAIL 2 | WARN 0 | SKIP 8 | PASS 3 ]
══ Skipped tests (8) ═══════════════════════════════════════════════════════════
• 'phantomjs' not found (4): 'test-PhantomJS.R:2:3', 'test-PhantomJS.R:17:3',
'test-PhantomJS.R:32:3', 'test-PhantomJS.R:49:3'
• V8 engine too old. (4): 'test-V8.R:3:3', 'test-V8.R:19:3', 'test-V8.R:35:3',
'test-V8.R:51:3'
══ Failed tests ════════════════════════════════════════════════════════════════
── Error ('test-CLANG.R:9:3'): CLANG prettify C++ with default `tabSize` ───────
<cmdError/error/condition>
Error in `system2("clang-format", tmpFile, stdout = TRUE, stderr = TRUE)`: error in running command
Backtrace:
▆
1. └─prettifyAddins::prettifyCLANG(code, language = "c++") at test-CLANG.R:9:3
2. ├─base::suppressWarnings(...)
3. │ └─base::withCallingHandlers(...)
4. └─base::system2("clang-format", tmpFile, stdout = TRUE, stderr = TRUE)
── Error ('test-CLANG.R:24:3'): CLANG prettify C++ with given `tabSize` ────────
<cmdError/error/condition>
Error in `system2("clang-format", tmpFile, stdout = TRUE, stderr = TRUE)`: error in running command
Backtrace:
▆
1. └─prettifyAddins::prettifyCLANG(code, language = "c++", tabSize = 4) at test-CLANG.R:24:3
2. ├─base::suppressWarnings(...)
3. │ └─base::withCallingHandlers(...)
4. └─base::system2("clang-format", tmpFile, stdout = TRUE, stderr = TRUE)
[ FAIL 2 | WARN 0 | SKIP 8 | PASS 3 ]
Error: Test failures
Execution halted
- checking PDF version of manual ... [7s/24s] OK
- checking HTML version of manual ... OK
- checking for non-standard things in the check directory ... OK
- checking for detritus in the temp directory ... OK
- DONE
Status: 1 ERROR