- using R Under development (unstable) (2025-10-02 r88897)
- using platform: x86_64-pc-linux-gnu
- R was compiled by
clang version 21.1.2
flang version 21.1.2
- running under: Fedora Linux 42 (Workstation Edition)
- using session charset: UTF-8
- using option ‘--no-stop-on-test-error’
- checking for file ‘pmartR/DESCRIPTION’ ... OK
- checking extension type ... Package
- this is package ‘pmartR’ version ‘2.5.0’
- package encoding: UTF-8
- checking package namespace information ... OK
- checking package dependencies ... INFO
Package suggested but not available for checking: ‘pmartRdata’
- checking if this is a source package ... OK
- checking if there is a namespace ... OK
- checking for executable files ... OK
- checking for hidden files and directories ... OK
- checking for portable file names ... OK
- checking for sufficient/correct file permissions ... OK
- checking whether package ‘pmartR’ can be installed ... [180s/426s] WARNING
Found the following significant warnings:
imd_anova.cpp:450:43: warning: 'from<double, arma::eOp<arma::Glue<arma::Op<arma::Col<double>, arma::op_htrans>, arma::Col<double>, arma::glue_times>, arma::eop_scalar_div_post>>' is deprecated: replace conv_to<...>::from(X) with as_scalar(X) [-Wdeprecated-declarations]
imd_anova.cpp:464:44: warning: 'from<double, arma::eOp<arma::Glue<arma::Op<arma::Col<double>, arma::op_htrans>, arma::Col<double>, arma::glue_times>, arma::eop_scalar_div_post>>' is deprecated: replace conv_to<...>::from(X) with as_scalar(X) [-Wdeprecated-declarations]
imd_anova.cpp:478:43: warning: 'from<double, arma::eOp<arma::Glue<arma::Op<arma::Col<double>, arma::op_htrans>, arma::Col<double>, arma::glue_times>, arma::eop_scalar_div_post>>' is deprecated: replace conv_to<...>::from(X) with as_scalar(X) [-Wdeprecated-declarations]
imd_anova.cpp:491:46: warning: 'from<double, arma::eOp<arma::Glue<arma::Op<arma::Col<double>, arma::op_htrans>, arma::Col<double>, arma::glue_times>, arma::eop_scalar_div_post>>' is deprecated: replace conv_to<...>::from(X) with as_scalar(X) [-Wdeprecated-declarations]
imd_anova.cpp:670:17: warning: 'is_finite<double>' is deprecated: change arma::is_finite(val) to std::isfinite(val) [-Wdeprecated-declarations]
See the install log for details.
- used C++ compiler: ‘clang version 21.1.2’
- checking installed package size ... OK
- checking package directory ... OK
- checking DESCRIPTION meta-information ... OK
- checking top-level files ... OK
- checking for left-over files ... OK
- checking index information ... OK
- checking package subdirectories ... OK
- checking code files for non-ASCII characters ... OK
- checking R files for syntax errors ... OK
- checking whether the package can be loaded ... OK
- checking whether the package can be loaded with stated dependencies ... OK
- checking whether the package can be unloaded cleanly ... OK
- checking whether the namespace can be loaded with stated dependencies ... OK
- checking whether the namespace can be unloaded cleanly ... OK
- checking loading without being on the library search path ... OK
- checking use of S3 registration ... OK
- checking dependencies in R code ... OK
- checking S3 generic/method consistency ... OK
- checking replacement functions ... OK
- checking foreign function calls ... OK
- checking R code for possible problems ... [102s/255s] OK
- checking Rd files ... OK
- checking Rd metadata ... OK
- checking Rd line widths ... OK
- checking Rd cross-references ... OK
- checking for missing documentation entries ... OK
- checking for code/documentation mismatches ... OK
- checking Rd \usage sections ... OK
- checking Rd contents ... OK
- checking for unstated dependencies in examples ... OK
- checking line endings in C/C++/Fortran sources/headers ... OK
- checking line endings in Makefiles ... OK
- checking compilation flags in Makevars ... OK
- checking for GNU extensions in Makefiles ... OK
- checking for portable use of $(BLAS_LIBS) and $(LAPACK_LIBS) ... OK
- checking use of PKG_*FLAGS in Makefiles ... OK
- checking use of SHLIB_OPENMP_*FLAGS in Makefiles ... OK
- checking pragmas in C/C++ headers and code ... OK
- checking compilation flags used ... OK
- checking compiled code ... OK
- checking examples ... OK
- checking for unstated dependencies in ‘tests’ ... OK
- checking tests ... [105s/209s] OK
Running ‘testthat.R’ [104s/208s]
- checking PDF version of manual ... [22s/34s] OK
- checking HTML version of manual ... [14s/28s] OK
- checking for non-standard things in the check directory ... OK
- checking for detritus in the temp directory ... OK
- DONE
Status: 1 WARNING