- using R Under development (unstable) (2022-06-24 r82518)
- using platform: x86_64-pc-linux-gnu (64-bit)
- using session charset: UTF-8
- using option ‘--no-stop-on-test-error’
- checking for file ‘np/DESCRIPTION’ ... OK
- this is package ‘np’ version ‘0.60-11’
- checking package namespace information ... OK
- checking package dependencies ... OK
- checking if this is a source package ... OK
- checking if there is a namespace ... OK
- checking for executable files ... OK
- checking for hidden files and directories ... OK
- checking for portable file names ... OK
- checking for sufficient/correct file permissions ... OK
- checking whether package ‘np’ can be installed ... [95s/208s] OK
- checking installed package size ... OK
- checking package directory ... OK
- checking ‘build’ directory ... OK
- checking DESCRIPTION meta-information ... OK
- checking top-level files ... OK
- checking for left-over files ... OK
- checking index information ... OK
- checking package subdirectories ... OK
- checking R files for non-ASCII characters ... OK
- checking R files for syntax errors ... OK
- checking whether the package can be loaded ... OK
- checking whether the package can be loaded with stated dependencies ... OK
- checking whether the package can be unloaded cleanly ... OK
- checking whether the namespace can be loaded with stated dependencies ... OK
- checking whether the namespace can be unloaded cleanly ... OK
- checking loading without being on the library search path ... OK
- checking use of S3 registration ... OK
- checking dependencies in R code ... OK
- checking S3 generic/method consistency ... OK
- checking replacement functions ... OK
- checking foreign function calls ... OK
- checking R code for possible problems ... [105s/140s] OK
- checking Rd files ... OK
- checking Rd metadata ... OK
- checking Rd line widths ... OK
- checking Rd cross-references ... NOTE
Undeclared packages ‘logspline’, ‘ks’ in Rd xrefs
- checking for missing documentation entries ... OK
- checking for code/documentation mismatches ... OK
- checking Rd \usage sections ... OK
- checking Rd contents ... OK
- checking for unstated dependencies in examples ... OK
- checking contents of ‘data’ directory ... OK
- checking data for non-ASCII characters ... OK
- checking data for ASCII and uncompressed saves ... OK
- checking line endings in shell scripts ... OK
- checking line endings in C/C++/Fortran sources/headers ... OK
- checking use of PKG_*FLAGS in Makefiles ... OK
- checking use of SHLIB_OPENMP_*FLAGS in Makefiles ... OK
- checking pragmas in C/C++ headers and code ... OK
- checking compilation flags used ... OK
- checking compiled code ... OK
- checking sizes of PDF files under ‘inst/doc’ ... OK
- checking installed files from ‘inst/doc’ ... OK
- checking files in ‘vignettes’ ... OK
- checking examples ... OK
- checking for unstated dependencies in vignettes ... OK
- checking package vignettes in ‘inst/doc’ ... OK
- checking re-building of vignette outputs ... [321s/429s] WARNING
Error(s) in re-building vignettes:
--- re-building ‘entropy_np.Rnw’ using Sweave
Nonparametric Kernel Methods for Mixed Datatypes (version 0.60-11)
[vignette("np_faq",package="np") provides answers to frequently asked questions]
[vignette("np",package="np") an overview]
[vignette("entropy_np",package="np") an overview of entropy-based methods]
Error: processing vignette 'entropy_np.Rnw' failed with diagnostics:
Running 'texi2dvi' on 'entropy_np.tex' failed.
LaTeX errors:
! Argument of <c2> has an extra }.
<inserted text>
\par
l.57 \begin{document}
! Paragraph ended before <c2> was complete.
<to be read again>
\par
l.57 \begin{document}
! Argument of <c3> has an extra }.
<inserted text>
\par
l.57 \begin{document}
! Paragraph ended before <c3> was complete.
<to be read again>
\par
l.57 \begin{document}
! Argument of <c4> has an extra }.
<inserted text>
\par
l.57 \begin{document}
! Paragraph ended before <c4> was complete.
<to be read again>
\par
l.57 \begin{document}
! Argument of <c5> has an extra }.
<inserted text>
\par
l.57 \begin{document}
! Paragraph ended before <c5> was complete.
<to be read again>
\par
l.57 \begin{document}
! Argument of <c6> has an extra }.
<inserted text>
\par
l.57 \begin{document}
! Paragraph ended before <c6> was complete.
<to be read again>
\par
l.57 \begin{document}
! Argument of <c7> has an extra }.
<inserted text>
\par
l.57 \begin{document}
! Paragraph ended before <c7> was complete.
<to be read again>
\par
l.57 \begin{document}
! Argument of <c8> has an extra }.
<inserted text>
\par
l.57 \begin{document}
! Paragraph ended before <c8> was complete.
<to be read again>
\par
l.57 \begin{document}
! Argument of <c9> has an extra }.
<inserted text>
\par
l.57 \begin{document}
! Paragraph ended before <c9> was complete.
<to be read again>
\par
l.57 \begin{document}
! Argument of <ca> has an extra }.
<inserted text>
\par
l.57 \begin{document}
! Paragraph ended before <ca> was complete.
<to be read again>
\par
l.57 \begin{document}
! Argument of <cb> has an extra }.
<inserted text>
\par
l.57 \begin{document}
! Paragraph ended before <cb> was complete.
<to be read again>
\par
l.57 \begin{document}
! Argument of <cc> has an extra }.
<inserted text>
\par
l.57 \begin{document}
! Paragraph ended before <cc> was complete.
<to be read again>
\par
l.57 \begin{document}
! Argument of <cd> has an extra }.
<inserted text>
\par
l.57 \begin{document}
! Paragraph ended before <cd> was complete.
<to be read again>
\par
l.57 \begin{document}
! Argument of <ce> has an extra }.
<inserted text>
\par
l.57 \begin{document}
! Paragraph ended before <ce> was complete.
<to be read again>
\par
l.57 \begin{document}
! Argument of <cf> has an extra }.
<inserted text>
\par
l.57 \begin{document}
! Paragraph ended before <cf> was complete.
<to be read again>
\par
l.57 \begin{document}
! Argument of <d0> has an extra }.
<inserted text>
\par
l.57 \begin{document}
! Paragraph ended before <d0> was complete.
<to be read again>
\par
l.57 \begin{document}
! Argument of <d1> has an extra }.
<inserted text>
\par
l.57 \begin{document}
! Paragraph ended before <d1> was complete.
<to be read again>
\par
l.57 \begin{document}
! Argument of <d2> has an extra }.
<inserted text>
\par
l.57 \begin{document}
! Paragraph ended before <d2> was complete.
<to be read again>
\par
l.57 \begin{document}
! Argument of <d3> has an extra }.
<inserted text>
\par
l.57 \begin{document}
! Paragraph ended before <d3> was complete.
<to be read again>
\par
l.57 \begin{document}
! Argument of <d4> has an extra }.
<inserted text>
\par
l.57 \begin{document}
! Paragraph ended before <d4> was complete.
<to be read again>
\par
l.57 \begin{document}
! Argument of <d5> has an extra }.
<inserted text>
\par
l.57 \begin{document}
! Paragraph ended before <d5> was complete.
<to be read again>
\par
l.57 \begin{document}
! Argument of <d6> has an extra }.
<inserted text>
\par
l.57 \begin{document}
! Paragraph ended before <d6> was complete.
<to be read again>
\par
l.57 \begin{document}
! Argument of <d7> has an extra }.
<inserted text>
\par
l.57 \begin{document}
! Paragraph ended before <d7> was complete.
<to be read again>
\par
l.57 \begin{document}
! Argument of <d8> has an extra }.
<inserted text>
\par
l.57 \begin{document}
! Paragraph ended before <d8> was complete.
<to be read again>
\par
l.57 \begin{document}
! Argument of <d9> has an extra }.
<inserted text>
\par
l.57 \begin{document}
! Paragraph ended before <d9> was complete.
<to be read again>
\par
l.57 \begin{document}
! Argument of <da> has an extra }.
<inserted text>
\par
l.57 \begin{document}
! Paragraph ended before <da> was complete.
<to be read again>
\par
l.57 \begin{document}
! Argument of <db> has an extra }.
<inserted text>
\par
l.57 \begin{document}
! Paragraph ended before <db> was complete.
<to be read again>
\par
l.57 \begin{document}
! Argument of <dc> has an extra }.
<inserted text>
\par
l.57 \begin{document}
! Paragraph ended before <dc> was complete.
<to be read again>
\par
l.57 \begin{document}
! Argument of <dd> has an extra }.
<inserted text>
\par
l.57 \begin{document}
! Paragraph ended before <dd> was complete.
<to be read again>
\par
l.57 \begin{document}
! Argument of <de> has an extra }.
<inserted text>
\par
l.57 \begin{document}
! Paragraph ended before <de> was complete.
<to be read again>
\par
l.57 \begin{document}
! Argument of <df> has an extra }.
<inserted text>
\par
l.57 \begin{document}
! Paragraph ended before <df> was complete.
<to be read again>
\par
l.57 \begin{document}
! Argument of <e0> has an extra }.
<inserted text>
\par
l.57 \begin{document}
! Paragraph ended before <e0> was complete.
<to be read again>
\par
l.57 \begin{document}
! Argument of <e1> has an extra }.
<inserted text>
\par
l.57 \begin{document}
! Paragraph ended before <e1> was complete.
<to be read again>
\par
l.57 \begin{document}
! Argument of <e2> has an extra }.
<inserted text>
\par
l.57 \begin{document}
--- failed re-building ‘entropy_np.Rnw’
--- re-building ‘np.Rnw’ using Sweave
Warning in Ops.factor(dfemale + dmarried + educ + exper + tenure, female) :
‘|’ not meaningful for factors
Error: processing vignette 'np.Rnw' failed with diagnostics:
Running 'texi2dvi' on 'np.tex' failed.
LaTeX errors:
! Argument of <c2> has an extra }.
<inserted text>
\par
l.77 \begin{document}
! Paragraph ended before <c2> was complete.
<to be read again>
\par
l.77 \begin{document}
! Argument of <c3> has an extra }.
<inserted text>
\par
l.77 \begin{document}
! Paragraph ended before <c3> was complete.
<to be read again>
\par
l.77 \begin{document}
! Argument of <c4> has an extra }.
<inserted text>
\par
l.77 \begin{document}
! Paragraph ended before <c4> was complete.
<to be read again>
\par
l.77 \begin{document}
! Argument of <c5> has an extra }.
<inserted text>
\par
l.77 \begin{document}
! Paragraph ended before <c5> was complete.
<to be read again>
\par
l.77 \begin{document}
! Argument of <c6> has an extra }.
<inserted text>
\par
l.77 \begin{document}
! Paragraph ended before <c6> was complete.
<to be read again>
\par
l.77 \begin{document}
! Argument of <c7> has an extra }.
<inserted text>
\par
l.77 \begin{document}
! Paragraph ended before <c7> was complete.
<to be read again>
\par
l.77 \begin{document}
! Argument of <c8> has an extra }.
<inserted text>
\par
l.77 \begin{document}
! Paragraph ended before <c8> was complete.
<to be read again>
\par
l.77 \begin{document}
! Argument of <c9> has an extra }.
<inserted text>
\par
l.77 \begin{document}
! Paragraph ended before <c9> was complete.
<to be read again>
\par
l.77 \begin{document}
! Argument of <ca> has an extra }.
<inserted text>
\par
l.77 \begin{document}
! Paragraph ended before <ca> was complete.
<to be read again>
\par
l.77 \begin{document}
! Argument of <cb> has an extra }.
<inserted text>
\par
l.77 \begin{document}
! Paragraph ended before <cb> was complete.
<to be read again>
\par
l.77 \begin{document}
! Argument of <cc> has an extra }.
<inserted text>
\par
l.77 \begin{document}
! Paragraph ended before <cc> was complete.
<to be read again>
\par
l.77 \begin{document}
! Argument of <cd> has an extra }.
<inserted text>
\par
l.77 \begin{document}
! Paragraph ended before <cd> was complete.
<to be read again>
\par
l.77 \begin{document}
! Argument of <ce> has an extra }.
<inserted text>
\par
l.77 \begin{document}
! Paragraph ended before <ce> was complete.
<to be read again>
\par
l.77 \begin{document}
! Argument of <cf> has an extra }.
<inserted text>
\par
l.77 \begin{document}
! Paragraph ended before <cf> was complete.
<to be read again>
\par
l.77 \begin{document}
! Argument of <d0> has an extra }.
<inserted text>
\par
l.77 \begin{document}
! Paragraph ended before <d0> was complete.
<to be read again>
\par
l.77 \begin{document}
! Argument of <d1> has an extra }.
<inserted text>
\par
l.77 \begin{document}
! Paragraph ended before <d1> was complete.
<to be read again>
\par
l.77 \begin{document}
! Argument of <d2> has an extra }.
<inserted text>
\par
l.77 \begin{document}
! Paragraph ended before <d2> was complete.
<to be read again>
\par
l.77 \begin{document}
! Argument of <d3> has an extra }.
<inserted text>
\par
l.77 \begin{document}
! Paragraph ended before <d3> was complete.
<to be read again>
\par
l.77 \begin{document}
! Argument of <d4> has an extra }.
<inserted text>
\par
l.77 \begin{document}
! Paragraph ended before <d4> was complete.
<to be read again>
\par
l.77 \begin{document}
! Argument of <d5> has an extra }.
<inserted text>
\par
l.77 \begin{document}
! Paragraph ended before <d5> was complete.
<to be read again>
\par
l.77 \begin{document}
! Argument of <d6> has an extra }.
<inserted text>
\par
l.77 \begin{document}
! Paragraph ended before <d6> was complete.
<to be read again>
\par
l.77 \begin{document}
! Argument of <d7> has an extra }.
<inserted text>
\par
l.77 \begin{document}
! Paragraph ended before <d7> was complete.
<to be read again>
\par
l.77 \begin{document}
! Argument of <d8> has an extra }.
<inserted text>
\par
l.77 \begin{document}
! Paragraph ended before <d8> was complete.
<to be read again>
\par
l.77 \begin{document}
! Argument of <d9> has an extra }.
<inserted text>
\par
l.77 \begin{document}
! Paragraph ended before <d9> was complete.
<to be read again>
\par
l.77 \begin{document}
! Argument of <da> has an extra }.
<inserted text>
\par
l.77 \begin{document}
! Paragraph ended before <da> was complete.
<to be read again>
\par
l.77 \begin{document}
! Argument of <db> has an extra }.
<inserted text>
\par
l.77 \begin{document}
! Paragraph ended before <db> was complete.
<to be read again>
\par
l.77 \begin{document}
! Argument of <dc> has an extra }.
<inserted text>
\par
l.77 \begin{document}
! Paragraph ended before <dc> was complete.
<to be read again>
\par
l.77 \begin{document}
! Argument of <dd> has an extra }.
<inserted text>
\par
l.77 \begin{document}
! Paragraph ended before <dd> was complete.
<to be read again>
\par
l.77 \begin{document}
! Argument of <de> has an extra }.
<inserted text>
\par
l.77 \begin{document}
! Paragraph ended before <de> was complete.
<to be read again>
\par
l.77 \begin{document}
! Argument of <df> has an extra }.
<inserted text>
\par
l.77 \begin{document}
! Paragraph ended before <df> was complete.
<to be read again>
\par
l.77 \begin{document}
! Argument of <e0> has an extra }.
<inserted text>
\par
l.77 \begin{document}
! Paragraph ended before <e0> was complete.
<to be read again>
\par
l.77 \begin{document}
! Argument of <e1> has an extra }.
<inserted text>
\par
l.77 \begin{document}
! Paragraph ended before <e1> was complete.
<to be read again>
\par
l.77 \begin{document}
! Argument of <e2> has an extra }.
<inserted text>
\par
l.77 \begin{document}
--- failed re-building ‘np.Rnw’
--- re-building ‘np_faq.Rnw’ using Sweave
--- finished re-building ‘np_faq.Rnw’
SUMMARY: processing the following files failed:
‘entropy_np.Rnw’ ‘np.Rnw’
Error: Vignette re-building failed.
Execution halted
- checking PDF version of manual ... OK
- checking for non-standard things in the check directory ... OK
- checking for detritus in the temp directory ... OK
- DONE
Status: 1 WARNING, 1 NOTE