- using R Under development (unstable) (2025-11-13 r89017)
- using platform: x86_64-pc-linux-gnu
- R was compiled by
clang version 21.1.5
flang version 21.1.5
- running under: Fedora Linux 42 (Workstation Edition)
- using session charset: UTF-8
- using option ‘--no-stop-on-test-error’
- checking for file ‘nodiv/DESCRIPTION’ ... OK
- checking extension type ... Package
- this is package ‘nodiv’ version ‘1.4.3’
- checking package namespace information ... OK
- checking package dependencies ... OK
- checking if this is a source package ... OK
- checking if there is a namespace ... OK
- checking for executable files ... OK
- checking for hidden files and directories ... OK
- checking for portable file names ... OK
- checking for sufficient/correct file permissions ... OK
- checking whether package ‘nodiv’ can be installed ... [65s/185s] OK
See the install log for details.
- checking installed package size ... OK
- checking package directory ... OK
- checking DESCRIPTION meta-information ... OK
- checking top-level files ... OK
- checking for left-over files ... OK
- checking index information ... OK
- checking package subdirectories ... OK
- checking code files for non-ASCII characters ... OK
- checking R files for syntax errors ... OK
- checking whether the package can be loaded ... [21s/51s] OK
- checking whether the package can be loaded with stated dependencies ... [20s/58s] OK
- checking whether the package can be unloaded cleanly ... [19s/35s] OK
- checking whether the namespace can be loaded with stated dependencies ... [19s/55s] OK
- checking whether the namespace can be unloaded cleanly ... [20s/52s] OK
- checking loading without being on the library search path ... [20s/46s] OK
- checking use of S3 registration ... OK
- checking dependencies in R code ... OK
- checking S3 generic/method consistency ... OK
- checking replacement functions ... OK
- checking foreign function calls ... OK
- checking R code for possible problems ... [92s/206s] OK
- checking Rd files ... OK
- checking Rd metadata ... OK
- checking Rd line widths ... OK
- checking Rd cross-references ... OK
- checking for missing documentation entries ... OK
- checking for code/documentation mismatches ... OK
- checking Rd \usage sections ... OK
- checking Rd contents ... OK
- checking for unstated dependencies in examples ... OK
- checking contents of ‘data’ directory ... OK
- checking data for non-ASCII characters ... [17s/44s] OK
- checking data for ASCII and uncompressed saves ... OK
- checking examples ... [26s/92s] OK
- checking for unstated dependencies in ‘tests’ ... OK
- checking tests ... [22s/68s] ERROR
Running ‘testthat.R’ [21s/67s]
Running the tests in ‘tests/testthat.R’ failed.
Complete output:
> library(testthat)
> library(nodiv)
>
> test_check("nodiv")
Saving _problems/test_adding-4.R
|
| | 0%
|
|=== | 5%
|
|====== | 9%
|
|========== | 14%
|
|============= | 18%
|
|================ | 23%
|
|=================== | 27%
|
|====================== | 32%
|
|========================= | 36%
|
|============================= | 41%
|
|================================ | 45%
|
|=================================== | 50%
|
|====================================== | 55%
|
|========================================= | 59%
|
|============================================= | 64%
|
|================================================ | 68%
|
|=================================================== | 73%
|
|====================================================== | 77%
|
|========================================================= | 82%
|
|============================================================ | 86%
|
|================================================================ | 91%
|
|=================================================================== | 95%
|
|======================================================================| 100%[ FAIL 1 | WARN 0 | SKIP 0 | PASS 63 ]
══ Failed tests ════════════════════════════════════════════════════════════════
── Error ('test_adding.R:4:3'): add shape to object ────────────────────────────
Error in `expect(is.null(coquettes$shape))`: `failure_message` must be a character vector, not absent.
Backtrace:
▆
1. └─testthat::expect(failure_message = <empty>) at test_adding.R:4:3
2. └─testthat:::check_character(failure_message)
3. └─testthat:::stop_input_type(...)
4. └─rlang::abort(message, ..., call = call, arg = arg)
[ FAIL 1 | WARN 0 | SKIP 0 | PASS 63 ]
Error:
! Test failures.
Execution halted
- checking PDF version of manual ... [8s/15s] OK
- checking HTML version of manual ... OK
- checking for non-standard things in the check directory ... OK
- checking for detritus in the temp directory ... OK
- DONE
Status: 1 ERROR