- using R Under development (unstable) (2022-05-20 r82390)
- using platform: x86_64-pc-linux-gnu (64-bit)
- using session charset: UTF-8
- using option ‘--no-stop-on-test-error’
- checking for file ‘modelbased/DESCRIPTION’ ... OK
- checking extension type ... Package
- this is package ‘modelbased’ version ‘0.8.0’
- package encoding: UTF-8
- checking package namespace information ... OK
- checking package dependencies ... OK
- checking if this is a source package ... OK
- checking if there is a namespace ... OK
- checking for executable files ... OK
- checking for hidden files and directories ... OK
- checking for portable file names ... OK
- checking for sufficient/correct file permissions ... OK
- checking whether package ‘modelbased’ can be installed ... OK
- checking installed package size ... OK
- checking package directory ... OK
- checking DESCRIPTION meta-information ... OK
- checking top-level files ... OK
- checking for left-over files ... OK
- checking index information ... OK
- checking package subdirectories ... OK
- checking R files for non-ASCII characters ... OK
- checking R files for syntax errors ... OK
- checking whether the package can be loaded ... OK
- checking whether the package can be loaded with stated dependencies ... OK
- checking whether the package can be unloaded cleanly ... OK
- checking whether the namespace can be loaded with stated dependencies ... OK
- checking whether the namespace can be unloaded cleanly ... OK
- checking loading without being on the library search path ... OK
- checking use of S3 registration ... OK
- checking dependencies in R code ... OK
- checking S3 generic/method consistency ... OK
- checking replacement functions ... OK
- checking foreign function calls ... OK
- checking R code for possible problems ... [15s/22s] OK
- checking Rd files ... OK
- checking Rd metadata ... OK
- checking Rd line widths ... OK
- checking Rd cross-references ... OK
- checking for missing documentation entries ... OK
- checking for code/documentation mismatches ... OK
- checking Rd \usage sections ... OK
- checking Rd contents ... OK
- checking for unstated dependencies in examples ... OK
- checking examples ... [24s/34s] OK
- checking for unstated dependencies in ‘tests’ ... OK
- checking tests ... [92s/51s] ERROR
Running ‘spelling.R’
Running ‘testthat.R’ [91s/49s]
Running the tests in ‘tests/testthat.R’ failed.
Complete output:
> library(testthat)
> library(modelbased)
>
> osx <- tryCatch(
+ {
+ si <- Sys.info()
+ if (!is.null(si["sysname"])) {
+ si["sysname"] == "Darwin" || grepl("^darwin", R.version$os)
+ } else {
+ FALSE
+ }
+ },
+ error = function(e) {
+ FALSE
+ }
+ )
>
> if (!osx || (osx && getRversion() >= "4.0.0")) {
+ test_check("modelbased")
+ }
Starting 2 test processes
[ FAIL 1 | WARN 5 | SKIP 0 | PASS 150 ]
══ Failed tests ════════════════════════════════════════════════════════════════
── Failure (test-get_marginaleffects.R:5:5): get_marginaleffects ───────────────
dim(get_marginaleffects(model, trend = "Petal.Length", at = "Species")) (`actual`) not equal to c(3, 7) (`expected`).
`actual`: 3 11
`expected`: 3 7
[ FAIL 1 | WARN 5 | SKIP 0 | PASS 150 ]
Error: Test failures
Execution halted
- checking PDF version of manual ... OK
- checking for non-standard things in the check directory ... OK
- checking for detritus in the temp directory ... OK
- DONE
Status: 1 ERROR