- using R Under development (unstable) (2025-07-11 r88400)
- using platform: x86_64-pc-linux-gnu
- R was compiled by
clang version 20.1.7
flang version 20.1.7
- running under: Fedora Linux 42 (Workstation Edition)
- using session charset: UTF-8
- using option ‘--no-stop-on-test-error’
- checking for file ‘midr/DESCRIPTION’ ... OK
- checking extension type ... Package
- this is package ‘midr’ version ‘0.5.0’
- package encoding: UTF-8
- checking package namespace information ... OK
- checking package dependencies ... OK
- checking if this is a source package ... OK
- checking if there is a namespace ... OK
- checking for executable files ... OK
- checking for hidden files and directories ... OK
- checking for portable file names ... OK
- checking for sufficient/correct file permissions ... OK
- checking whether package ‘midr’ can be installed ... [11s/14s] OK
See the install log for details.
- checking installed package size ... OK
- checking package directory ... OK
- checking DESCRIPTION meta-information ... OK
- checking top-level files ... OK
- checking for left-over files ... OK
- checking index information ... OK
- checking package subdirectories ... OK
- checking code files for non-ASCII characters ... OK
- checking R files for syntax errors ... OK
- checking whether the package can be loaded ... OK
- checking whether the package can be loaded with stated dependencies ... OK
- checking whether the package can be unloaded cleanly ... OK
- checking whether the namespace can be loaded with stated dependencies ... OK
- checking whether the namespace can be unloaded cleanly ... OK
- checking loading without being on the library search path ... OK
- checking use of S3 registration ... OK
- checking dependencies in R code ... OK
- checking S3 generic/method consistency ... OK
- checking replacement functions ... WARNING
‘get.yhat.:.AccurateGLM’ ‘get.yhat.:.default’ ‘get.yhat.:.glm’
‘get.yhat.:.glmnet’ ‘get.yhat.:.ksvm’ ‘get.yhat.:.lm’
‘get.yhat.:.mid’ ‘get.yhat.:.model_fit’ ‘get.yhat.:.randomForest’
‘get.yhat.:.ranger’ ‘get.yhat.:.rpart’ ‘get.yhat.:.rpf’
‘get.yhat.:.svm’ ‘ggmid.:.mid’ ‘ggmid.:.mid.breakdown’
‘ggmid.:.mid.conditional’ ‘ggmid.:.mid.importance’
‘interpret.:.default’ ‘interpret.:.formula’ ‘get.yhat.:.AccurateGLM’
‘get.yhat.:.default’ ‘get.yhat.:.glm’ ‘get.yhat.:.glmnet’
‘get.yhat.:.ksvm’ ‘get.yhat.:.lm’ ‘get.yhat.:.mid’
‘get.yhat.:.model_fit’ ‘get.yhat.:.randomForest’ ‘get.yhat.:.ranger’
‘get.yhat.:.rpart’ ‘get.yhat.:.rpf’ ‘get.yhat.:.svm’ ‘ggmid.:.mid’
‘ggmid.:.mid.breakdown’ ‘ggmid.:.mid.conditional’
‘ggmid.:.mid.importance’ ‘interpret.:.default’ ‘interpret.:.formula’
The argument of a replacement function which corresponds to the right
hand side must be named ‘value’.
- checking foreign function calls ... OK
- checking R code for possible problems ... [28s/34s] OK
- checking Rd files ... OK
- checking Rd metadata ... OK
- checking Rd line widths ... OK
- checking Rd cross-references ... OK
- checking for missing documentation entries ... OK
- checking for code/documentation mismatches ... OK
- checking Rd \usage sections ... OK
- checking Rd contents ... OK
- checking for unstated dependencies in examples ... OK
- checking examples ... [38s/46s] OK
- checking for unstated dependencies in ‘tests’ ... OK
- checking tests ... OK
Running ‘testthat.R’
- checking PDF version of manual ... [11s/15s] OK
- checking HTML version of manual ... OK
- checking for non-standard things in the check directory ... OK
- checking for detritus in the temp directory ... OK
- DONE
Status: 1 WARNING