- using R Under development (unstable) (2025-07-01 r88373)
- using platform: x86_64-pc-linux-gnu
- R was compiled by
clang version 20.1.7
flang version 20.1.7
- running under: Fedora Linux 42 (Workstation Edition)
- using session charset: UTF-8
- using option ‘--no-stop-on-test-error’
- checking for file ‘lsnstat/DESCRIPTION’ ... OK
- this is package ‘lsnstat’ version ‘1.0.1’
- package encoding: UTF-8
- checking package namespace information ... OK
- checking package dependencies ... OK
- checking if this is a source package ... OK
- checking if there is a namespace ... OK
- checking for executable files ... OK
- checking for hidden files and directories ... OK
- checking for portable file names ... OK
- checking for sufficient/correct file permissions ... OK
- checking whether package ‘lsnstat’ can be installed ... OK
See the install log for details.
- checking installed package size ... OK
- checking package directory ... OK
- checking DESCRIPTION meta-information ... OK
- checking top-level files ... OK
- checking for left-over files ... OK
- checking index information ... OK
- checking package subdirectories ... OK
- checking code files for non-ASCII characters ... OK
- checking R files for syntax errors ... OK
- checking whether the package can be loaded ... OK
- checking whether the package can be loaded with stated dependencies ... OK
- checking whether the package can be unloaded cleanly ... OK
- checking whether the namespace can be loaded with stated dependencies ... OK
- checking whether the namespace can be unloaded cleanly ... OK
- checking loading without being on the library search path ... OK
- checking use of S3 registration ... OK
- checking dependencies in R code ... OK
- checking S3 generic/method consistency ... OK
- checking replacement functions ... OK
- checking foreign function calls ... OK
- checking R code for possible problems ... [9s/13s] OK
- checking Rd files ... OK
- checking Rd metadata ... OK
- checking Rd line widths ... OK
- checking Rd cross-references ... OK
- checking for missing documentation entries ... OK
- checking for code/documentation mismatches ... OK
- checking Rd \usage sections ... OK
- checking Rd contents ... OK
- checking for unstated dependencies in examples ... OK
- checking examples ... ERROR
Running examples in ‘lsnstat-Ex.R’ failed
The error most likely occurred in:
> ### Name: lsnstat_macrodata
> ### Title: R companion of 'La Societe Nouvelle' stats API services
> ### Aliases: lsnstat_macrodata
>
> ### ** Examples
>
>
> #GET macro footprint : Greenhouse gases emissions intensities
> # for sector "C19" between 2015 and 2021
>
> lsnstat_macrodata(dataset = "macro_fpt",
+ filter_list = list(indic = 'GHG',year = 2015:2021,industry = 'C19'))
<simpleError in doTryCatch(return(expr), name, parentenv, handler): SERVER ERROR>
Error in doTryCatch(return(expr), name, parentenv, handler) :
SERVER ERROR
Calls: lsnstat_macrodata ... tryCatch -> tryCatchList -> tryCatchOne -> <Anonymous>
Execution halted
- checking PDF version of manual ... OK
- checking HTML version of manual ... OK
- checking for non-standard things in the check directory ... OK
- checking for detritus in the temp directory ... OK
- DONE
Status: 1 ERROR