- using R Under development (unstable) (2025-11-27 r89067)
- using platform: x86_64-pc-linux-gnu
- R was compiled by
clang version 21.1.6
flang version 21.1.6
- running under: Fedora Linux 42 (Workstation Edition)
- using session charset: UTF-8
- using option ‘--no-stop-on-test-error’
- checking for file ‘lmSubsets/DESCRIPTION’ ... OK
- this is package ‘lmSubsets’ version ‘0.5-2’
- checking package namespace information ... OK
- checking package dependencies ... OK
- checking if this is a source package ... OK
- checking if there is a namespace ... OK
- checking for executable files ... OK
- checking for hidden files and directories ... OK
- checking for portable file names ... OK
- checking for sufficient/correct file permissions ... OK
- checking whether package ‘lmSubsets’ can be installed ... [5s/11s] ERROR
Installation failed.
See the install log for details.
- DONE
Status: 1 ERROR