- using R Under development (unstable) (2024-03-08 r86072)
- using platform: x86_64-pc-linux-gnu
- R was compiled by
clang version 18.1.1
flang-new version 18.1.1
- running under: Fedora Linux 36 (Workstation Edition)
- using session charset: UTF-8
- using option ‘--no-stop-on-test-error’
- checking for file ‘ggstance/DESCRIPTION’ ... OK
- this is package ‘ggstance’ version ‘0.3.6’
- package encoding: UTF-8
- checking package namespace information ... OK
- checking package dependencies ... OK
- checking if this is a source package ... OK
- checking if there is a namespace ... OK
- checking for executable files ... OK
- checking for hidden files and directories ... OK
- checking for portable file names ... OK
- checking for sufficient/correct file permissions ... OK
- checking whether package ‘ggstance’ can be installed ... [11s/26s] OK
See the install log for details.
- checking installed package size ... OK
- checking package directory ... OK
- checking DESCRIPTION meta-information ... OK
- checking top-level files ... OK
- checking for left-over files ... OK
- checking index information ... OK
- checking package subdirectories ... OK
- checking R files for non-ASCII characters ... OK
- checking R files for syntax errors ... OK
- checking whether the package can be loaded ... OK
- checking whether the package can be loaded with stated dependencies ... OK
- checking whether the package can be unloaded cleanly ... OK
- checking whether the namespace can be loaded with stated dependencies ... OK
- checking whether the namespace can be unloaded cleanly ... OK
- checking loading without being on the library search path ... OK
- checking whether startup messages can be suppressed ... OK
- checking use of S3 registration ... OK
- checking dependencies in R code ... OK
- checking S3 generic/method consistency ... OK
- checking replacement functions ... OK
- checking foreign function calls ... OK
- checking R code for possible problems ... [14s/34s] OK
- checking Rd files ... OK
- checking Rd metadata ... OK
- checking Rd line widths ... OK
- checking Rd cross-references ... OK
- checking for missing documentation entries ... OK
- checking for code/documentation mismatches ... OK
- checking Rd \usage sections ... OK
- checking Rd contents ... OK
- checking for unstated dependencies in examples ... OK
- checking examples ... [8s/21s] OK
- checking for unstated dependencies in ‘tests’ ... OK
- checking tests ... [19s/37s] ERROR
Running ‘testthat.R’ [19s/36s]
Running the tests in ‘tests/testthat.R’ failed.
Complete output:
> .libPaths()
[1] "/tmp/RtmpUgvQLl/RLIBS_19b02b2a254cd6"
[2] "/data/gannet/ripley/R/R-clang/library"
> library("testthat")
> library("ggstance")
>
> test_check("ggstance")
[ FAIL 1 | WARN 2 | SKIP 19 | PASS 1 ]
══ Skipped tests (19) ══════════════════════════════════════════════════════════
• On CRAN (19): 'test-flip.R:8:3', 'test-geom-errorbarh.R:7:5',
'test-geoms.R:7:3', 'test-geoms.R:13:3', 'test-geoms.R:31:3',
'test-geoms.R:37:3', 'test-geoms.R:45:3', 'test-geoms.R:62:3',
'test-geoms.R:68:3', 'test-geoms.R:82:3', 'test-geoms.R:100:3',
'test-geoms.R:119:3', 'test-geoms.R:133:3', 'test-positions.R:10:3',
'test-positions.R:20:3', 'test-positions.R:37:3', 'test-positions.R:46:3',
'test-stats.R:23:3', 'test-stats.R:52:3'
══ Failed tests ════════════════════════════════════════════════════════════════
── Error ('test-flip.R:15:3'): flipped stats have correct `required_aes` failure messages ──
Error in `stat_binh(bins = 30)`: Problem while computing stat.
i Error occurred in the 1st layer.
Caused by error in `compute_layer()`:
! `stat_binh()` requires the following missing aesthetics: y.
Backtrace:
▆
1. └─testthat::expect_snapshot(...) at test-flip.R:15:3
2. └─rlang::cnd_signal(state$error)
[ FAIL 1 | WARN 2 | SKIP 19 | PASS 1 ]
Deleting unused snapshots:
• geoms/geom-barh-facet-wrap.svg
• geoms/geom-barh-with-count-stat.svg
• geoms/geom-boxploth-and-continuous-y-scale.svg
• geoms/geom-boxploth-facet-wrap-with-fill.svg
• geoms/geom-boxploth-with-fill.svg
• geoms/geom-histogramh-position-nudge-with-fill.svg
• geoms/geom-histogramh-position-stack-with-fill.svg
• geoms/geom-pointrangeh-facet-wrap.svg
• geoms/geom-pointrangeh-position-dodgev.svg
• geoms/geom-violinh-draw-quantiles.svg
• geoms/geom-violinh-facet-wrap.svg
Error: Test failures
Execution halted
- checking PDF version of manual ... [8s/15s] OK
- checking HTML version of manual ... OK
- checking for non-standard things in the check directory ... OK
- checking for detritus in the temp directory ... OK
- DONE
Status: 1 ERROR