- using R Under development (unstable) (2025-07-18 r88431)
- using platform: x86_64-pc-linux-gnu
- R was compiled by
clang version 20.1.8
flang version 20.1.8
- running under: Fedora Linux 42 (Workstation Edition)
- using session charset: UTF-8
- using option ‘--no-stop-on-test-error’
- checking for file ‘aws.wrfsmn/DESCRIPTION’ ... OK
- checking extension type ... Package
- this is package ‘aws.wrfsmn’ version ‘0.0.5’
- package encoding: UTF-8
- checking package namespace information ... OK
- checking package dependencies ... OK
- checking if this is a source package ... OK
- checking if there is a namespace ... OK
- checking for executable files ... OK
- checking for hidden files and directories ... OK
- checking for portable file names ... OK
- checking for sufficient/correct file permissions ... OK
- checking whether package ‘aws.wrfsmn’ can be installed ... [50s/73s] OK
See the install log for details.
- checking installed package size ... OK
- checking package directory ... OK
- checking ‘build’ directory ... OK
- checking DESCRIPTION meta-information ... OK
- checking top-level files ... OK
- checking for left-over files ... OK
- checking index information ... OK
- checking package subdirectories ... OK
- checking code files for non-ASCII characters ... OK
- checking R files for syntax errors ... OK
- checking whether the package can be loaded ... [16s/23s] OK
- checking whether the package can be loaded with stated dependencies ... [15s/21s] OK
- checking whether the package can be unloaded cleanly ... [15s/21s] OK
- checking whether the namespace can be loaded with stated dependencies ... [15s/22s] OK
- checking whether the namespace can be unloaded cleanly ... [16s/21s] OK
- checking loading without being on the library search path ... [16s/21s] OK
- checking use of S3 registration ... OK
- checking dependencies in R code ... OK
- checking S3 generic/method consistency ... OK
- checking replacement functions ... OK
- checking foreign function calls ... OK
- checking R code for possible problems ... [64s/86s] OK
- checking Rd files ... OK
- checking Rd metadata ... OK
- checking Rd line widths ... OK
- checking Rd cross-references ... OK
- checking for missing documentation entries ... OK
- checking for code/documentation mismatches ... OK
- checking Rd \usage sections ... OK
- checking Rd contents ... OK
- checking for unstated dependencies in examples ... OK
- checking contents of ‘data’ directory ... OK
- checking data for non-ASCII characters ... OK
- checking LazyData ... OK
- checking data for ASCII and uncompressed saves ... OK
- checking installed files from ‘inst/doc’ ... OK
- checking files in ‘vignettes’ ... OK
- checking examples ... [16s/21s] OK
- checking for unstated dependencies in ‘tests’ ... OK
- checking tests ... [17s/26s] ERROR
Running ‘testthat.R’ [16s/26s]
Running the tests in ‘tests/testthat.R’ failed.
Complete output:
> # This file is part of the standard setup for testthat.
> # It is recommended that you do not modify it.
> #
> # Where should you do additional test configuration?
> # Learn more about the roles of various files in:
> # * https://r-pkgs.org/testing-design.html#sec-tests-files-overview
> # * https://testthat.r-lib.org/articles/special-files.html
>
> library(testthat)
> library(aws.wrfsmn)
>
> test_check("aws.wrfsmn")
[ FAIL 1 | WARN 0 | SKIP 0 | PASS 3 ]
══ Failed tests ════════════════════════════════════════════════════════════════
── Error ('test-get_wrf_files.R:2:3'): Length evaluation ───────────────────────
<subscriptOutOfBoundsError/error/condition>
Error in `z[["Owner"]][["ID"]]`: subscript out of bounds
Backtrace:
▆
1. ├─testthat::expect_length(...) at test-get_wrf_files.R:2:3
2. │ └─testthat::quasi_label(enquo(object), arg = "object")
3. │ └─rlang::eval_bare(expr, quo_get_env(quo))
4. └─aws.wrfsmn::get.wrf.files(2024, 1, 1, "00", "01H")
5. └─aws.s3::get_bucket_df(...)
6. ├─base::as.data.frame(r)
7. └─aws.s3:::as.data.frame.s3_bucket(r)
8. └─base::lapply(...)
9. └─aws.s3 (local) FUN(X[[i]], ...)
10. └─base::ifelse(is.null(z[["Owner"]]), NA, z[["Owner"]][["ID"]])
[ FAIL 1 | WARN 0 | SKIP 0 | PASS 3 ]
Error: Test failures
Execution halted
- checking for unstated dependencies in vignettes ... OK
- checking package vignettes ... OK
- checking re-building of vignette outputs ... [38s/56s] OK
- checking PDF version of manual ... OK
- checking HTML version of manual ... OK
- checking for non-standard things in the check directory ... OK
- checking for detritus in the temp directory ... OK
- DONE
Status: 1 ERROR