- using R Under development (unstable) (2023-11-24 r85626)
- using platform: x86_64-pc-linux-gnu
- R was compiled by
clang version 17.0.5
flang-new version 17.0.5
- running under: Fedora Linux 36 (Workstation Edition)
- using session charset: UTF-8
- using option ‘--no-stop-on-test-error’
- checking for file ‘Rvcg/DESCRIPTION’ ... OK
- checking extension type ... Package
- this is package ‘Rvcg’ version ‘0.22.1’
- package encoding: UTF-8
- checking package namespace information ... OK
- checking package dependencies ... OK
- checking if this is a source package ... OK
- checking if there is a namespace ... OK
- checking for executable files ... OK
- checking for hidden files and directories ... OK
- checking for portable file names ... OK
- checking for sufficient/correct file permissions ... OK
- checking whether package ‘Rvcg’ can be installed ... [1209s/389s] WARNING
Found the following significant warnings:
checkListNames.cpp:12:17: warning: format string is not a string literal (potentially insecure) [-Wformat-security]
Rarea.cpp:43:17: warning: format string is not a string literal (potentially insecure) [-Wformat-security]
RallRead.cpp:198:17: warning: format string is not a string literal (potentially insecure) [-Wformat-security]
./RvcgIO.h:87:14: warning: format string is not a string literal (potentially insecure) [-Wformat-security]
Rballpivot.cpp:130:17: warning: format string is not a string literal (potentially insecure) [-Wformat-security]
./RvcgIO.h:134:14: warning: format string is not a string literal (potentially insecure) [-Wformat-security]
Rclean.cpp:129:17: warning: format string is not a string literal (potentially insecure) [-Wformat-security]
Rclost.cpp:152:19: warning: format string is not a string literal (potentially insecure) [-Wformat-security]
Rcurvature.cpp:99:17: warning: format string is not a string literal (potentially insecure) [-Wformat-security]
Rdijkstra.cpp:55:17: warning: format string is not a string literal (potentially insecure) [-Wformat-security]
Rdijkstra.cpp:131:17: warning: format string is not a string literal (potentially insecure) [-Wformat-security]
Rexport.cpp:95:17: warning: format string is not a string literal (potentially insecure) [-Wformat-security]
Rintersect.cpp:141:17: warning: format string is not a string literal (potentially insecure) [-Wformat-security]
RgetEdge.cpp:82:17: warning: format string is not a string literal (potentially insecure) [-Wformat-security]
Risolated.cpp:117:17: warning: format string is not a string literal (potentially insecure) [-Wformat-security]
Risoremesh.cpp:84:17: warning: format string is not a string literal (potentially insecure) [-Wformat-security]
Rkdtree.cpp:27:17: warning: format string is not a string literal (potentially insecure) [-Wformat-security]
Rkdtree.cpp:73:17: warning: format string is not a string literal (potentially insecure) [-Wformat-security]
Rkdtree.cpp:96:17: warning: format string is not a string literal (potentially insecure) [-Wformat-security]
./RvcgKD.h:82:14: warning: format string is not a string literal (potentially insecure) [-Wformat-security]
./RvcgKD.h:45:14: warning: format string is not a string literal (potentially insecure) [-Wformat-security]
./RvcgKD.h:233:14: warning: format string is not a string literal (potentially insecure) [-Wformat-security]
RkdtreeXptr.cpp:53:17: warning: format string is not a string literal (potentially insecure) [-Wformat-security]
RkdtreeXptr.cpp:71:17: warning: format string is not a string literal (potentially insecure) [-Wformat-security]
RkdtreeXptr.cpp:109:17: warning: format string is not a string literal (potentially insecure) [-Wformat-security]
Rkmeans.cpp:33:17: warning: format string is not a string literal (potentially insecure) [-Wformat-security]
Rkmeans.cpp:103:17: warning: format string is not a string literal (potentially insecure) [-Wformat-security]
Rmarch.cpp:107:17: warning: format string is not a string literal (potentially insecure) [-Wformat-security]
Rmeshres.cpp:48:17: warning: format string is not a string literal (potentially insecure) [-Wformat-security]
Rmetro.cpp:85:42: warning: format specifies type 'int' but the argument has type 'unsigned long' [-Wformat]
Rmetro.cpp:246:17: warning: format string is not a string literal (potentially insecure) [-Wformat-security]
ROneRing.cpp:68:17: warning: format string is not a string literal (potentially insecure) [-Wformat-security]
Rmeshvol.cpp:33:9: warning: format string is not a string literal (potentially insecure) [-Wformat-security]
Rmeshvol.cpp:60:15: warning: format string is not a string literal (potentially insecure) [-Wformat-security]
RQEdecim.cpp:163:17: warning: format string is not a string literal (potentially insecure) [-Wformat-security]
Rplatonic.cpp:21:17: warning: format string is not a string literal (potentially insecure) [-Wformat-security]
Rplatonic.cpp:44:17: warning: format string is not a string literal (potentially insecure) [-Wformat-security]
Rplatonic.cpp:59:17: warning: format string is not a string literal (potentially insecure) [-Wformat-security]
Rplatonic.cpp:82:17: warning: format string is not a string literal (potentially insecure) [-Wformat-security]
Rplatonic.cpp:97:17: warning: format string is not a string literal (potentially insecure) [-Wformat-security]
Rplatonic.cpp:114:17: warning: format string is not a string literal (potentially insecure) [-Wformat-security]
Rplatonic.cpp:129:17: warning: format string is not a string literal (potentially insecure) [-Wformat-security]
Rplatonic.cpp:148:17: warning: format string is not a string literal (potentially insecure) [-Wformat-security]
Rplatonic.cpp:166:17: warning: format string is not a string literal (potentially insecure) [-Wformat-security]
Rsample.cpp:79:17: warning: format string is not a string literal (potentially insecure) [-Wformat-security]
Rsmooth.cpp:93:17: warning: format string is not a string literal (potentially insecure) [-Wformat-security]
Rsubdivision.cpp:69:17: warning: format string is not a string literal (potentially insecure) [-Wformat-security]
Runiform_resample.cpp:88:17: warning: format string is not a string literal (potentially insecure) [-Wformat-security]
RupdateNormals.cpp:63:17: warning: format string is not a string literal (potentially insecure) [-Wformat-security]
RupdateNormals.cpp:95:18: warning: format string is not a string literal (potentially insecure) [-Wformat-security]
See the install log for details.
- used C compiler: ‘clang version 17.0.5’
- used C++ compiler: ‘clang version 17.0.5’
- checking C++ specification ... NOTE
Specified C++11: please drop specification unless essential
- checking installed package size ... OK
- checking package directory ... OK
- checking DESCRIPTION meta-information ... OK
- checking top-level files ... OK
- checking for left-over files ... OK
- checking index information ... OK
- checking package subdirectories ... OK
- checking R files for non-ASCII characters ... OK
- checking R files for syntax errors ... OK
- checking whether the package can be loaded ... OK
- checking whether the package can be loaded with stated dependencies ... OK
- checking whether the package can be unloaded cleanly ... OK
- checking whether the namespace can be loaded with stated dependencies ... OK
- checking whether the namespace can be unloaded cleanly ... OK
- checking loading without being on the library search path ... OK
- checking use of S3 registration ... OK
- checking dependencies in R code ... OK
- checking S3 generic/method consistency ... OK
- checking replacement functions ... OK
- checking foreign function calls ... OK
- checking R code for possible problems ... [12s/13s] OK
- checking Rd files ... OK
- checking Rd metadata ... OK
- checking Rd line widths ... OK
- checking Rd cross-references ... OK
- checking for missing documentation entries ... OK
- checking for code/documentation mismatches ... OK
- checking Rd \usage sections ... OK
- checking Rd contents ... OK
- checking for unstated dependencies in examples ... OK
- checking contents of ‘data’ directory ... OK
- checking data for non-ASCII characters ... OK
- checking data for ASCII and uncompressed saves ... OK
- checking line endings in shell scripts ... OK
- checking line endings in C/C++/Fortran sources/headers ... OK
- checking line endings in Makefiles ... OK
- checking compilation flags in Makevars ... OK
- checking for GNU extensions in Makefiles ... OK
- checking for portable use of $(BLAS_LIBS) and $(LAPACK_LIBS) ... OK
- checking use of PKG_*FLAGS in Makefiles ... OK
- checking use of SHLIB_OPENMP_*FLAGS in Makefiles ... OK
- checking pragmas in C/C++ headers and code ... OK
- checking compilation flags used ... OK
- checking compiled code ... OK
- checking examples ... [7s/12s] OK
- checking PDF version of manual ... [12s/17s] OK
- checking HTML version of manual ... OK
- checking for non-standard things in the check directory ... OK
- checking for detritus in the temp directory ... OK
- DONE
Status: 1 WARNING, 1 NOTE