- using R Under development (unstable) (2025-07-21 r88432)
- using platform: x86_64-pc-linux-gnu
- R was compiled by
clang version 20.1.8
flang version 20.1.8
- running under: Fedora Linux 42 (Workstation Edition)
- using session charset: UTF-8
- using option ‘--no-stop-on-test-error’
- checking for file ‘RTTWebClient/DESCRIPTION’ ... OK
- checking extension type ... Package
- this is package ‘RTTWebClient’ version ‘0.1.3’
- package encoding: UTF-8
- checking package namespace information ... OK
- checking package dependencies ... OK
- checking if this is a source package ... OK
- checking if there is a namespace ... OK
- checking for executable files ... OK
- checking for hidden files and directories ... OK
- checking for portable file names ... OK
- checking for sufficient/correct file permissions ... OK
- checking whether package ‘RTTWebClient’ can be installed ... OK
See the install log for details.
- checking installed package size ... OK
- checking package directory ... OK
- checking ‘build’ directory ... OK
- checking DESCRIPTION meta-information ... OK
- checking top-level files ... OK
- checking for left-over files ... OK
- checking index information ... OK
- checking package subdirectories ... NOTE
Problems with news in ‘NEWS.md’:
No news entries found.
- checking code files for non-ASCII characters ... OK
- checking R files for syntax errors ... OK
- checking whether the package can be loaded ... OK
- checking whether the package can be loaded with stated dependencies ... OK
- checking whether the package can be unloaded cleanly ... OK
- checking whether the namespace can be loaded with stated dependencies ... OK
- checking whether the namespace can be unloaded cleanly ... OK
- checking loading without being on the library search path ... OK
- checking use of S3 registration ... OK
- checking dependencies in R code ... OK
- checking S3 generic/method consistency ... OK
- checking replacement functions ... OK
- checking foreign function calls ... OK
- checking R code for possible problems ... [7s/17s] OK
- checking Rd files ... OK
- checking Rd metadata ... OK
- checking Rd line widths ... OK
- checking Rd cross-references ... OK
- checking for missing documentation entries ... OK
- checking for code/documentation mismatches ... OK
- checking Rd \usage sections ... OK
- checking Rd contents ... OK
- checking for unstated dependencies in examples ... OK
- checking installed files from ‘inst/doc’ ... OK
- checking files in ‘vignettes’ ... OK
- checking examples ... NONE
- checking for unstated dependencies in ‘tests’ ... OK
- checking tests ... [4s/11s] ERROR
Running ‘spelling.R’
Running ‘testthat.R’
Running the tests in ‘tests/testthat.R’ failed.
Complete output:
>
> library(testthat)
> library(RTTWebClient)
> test_check("RTTWebClient")
[1] "1 - parse error: premature EOF\n \n (right here) ------^\n"
[1] "1 - parse error: premature EOF\n \n (right here) ------^\n"
[ FAIL 2 | WARN 0 | SKIP 0 | PASS 0 ]
══ Failed tests ════════════════════════════════════════════════════════════════
── Error ('testTicks.R:32:5'): Is Last 10 ticks right format ───────────────────
Error in `value[[3L]](cond)`: parse error: premature EOF
(right here) ------^
Backtrace:
▆
1. ├─vcr::use_cassette(...) at testTicks.R:31:3
2. │ └─cassette$call_block(...)
3. └─rhost$GetTickHistory("EURUSD", reqTime, reqTime, count = -10) at testTicks.R:32:5
4. └─RTTWebClient:::GetTicks(...)
5. └─RTTWebClient:::Throttling(...)
6. └─base::tryCatch(...)
7. └─base (local) tryCatchList(expr, classes, parentenv, handlers)
8. └─base (local) tryCatchOne(expr, names, parentenv, handlers[[1L]])
9. └─value[[3L]](cond)
── Error ('testTicks.R:41:5'): Is Last 10 Bars right format ────────────────────
Error in `value[[3L]](cond)`: parse error: premature EOF
(right here) ------^
Backtrace:
▆
1. ├─vcr::use_cassette(...) at testTicks.R:40:3
2. │ └─cassette$call_block(...)
3. └─rhost$GetBarsHistory(...) at testTicks.R:41:5
4. └─RTTWebClient:::GetBars(...)
5. └─RTTWebClient:::Throttling(...)
6. └─base::tryCatch(...)
7. └─base (local) tryCatchList(expr, classes, parentenv, handlers)
8. └─base (local) tryCatchOne(expr, names, parentenv, handlers[[1L]])
9. └─value[[3L]](cond)
[ FAIL 2 | WARN 0 | SKIP 0 | PASS 0 ]
Error: Test failures
Execution halted
- checking for unstated dependencies in vignettes ... OK
- checking package vignettes ... OK
- checking re-building of vignette outputs ... OK
- checking PDF version of manual ... [6s/12s] OK
- checking HTML version of manual ... OK
- checking for non-standard things in the check directory ... OK
- checking for detritus in the temp directory ... OK
- DONE
Status: 1 ERROR, 1 NOTE