- using R Under development (unstable) (2025-06-16 r88324)
- using platform: x86_64-pc-linux-gnu
- R was compiled by
clang version 20.1.6
flang version 20.1.6
- running under: Fedora Linux 42 (Workstation Edition)
- using session charset: UTF-8
- using option ‘--no-stop-on-test-error’
- checking for file ‘GDELTtools/DESCRIPTION’ ... OK
- checking extension type ... Package
- this is package ‘GDELTtools’ version ‘1.7’
- package encoding: UTF-8
- checking package namespace information ... OK
- checking package dependencies ... OK
- checking if this is a source package ... OK
- checking if there is a namespace ... OK
- checking for executable files ... OK
- checking for hidden files and directories ... OK
- checking for portable file names ... OK
- checking for sufficient/correct file permissions ... OK
- checking whether package ‘GDELTtools’ can be installed ... [9s/20s] OK
See the install log for details.
- checking installed package size ... OK
- checking package directory ... OK
- checking DESCRIPTION meta-information ... OK
- checking top-level files ... OK
- checking for left-over files ... OK
- checking index information ... OK
- checking package subdirectories ... OK
- checking code files for non-ASCII characters ... OK
- checking R files for syntax errors ... OK
- checking whether the package can be loaded ... OK
- checking whether the package can be loaded with stated dependencies ... OK
- checking whether the package can be unloaded cleanly ... OK
- checking whether the namespace can be loaded with stated dependencies ... OK
- checking whether the namespace can be unloaded cleanly ... OK
- checking loading without being on the library search path ... OK
- checking use of S3 registration ... OK
- checking dependencies in R code ... OK
- checking S3 generic/method consistency ... OK
- checking replacement functions ... OK
- checking foreign function calls ... OK
- checking R code for possible problems ... [13s/36s] OK
- checking Rd files ... OK
- checking Rd metadata ... OK
- checking Rd line widths ... OK
- checking Rd cross-references ... OK
- checking for missing documentation entries ... OK
- checking for code/documentation mismatches ... OK
- checking Rd \usage sections ... OK
- checking Rd contents ... OK
- checking for unstated dependencies in examples ... OK
- checking examples ... OK
- checking for unstated dependencies in ‘tests’ ... OK
- checking tests ... ERROR
Running ‘test-all.R’
Running the tests in ‘tests/test-all.R’ failed.
Complete output:
> library(testthat)
>
> test_check("GDELTtools")
Loading required package: GDELTtools
[ FAIL 1 | WARN 1 | SKIP 0 | PASS 0 ]
══ Failed tests ════════════════════════════════════════════════════════════════
── Error ('test_GetSizeOfGDELT.R:4:3'): returns valid size for GDELT ───────────
Error in `file(file, "rt")`: cannot open the connection to 'http://data.gdeltproject.org/events/filesizes'
Backtrace:
▆
1. ├─testthat::expect_true(GetSizeOfGDELT() > 41.4) at test_GetSizeOfGDELT.R:4:3
2. │ └─testthat::quasi_label(enquo(object), label, arg = "object")
3. │ └─rlang::eval_bare(expr, quo_get_env(quo))
4. └─GDELTtools:::GetSizeOfGDELT()
5. └─utils::read.delim(filesize_url, header = FALSE, sep = " ")
6. └─utils::read.table(...)
7. └─base::file(file, "rt")
[ FAIL 1 | WARN 1 | SKIP 0 | PASS 0 ]
Error: Test failures
Execution halted
- checking PDF version of manual ... [7s/18s] OK
- checking HTML version of manual ... OK
- checking for non-standard things in the check directory ... OK
- checking for detritus in the temp directory ... OK
- DONE
Status: 1 ERROR