- using R Under development (unstable) (2025-07-04 r88383)
- using platform: x86_64-pc-linux-gnu
- R was compiled by
clang version 20.1.7
flang version 20.1.7
- running under: Fedora Linux 42 (Workstation Edition)
- using session charset: UTF-8
- using option ‘--no-stop-on-test-error’
- checking for file ‘CEOdata/DESCRIPTION’ ... OK
- this is package ‘CEOdata’ version ‘1.3.1.1’
- package encoding: UTF-8
- checking package namespace information ... OK
- checking package dependencies ... OK
- checking if this is a source package ... OK
- checking if there is a namespace ... OK
- checking for executable files ... OK
- checking for hidden files and directories ... OK
- checking for portable file names ... OK
- checking for sufficient/correct file permissions ... OK
- checking whether package ‘CEOdata’ can be installed ... [9s/14s] OK
See the install log for details.
- checking installed package size ... OK
- checking package directory ... OK
- checking ‘build’ directory ... OK
- checking DESCRIPTION meta-information ... OK
- checking top-level files ... OK
- checking for left-over files ... OK
- checking index information ... OK
- checking package subdirectories ... OK
- checking code files for non-ASCII characters ... OK
- checking R files for syntax errors ... OK
- checking whether the package can be loaded ... OK
- checking whether the package can be loaded with stated dependencies ... OK
- checking whether the package can be unloaded cleanly ... OK
- checking whether the namespace can be loaded with stated dependencies ... OK
- checking whether the namespace can be unloaded cleanly ... OK
- checking loading without being on the library search path ... OK
- checking whether startup messages can be suppressed ... OK
- checking use of S3 registration ... OK
- checking dependencies in R code ... OK
- checking S3 generic/method consistency ... OK
- checking replacement functions ... OK
- checking foreign function calls ... OK
- checking R code for possible problems ... [12s/19s] OK
- checking Rd files ... OK
- checking Rd metadata ... OK
- checking Rd line widths ... OK
- checking Rd cross-references ... OK
- checking for missing documentation entries ... OK
- checking for code/documentation mismatches ... OK
- checking Rd \usage sections ... OK
- checking Rd contents ... OK
- checking for unstated dependencies in examples ... OK
- checking sizes of PDF files under ‘inst/doc’ ... OK
- checking installed files from ‘inst/doc’ ... OK
- checking files in ‘vignettes’ ... OK
- checking examples ... OK
- checking for unstated dependencies in vignettes ... OK
- checking package vignettes ... OK
- checking re-building of vignette outputs ... [190s/257s] ERROR
Error(s) in re-building vignettes:
--- re-building ‘using_CEOdata.Rmd’ using rmarkdown
trying URL 'https://ceo.gencat.cat/web/.content/20_barometre/Matrius_BOP/Microdades_barometre.zip'
Content type 'application/zip' length 17242574 bytes (16.4 MB)
==================================================
downloaded 16.4 MB
Quitting from using_CEOdata.Rmd:96-99 [unnamed-chunk-8]
~~~~~~~~~~~~~~~~~~~~~~~~~~~~~~~~~~~~~~~~~~~~~~~~~~~~~~~~~~~~~~~~~~~~~~~~~~~~~~~~
NULL
~~~~~~~~~~~~~~~~~~~~~~~~~~~~~~~~~~~~~~~~~~~~~~~~~~~~~~~~~~~~~~~~~~~~~~~~~~~~~~~~
Error: processing vignette 'using_CEOdata.Rmd' failed with diagnostics:
ℹ In argument: `REO = factor(REO, levels = rev(REO))`.
Caused by error in `levels<-`:
! factor level [1192] is duplicated
--- failed re-building ‘using_CEOdata.Rmd’
--- re-building ‘working_with_survey_data_using_the_CEOdata_package.Rmd’ using rmarkdown
trying URL 'https://ceo.gencat.cat/web/.content/20_barometre/Matrius_BOP/Microdades_barometre.zip'
Content type 'application/zip' length 17242574 bytes (16.4 MB)
==================================================
downloaded 16.4 MB
Quitting from working_with_survey_data_using_the_CEOdata_package.Rmd:83-96 [tags]
~~~~~~~~~~~~~~~~~~~~~~~~~~~~~~~~~~~~~~~~~~~~~~~~~~~~~~~~~~~~~~~~~~~~~~~~~~~~~~~~
NULL
~~~~~~~~~~~~~~~~~~~~~~~~~~~~~~~~~~~~~~~~~~~~~~~~~~~~~~~~~~~~~~~~~~~~~~~~~~~~~~~~
Error: processing vignette 'working_with_survey_data_using_the_CEOdata_package.Rmd' failed with diagnostics:
ℹ In argument: `REO = factor(REO, levels = rev(REO))`.
Caused by error in `levels<-`:
! factor level [1192] is duplicated
--- failed re-building ‘working_with_survey_data_using_the_CEOdata_package.Rmd’
--- re-building ‘cheatsheet.pdf.asis’ using asis
--- finished re-building ‘cheatsheet.pdf.asis’
SUMMARY: processing the following files failed:
‘using_CEOdata.Rmd’
‘working_with_survey_data_using_the_CEOdata_package.Rmd’
Error: Vignette re-building failed.
Execution halted
- checking PDF version of manual ... OK
- checking HTML version of manual ... OK
- checking for non-standard things in the check directory ... OK
- checking for detritus in the temp directory ... OK
- DONE
Status: 1 ERROR