- using R Under development (unstable) (2025-07-15 r88411)
- using platform: x86_64-pc-linux-gnu
- R was compiled by
gcc-14 (Debian 14.2.0-19) 14.2.0
GNU Fortran (Debian 14.2.0-19) 14.2.0
- running under: Debian GNU/Linux 13 (trixie)
- using session charset: UTF-8
- checking for file ‘wikitaxa/DESCRIPTION’ ... OK
- this is package ‘wikitaxa’ version ‘0.4.0’
- package encoding: UTF-8
- checking CRAN incoming feasibility ... [1s/1s] OK
- checking package namespace information ... OK
- checking package dependencies ... OK
- checking if this is a source package ... OK
- checking if there is a namespace ... OK
- checking for executable files ... OK
- checking for hidden files and directories ... OK
- checking for portable file names ... OK
- checking for sufficient/correct file permissions ... OK
- checking serialization versions ... OK
- checking whether package ‘wikitaxa’ can be installed ... OK
See the install log for details.
- checking package directory ... OK
- checking for future file timestamps ... OK
- checking ‘build’ directory ... OK
- checking DESCRIPTION meta-information ... OK
- checking top-level files ... OK
- checking for left-over files ... OK
- checking index information ... OK
- checking package subdirectories ... OK
- checking code files for non-ASCII characters ... OK
- checking R files for syntax errors ... OK
- checking whether the package can be loaded ... [0s/0s] OK
- checking whether the package can be loaded with stated dependencies ... [0s/0s] OK
- checking whether the package can be unloaded cleanly ... [0s/0s] OK
- checking whether the namespace can be loaded with stated dependencies ... [0s/0s] OK
- checking whether the namespace can be unloaded cleanly ... [0s/0s] OK
- checking loading without being on the library search path ... [0s/0s] OK
- checking use of S3 registration ... OK
- checking dependencies in R code ... OK
- checking S3 generic/method consistency ... OK
- checking replacement functions ... OK
- checking foreign function calls ... OK
- checking R code for possible problems ... [3s/5s] OK
- checking Rd files ... [0s/0s] OK
- checking Rd metadata ... OK
- checking Rd line widths ... OK
- checking Rd cross-references ... OK
- checking for missing documentation entries ... OK
- checking for code/documentation mismatches ... OK
- checking Rd \usage sections ... OK
- checking Rd contents ... OK
- checking for unstated dependencies in examples ... OK
- checking contents of ‘data’ directory ... OK
- checking data for non-ASCII characters ... [0s/0s] OK
- checking LazyData ... OK
- checking data for ASCII and uncompressed saves ... OK
- checking installed files from ‘inst/doc’ ... OK
- checking files in ‘vignettes’ ... OK
- checking examples ... [1s/1s] OK
- checking for unstated dependencies in ‘tests’ ... OK
- checking tests ... [3s/6s] ERROR
Running ‘test-all.R’ [3s/6s]
Running the tests in ‘tests/test-all.R’ failed.
Complete output:
> library(testthat)
> library(wikitaxa)
> test_check("wikitaxa")
[ FAIL 1 | WARN 0 | SKIP 23 | PASS 26 ]
══ Skipped tests (23) ══════════════════════════════════════════════════════════
• On CRAN (23): 'test-wikicommons.R:4:3', 'test-wikicommons.R:37:3',
'test-wikicommons.R:66:3', 'test-wikicommons.R:85:3',
'test-wikicommons.R:109:3', 'test-wikipedia.R:4:3', 'test-wikipedia.R:37:3',
'test-wikipedia.R:66:3', 'test-wikipedia.R:87:3', 'test-wikipedia.R:112:3',
'test-wikispecies.R:4:3', 'test-wikispecies.R:38:3',
'test-wikispecies.R:61:3', 'test-wikispecies.R:82:3',
'test-wikispecies.R:106:3', 'test-wt_data.R:4:3', 'test-wt_wiki_page.R:4:3',
'test-wt_wiki_page.R:15:3', 'test-wt_wiki_page.R:32:3',
'test-wt_wiki_url_build.R:4:3', 'test-wt_wiki_url_build.R:12:3',
'test-wt_wiki_url_parse.R:4:3', 'test-wt_wiki_url_parse.R:15:3'
══ Failed tests ════════════════════════════════════════════════════════════════
── Failure ('test-wikispecies.R:32:3'): wt_wikispecies returns non-empty results ──
Names of bb$common_names ('') don't match 'name', 'language'
[ FAIL 1 | WARN 0 | SKIP 23 | PASS 26 ]
Error: Test failures
Execution halted
- checking for unstated dependencies in vignettes ... OK
- checking package vignettes ... OK
- checking re-building of vignette outputs ... [1s/1s] OK
- checking PDF version of manual ... [4s/5s] OK
- checking HTML version of manual ... [0s/0s] OK
- checking for non-standard things in the check directory ... OK
- DONE
Status: 1 ERROR