- using R Under development (unstable) (2025-11-24 r89059)
- using platform: x86_64-pc-linux-gnu
- R was compiled by
gcc-15 (Debian 15.2.0-7) 15.2.0
GNU Fortran (Debian 15.2.0-7) 15.2.0
- running under: Debian GNU/Linux forky/sid
- using session charset: UTF-8
- checking for file ‘tikatuwq/DESCRIPTION’ ... OK
- checking extension type ... Package
- this is package ‘tikatuwq’ version ‘0.8.0’
- package encoding: UTF-8
- checking CRAN incoming feasibility ... [1s/2s] OK
- checking package namespace information ... OK
- checking package dependencies ... OK
- checking if this is a source package ... OK
- checking if there is a namespace ... OK
- checking for executable files ... OK
- checking for hidden files and directories ... OK
- checking for portable file names ... OK
- checking for sufficient/correct file permissions ... OK
- checking whether package ‘tikatuwq’ can be installed ... OK
See the install log for details.
- checking package directory ... OK
- checking for future file timestamps ... OK
- checking ‘build’ directory ... OK
- checking DESCRIPTION meta-information ... OK
- checking top-level files ... OK
- checking for left-over files ... OK
- checking index information ... OK
- checking package subdirectories ... OK
- checking code files for non-ASCII characters ... OK
- checking R files for syntax errors ... OK
- checking whether the package can be loaded ... [1s/2s] OK
- checking whether the package can be loaded with stated dependencies ... [1s/2s] OK
- checking whether the package can be unloaded cleanly ... [1s/2s] OK
- checking whether the namespace can be loaded with stated dependencies ... [1s/1s] OK
- checking whether the namespace can be unloaded cleanly ... [2s/2s] OK
- checking loading without being on the library search path ... [1s/2s] OK
- checking use of S3 registration ... OK
- checking dependencies in R code ... OK
- checking S3 generic/method consistency ... OK
- checking replacement functions ... OK
- checking foreign function calls ... OK
- checking R code for possible problems ... [11s/14s] OK
- checking Rd files ... [0s/1s] OK
- checking Rd metadata ... OK
- checking Rd line widths ... OK
- checking Rd cross-references ... OK
- checking for missing documentation entries ... OK
- checking for code/documentation mismatches ... OK
- checking Rd \usage sections ... OK
- checking Rd contents ... OK
- checking for unstated dependencies in examples ... OK
- checking contents of ‘data’ directory ... OK
- checking data for non-ASCII characters ... [0s/0s] OK
- checking LazyData ... OK
- checking data for ASCII and uncompressed saves ... OK
- checking installed files from ‘inst/doc’ ... OK
- checking files in ‘vignettes’ ... OK
- checking examples ... [3s/5s] OK
- checking for unstated dependencies in ‘tests’ ... OK
- checking tests ... [7s/13s] ERROR
Running ‘testthat.R’ [7s/13s]
Running the tests in ‘tests/testthat.R’ failed.
Complete output:
> library(testthat)
> library(tikatuwq)
> test_check("tikatuwq")
[ FAIL 2 | WARN 5 | SKIP 13 | PASS 112 ]
══ Skipped tests (13) ══════════════════════════════════════════════════════════
• On CRAN (12): 'test-param_analysis.R:2:3', 'test-param_analysis.R:30:3',
'test-param_analysis.R:50:3', 'test-param_analysis.R:75:3',
'test-param_analysis_multi.R:2:3', 'test-param_analysis_multi.R:28:3',
'test-param_analysis_multi.R:61:3', 'test-param_analysis_multi.R:88:3',
'test-plot_map.R:2:3', 'test-plot_map.R:11:3', 'test-plot_map.R:28:3',
'test-plot_trend.R:2:3'
• requireNamespace("rmarkdown", quietly = TRUE) is TRUE (1):
'test-render_report.R:30:3'
══ Failed tests ════════════════════════════════════════════════════════════════
── Error ('test-render_report.R:23:3'): render_report creates output file when rmarkdown available ──
Error in `file(con, "w")`: cannot open the connection
Backtrace:
▆
1. └─tikatuwq::render_report(df, output_dir = tmp_dir) at test-render_report.R:23:3
2. └─rmarkdown::render(...)
3. └─knitr::knit(knit_input, knit_output, envir = envir, quiet = quiet)
4. └─xfun::write_utf8(res, output)
5. └─base::writeLines(enc2utf8(text), con, ..., useBytes = TRUE)
6. └─base::file(con, "w")
── Error ('test-render_report.R:55:3'): render_report accepts meta parameter ───
Error in `file(con, "w")`: cannot open the connection
Backtrace:
▆
1. └─tikatuwq::render_report(...) at test-render_report.R:55:3
2. └─rmarkdown::render(...)
3. └─knitr::knit(knit_input, knit_output, envir = envir, quiet = quiet)
4. └─xfun::write_utf8(res, output)
5. └─base::writeLines(enc2utf8(text), con, ..., useBytes = TRUE)
6. └─base::file(con, "w")
[ FAIL 2 | WARN 5 | SKIP 13 | PASS 112 ]
Error:
! Test failures.
Execution halted
- checking for unstated dependencies in vignettes ... OK
- checking package vignettes ... OK
- checking re-building of vignette outputs ... [20s/30s] OK
- checking PDF version of manual ... [5s/7s] OK
- checking HTML version of manual ... [2s/3s] OK
- checking for non-standard things in the check directory ... OK
- DONE
Status: 1 ERROR