- using R Under development (unstable) (2025-11-20 r89043)
- using platform: x86_64-pc-linux-gnu
- R was compiled by
gcc-15 (Debian 15.2.0-7) 15.2.0
GNU Fortran (Debian 15.2.0-7) 15.2.0
- running under: Debian GNU/Linux forky/sid
- using session charset: UTF-8
- checking for file ‘sparsevctrs/DESCRIPTION’ ... OK
- this is package ‘sparsevctrs’ version ‘0.3.4’
- package encoding: UTF-8
- checking CRAN incoming feasibility ... [1s/2s] OK
- checking package namespace information ... OK
- checking package dependencies ... OK
- checking if this is a source package ... OK
- checking if there is a namespace ... OK
- checking for executable files ... OK
- checking for hidden files and directories ... OK
- checking for portable file names ... OK
- checking for sufficient/correct file permissions ... OK
- checking whether package ‘sparsevctrs’ can be installed ... OK
See the install log for details.
- used C compiler: ‘gcc-15 (Debian 15.2.0-7) 15.2.0’
- checking package directory ... OK
- checking for future file timestamps ... OK
- checking ‘build’ directory ... OK
- checking DESCRIPTION meta-information ... OK
- checking top-level files ... OK
- checking for left-over files ... OK
- checking index information ... OK
- checking package subdirectories ... OK
- checking code files for non-ASCII characters ... OK
- checking R files for syntax errors ... OK
- checking whether the package can be loaded ... [0s/0s] OK
- checking whether the package can be loaded with stated dependencies ... [0s/0s] OK
- checking whether the package can be unloaded cleanly ... [0s/0s] OK
- checking whether the namespace can be loaded with stated dependencies ... [0s/1s] OK
- checking whether the namespace can be unloaded cleanly ... [0s/0s] OK
- checking loading without being on the library search path ... [0s/0s] OK
- checking use of S3 registration ... OK
- checking dependencies in R code ... OK
- checking S3 generic/method consistency ... OK
- checking replacement functions ... OK
- checking foreign function calls ... OK
- checking R code for possible problems ... [5s/7s] OK
- checking Rd files ... [0s/1s] OK
- checking Rd metadata ... OK
- checking Rd line widths ... OK
- checking Rd cross-references ... OK
- checking for missing documentation entries ... OK
- checking for code/documentation mismatches ... OK
- checking Rd \usage sections ... OK
- checking Rd contents ... OK
- checking for unstated dependencies in examples ... OK
- checking line endings in C/C++/Fortran sources/headers ... OK
- checking pragmas in C/C++ headers and code ... OK
- checking compilation flags used ... OK
- checking compiled code ... OK
- checking installed files from ‘inst/doc’ ... OK
- checking files in ‘vignettes’ ... OK
- checking examples ... [2s/3s] OK
- checking for unstated dependencies in ‘tests’ ... OK
- checking tests ... [16s/19s] ERROR
Running ‘testthat.R’ [15s/18s]
Running the tests in ‘tests/testthat.R’ failed.
Complete output:
> # This file is part of the standard setup for testthat.
> # It is recommended that you do not modify it.
> #
> # Where should you do additional test configuration?
> # Learn more about the roles of various files in:
> # * https://r-pkgs.org/testing-design.html#sec-tests-files-overview
> # * https://testthat.r-lib.org/articles/special-files.html
>
> library(testthat)
> library(sparsevctrs)
>
> test_check("sparsevctrs")
Saving _problems/test-sparse_character-304.R
Saving _problems/test-sparse_replace_na-46.R
Saving _problems/test-sparse_replace_na-54.R
[ FAIL 3 | WARN 0 | SKIP 30 | PASS 785 ]
══ Skipped tests (30) ══════════════════════════════════════════════════════════
• On CRAN (30): 'test-coerce.R:286:1', 'test-coerce.R:312:1',
'test-coerce.R:345:1', 'test-coerce.R:413:1', 'test-coerce.R:425:1',
'test-coerce.R:436:1', 'test-coerce.R:487:1', 'test-coerce.R:500:1',
'test-coerce.R:511:1', 'test-sparse_character.R:1:1',
'test-sparse_character.R:241:1', 'test-sparse_character.R:279:1',
'test-sparse_character.R:307:1', 'test-sparse_double.R:1:1',
'test-sparse_double.R:259:1', 'test-sparse_double.R:306:1',
'test-sparse_double.R:407:1', 'test-sparse_double.R:445:1',
'test-sparse_double.R:473:1', 'test-sparse_dummy.R:241:1',
'test-sparse_integer.R:1:1', 'test-sparse_integer.R:263:1',
'test-sparse_integer.R:310:1', 'test-sparse_integer.R:412:1',
'test-sparse_integer.R:450:1', 'test-sparse_integer.R:478:1',
'test-sparse_logical.R:1:1', 'test-sparse_logical.R:260:1',
'test-sparse_logical.R:293:1', 'test-sparsity.R:110:1'
══ Failed tests ════════════════════════════════════════════════════════════════
── Failure ('test-sparse_character.R:299:3'): verbose testing ──────────────────
Expected `{ ... }` to throw a error.
Backtrace:
▆
1. └─testthat::expect_snapshot(...) at test-sparse_character.R:299:3
2. └─testthat:::expect_snapshot_(...)
── Failure ('test-sparse_replace_na.R:46:3'): sparse_replace() works - characters ──
Expected `res` to be identical to `exp`.
Differences:
`actual[1:4]`: "M" "A" "B" ""
`expected[1:4]`: NA "A" "B" ""
── Failure ('test-sparse_replace_na.R:54:3'): sparse_replace() works - characters ──
Expected `res` to be identical to `exp`.
Differences:
`actual[1:4]`: "0" "A" "B" ""
`expected[1:4]`: NA "A" "B" ""
[ FAIL 3 | WARN 0 | SKIP 30 | PASS 785 ]
Error:
! Test failures.
Execution halted
- checking for unstated dependencies in vignettes ... OK
- checking package vignettes ... OK
- checking re-building of vignette outputs ... [1s/2s] OK
- checking PDF version of manual ... [5s/7s] OK
- checking HTML version of manual ... [1s/2s] OK
- checking for non-standard things in the check directory ... OK
- DONE
Status: 1 ERROR