- using R Under development (unstable) (2024-03-27 r86216)
- using platform: x86_64-pc-linux-gnu
- R was compiled by
gcc-13 (Debian 13.2.0-13) 13.2.0
GNU Fortran (Debian 13.2.0-13) 13.2.0
- running under: Debian GNU/Linux trixie/sid
- using session charset: UTF-8
- checking for file ‘meteo/DESCRIPTION’ ... OK
- checking extension type ... Package
- this is package ‘meteo’ version ‘2.0-2’
- package encoding: UTF-8
- checking package namespace information ... OK
- checking package dependencies ... OK
- checking if this is a source package ... OK
- checking if there is a namespace ... OK
- checking for executable files ... OK
- checking for hidden files and directories ... OK
- checking for portable file names ... OK
- checking for sufficient/correct file permissions ... OK
- checking whether package ‘meteo’ can be installed ... OK
See the install log for details.
- checking package directory ... OK
- checking for future file timestamps ... OK
- checking DESCRIPTION meta-information ... OK
- checking top-level files ... OK
- checking for left-over files ... OK
- checking index information ... OK
- checking package subdirectories ... OK
- checking code files for non-ASCII characters ... OK
- checking R files for syntax errors ... OK
- checking whether the package can be loaded ... [14s/23s] OK
- checking whether the package can be loaded with stated dependencies ... [14s/22s] OK
- checking whether the package can be unloaded cleanly ... [13s/21s] OK
- checking whether the namespace can be loaded with stated dependencies ... [14s/23s] OK
- checking whether the namespace can be unloaded cleanly ... [14s/23s] OK
- checking loading without being on the library search path ... [14s/24s] OK
- checking use of S3 registration ... OK
- checking dependencies in R code ... OK
- checking S3 generic/method consistency ... OK
- checking replacement functions ... OK
- checking foreign function calls ... OK
- checking R code for possible problems ... [65s/103s] OK
- checking Rd files ... [1s/1s] OK
- checking Rd metadata ... OK
- checking Rd line widths ... OK
- checking Rd cross-references ... OK
- checking for missing documentation entries ... OK
- checking for code/documentation mismatches ... OK
- checking Rd \usage sections ... OK
- checking Rd contents ... OK
- checking for unstated dependencies in examples ... OK
- checking contents of ‘data’ directory ... OK
- checking data for non-ASCII characters ... [8s/12s] OK
- checking data for ASCII and uncompressed saves ... OK
- checking examples ... [21s/34s] ERROR
Running examples in ‘meteo-Ex.R’ failed
The error most likely occurred in:
> base::assign(".ptime", proc.time(), pos = "CheckExEnv")
> ### Name: get_meteo
> ### Title: Get daily meteorological data for specific location and dates.
> ### Aliases: get_meteo
>
> ### ** Examples
>
> library(terra)
terra 1.7.71
>
> loc <- c(21, 45)
> # loc <- as.data.frame(rbind(c(21, 45),
> # c(21,45.5),
> # c(21.5,45),
> # c(21.5,45.5)))
>
> dates <- as.Date("2020-12-25")
> # dates <- seq(as.Date("2020-12-25"), as.Date("2020-12-31"), by="day")
>
> tmean <- get_meteo(loc,
+ dates,
+ var = "tmean", # "tmax" "tmin" "prcp" "slp"
+ source = "MeteoEurope1km")
Warning in new_CppObject_xp(fields$.module, fields$.pointer, ...) :
GDAL Message 1: GDAL was built against curl 8.6.0, but is running against 8.5.0. Runtime failure is likely !
Warning in new_CppObject_xp(fields$.module, fields$.pointer, ...) :
GDAL Error 11: HTTP response code: 404
Error: [rast] file does not exist: /vsicurl/https://dailymeteo.com/cog/europe/tmean/tmean_day_20201225_3035.tif
Execution halted
- checking PDF version of manual ... [6s/16s] OK
- checking HTML version of manual ... [2s/5s] OK
- checking for non-standard things in the check directory ... OK
- DONE
Status: 1 ERROR