- using R Under development (unstable) (2023-03-23 r84036)
- using platform: x86_64-pc-linux-gnu (64-bit)
- R was compiled by
gcc-12 (Debian 12.2.0-14) 12.2.0
GNU Fortran (Debian 12.2.0-14) 12.2.0
- running under: Debian GNU/Linux 12 (bookworm)
- using session charset: UTF-8
- checking for file ‘lightsout/DESCRIPTION’ ... OK
- this is package ‘lightsout’ version ‘0.3’
- checking package namespace information ... OK
- checking package dependencies ... OK
- checking if this is a source package ... OK
- checking if there is a namespace ... OK
- checking for executable files ... OK
- checking for hidden files and directories ... OK
- checking for portable file names ... OK
- checking for sufficient/correct file permissions ... OK
- checking serialization versions ... OK
- checking whether package ‘lightsout’ can be installed ... OK
- checking package directory ... OK
- checking for future file timestamps ... OK
- checking ‘build’ directory ... OK
- checking DESCRIPTION meta-information ... OK
- checking top-level files ... OK
- checking for left-over files ... OK
- checking index information ... OK
- checking package subdirectories ... OK
- checking R files for non-ASCII characters ... OK
- checking R files for syntax errors ... OK
- checking whether the package can be loaded ... [0s/1s] OK
- checking whether the package can be loaded with stated dependencies ... [0s/0s] OK
- checking whether the package can be unloaded cleanly ... [0s/0s] OK
- checking whether the namespace can be loaded with stated dependencies ... [0s/0s] OK
- checking whether the namespace can be unloaded cleanly ... [0s/1s] OK
- checking loading without being on the library search path ... [0s/1s] OK
- checking use of S3 registration ... OK
- checking dependencies in R code ... OK
- checking S3 generic/method consistency ... OK
- checking replacement functions ... OK
- checking foreign function calls ... OK
- checking R code for possible problems ... [4s/8s] OK
- checking Rd files ... [0s/1s] OK
- checking Rd metadata ... OK
- checking Rd line widths ... OK
- checking Rd cross-references ... OK
- checking for missing documentation entries ... OK
- checking for code/documentation mismatches ... OK
- checking Rd \usage sections ... OK
- checking Rd contents ... OK
- checking for unstated dependencies in examples ... OK
- checking LazyData ... NOTE
'LazyData' is specified without a 'data' directory
- checking installed files from ‘inst/doc’ ... OK
- checking files in ‘vignettes’ ... OK
- checking examples ... [0s/1s] OK
- checking for unstated dependencies in ‘tests’ ... OK
- checking tests ... [2s/3s] OK
Running ‘testthat.R’ [1s/3s]
- checking for unstated dependencies in vignettes ... OK
- checking package vignettes in ‘inst/doc’ ... OK
- checking re-building of vignette outputs ... [2s/6s] ERROR
Error(s) in re-building vignettes:
...
--- re-building ‘overview.Rmd’ using rmarkdown
Could not fetch https://travis-ci.org/daattali/lightsout.svg?branch=master
HttpExceptionRequest Request {
host = "travis-ci.org"
port = 443
secure = True
requestHeaders = []
path = "/daattali/lightsout.svg"
queryString = "?branch=master"
method = "GET"
proxy = Nothing
rawBody = False
redirectCount = 10
responseTimeout = ResponseTimeoutDefault
requestVersion = HTTP/1.1
proxySecureMode = ProxySecureWithConnect
}
(TooManyRedirects [Response {responseStatus = Status {statusCode = 308, statusMessage = "Permanent Redirect"}, responseVersion = HTTP/1.1, responseHeaders = [("Date","Fri, 24 Mar 2023 21:42:41 GMT"),("Content-Type","text/html"),("Transfer-Encoding","chunked"),("Connection","keep-alive"),("Location","https://travis-ci.org/daattali/lightsout.svg?branch=master"),("CF-Cache-Status","BYPASS"),("Report-To","{\"endpoints\":[{\"url\":\"https:\\/\\/a.nel.cloudflare.com\\/report\\/v3?s=6u7RbcC%2FjyXjwHagrUoJBZapJhU7zYh9MaEGGyKPN%2FaLQ0le3lEV%2BIoihBUh6JMPf%2FNPuBqGNyAPMotUA9L%2FzU0rv%2B3YI3TD6fFwonbJdBK2VlIoYU3FIHsiEC8U1v9A\"}],\"group\":\"cf-nel\",\"max_age\":604800}"),("NEL","{\"success_fraction\":0,\"report_to\":\"cf-nel\",\"max_age\":604800}"),("Vary","Accept-Encoding"),("Server","cloudflare"),("CF-RAY","7ad215dc399a3249-VIE"),("alt-svc","h3=\":443\"; ma=86400, h3-29=\":443\"; ma=86400")], responseBody = "<html>\r\n<head><title>308 Permanent Redirect</title></head>\r\n<body>\r\n<center><h1>308 Permanent Redirect</h1></center>\r\n<hr><center>openresty</center>\r\n</body>\r\n</html>\r\n", responseCookieJar = CJ {expose = []}, responseClose' = ResponseClose, responseOriginalRequest = Request {
host = "travis-ci.org"
port = 443
secure = True
requestHeaders = []
path = "/daattali/lightsout.svg"
queryString = "?branch=master"
method = "GET"
proxy = Nothing
rawBody = False
redirectCount = 10
responseTimeout = ResponseTimeoutDefault
requestVersion = HTTP/1.1
proxySecureMode = ProxySecureWithConnect
}
},Response {responseStatus = Status {statusCode = 308, statusMessage = "Permanent Redirect"}, responseVersion = HTTP/1.1, responseHeaders = [("Date","Fri, 24 Mar 2023 21:42:41 GMT"),("Content-Type","text/html"),("Transfer-Encoding","chunked"),("Connection","keep-alive"),("Location","https://travis-ci.org/daattali/lightsout.svg?branch=master"),("CF-Cache-Status","BYPASS"),("Report-To","{\"endpoints\":[{\"url\":\"https:\\/\\/a.nel.cloudflare.com\\/report\\/v3?s=W7v%2F5uwA8nANc%2BQj1ggELLkq7MwayeSjcK0wWBXRcDGJsVFW7AlEqTwC%2BBb8SsdBVfz9VFkXIVMGcO4XgB2npF99%2Bg%2BfNkRrPBcND4tjwFOVpDNwCQqAqHmfuojg9svx\"}],\"group\":\"cf-nel\",\"max_age\":604800}"),("NEL","{\"success_fraction\":0,\"report_to\":\"cf-nel\",\"max_age\":604800}"),("Vary","Accept-Encoding"),("Server","cloudflare"),("CF-RAY","7ad215db68a73249-VIE"),("alt-svc","h3=\":443\"; ma=86400, h3-29=\":443\"; ma=86400")], responseBody = "<html>\r\n<head><title>308 Permanent Redirect</title></head>\r\n<body>\r\n<center><h1>308 Permanent Redirect</h1></center>\r\n<hr><center>openresty</center>\r\n</body>\r\n</html>\r\n", responseCookieJar = CJ {expose = []}, responseClose' = ResponseClose, responseOriginalRequest = Request {
host = "travis-ci.org"
port = 443
secure = True
requestHeaders = []
path = "/daattali/lightsout.svg"
queryString = "?branch=master"
method = "GET"
proxy = Nothing
rawBody = False
redirectCount = 10
responseTimeout = ResponseTimeoutDefault
requestVersion = HTTP/1.1
proxySecureMode = ProxySecureWithConnect
}
},Response {responseStatus = Status {statusCode = 308, statusMessage = "Permanent Redirect"}, responseVersion = HTTP/1.1, responseHeaders = [("Date","Fri, 24 Mar 2023 21:42:41 GMT"),("Content-Type","text/html"),("Transfer-Encoding","chunked"),("Connection","keep-alive"),("Location","https://travis-ci.org/daattali/lightsout.svg?branch=master"),("CF-Cache-Status","BYPASS"),("Report-To","{\"endpoints\":[{\"url\":\"https:\\/\\/a.nel.cloudflare.com\\/report\\/v3?s=N8hxwEe7zDdudNq3qq8Q%2BuC32FbRqFbJ61mmxyp1blQbKkoa%2FYofovwjFdX3jLybuDlA3OBysRX6RoXDIb2Ini1kLypr%2BLm%2BW7wNn8Jw3mJesKkTiS59eLP9UhhuWHOX\"}],\"group\":\"cf-nel\",\"max_age\":604800}"),("NEL","{\"success_fraction\":0,\"report_to\":\"cf-nel\",\"max_age\":604800}"),("Vary","Accept-Encoding"),("Server","cloudflare"),("CF-RAY","7ad215daafb13249-VIE"),("alt-svc","h3=\":443\"; ma=86400, h3-29=\":443\"; ma=86400")], responseBody = "<html>\r\n<head><title>308 Permanent Redirect</title></head>\r\n<body>\r\n<center><h1>308 Permanent Redirect</h1></center>\r\n<hr><center>openresty</center>\r\n</body>\r\n</html>\r\n", responseCookieJar = CJ {expose = []}, responseClose' = ResponseClose, responseOriginalRequest = Request {
host = "travis-ci.org"
port = 443
secure = True
requestHeaders = []
path = "/daattali/lightsout.svg"
queryString = "?branch=master"
method = "GET"
proxy = Nothing
rawBody = False
redirectCount = 10
responseTimeout = ResponseTimeoutDefault
requestVersion = HTTP/1.1
proxySecureMode = ProxySecureWithConnect
}
},Response {responseStatus = Status {statusCode = 308, statusMessage = "Permanent Redirect"}, responseVersion = HTTP/1.1, responseHeaders = [("Date","Fri, 24 Mar 2023 21:42:41 GMT"),("Content-Type","text/html"),("Transfer-Encoding","chunked"),("Connection","keep-alive"),("Location","https://travis-ci.org/daattali/lightsout.svg?branch=master"),("CF-Cache-Status","BYPASS"),("Report-To","{\"endpoints\":[{\"url\":\"https:\\/\\/a.nel.cloudflare.com\\/report\\/v3?s=smA0SR0%2FmYvBjk4r%2Bj71WwnqVzJBG3f%2BWeWAJbupQ9aS9J5mYuhjG6MfZHWWItEoKYSI1uIBWxyTTIQdF%2BR0Ygxxjnu0c8bRQIkb%2FY8nURq7JFDccDTL%2FBED74PtSkLW\"}],\"group\":\"cf-nel\",\"max_age\":604800}"),("NEL","{\"success_fraction\":0,\"report_to\":\"cf-nel\",\"max_age\":604800}"),("Vary","Accept-Encoding"),("Server","cloudflare"),("CF-RAY","7ad215d9de993249-VIE"),("alt-svc","h3=\":443\"; ma=86400, h3-29=\":443\"; ma=86400")], responseBody = "<html>\r\n<head><title>308 Permanent Redirect</title></head>\r\n<body>\r\n<center><h1>308 Permanent Redirect</h1></center>\r\n<hr><center>openresty</center>\r\n</body>\r\n</html>\r\n", responseCookieJar = CJ {expose = []}, responseClose' = ResponseClose, responseOriginalRequest = Request {
host = "travis-ci.org"
port = 443
secure = True
requestHeaders = []
path = "/daattali/lightsout.svg"
queryString = "?branch=master"
method = "GET"
proxy = Nothing
rawBody = False
redirectCount = 10
responseTimeout = ResponseTimeoutDefault
requestVersion = HTTP/1.1
proxySecureMode = ProxySecureWithConnect
}
},Response {responseStatus = Status {statusCode = 308, statusMessage = "Permanent Redirect"}, responseVersion = HTTP/1.1, responseHeaders = [("Date","Fri, 24 Mar 2023 21:42:40 GMT"),("Content-Type","text/html"),("Transfer-Encoding","chunked"),("Connection","keep-alive"),("Location","https://travis-ci.org/daattali/lightsout.svg?branch=master"),("CF-Cache-Status","BYPASS"),("Report-To","{\"endpoints\":[{\"url\":\"https:\\/\\/a.nel.cloudflare.com\\/report\\/v3?s=ZqYz%2BjWoGva1aGcHX3wTu%2FgNqKan4S0LsaY9QcYcei27B2kUrsfIzEbtKRr7msfXLt9VjLjTbK1WiXIt236jJD4vJpwky2w9VpcQUcaSrhA%2BpOMA7yrDnzerIlz8%2F4Lz\"}],\"group\":\"cf-nel\",\"max_age\":604800}"),("NEL","{\"success_fraction\":0,\"report_to\":\"cf-nel\",\"max_age\":604800}"),("Vary","Accept-Encoding"),("Server","cloudflare"),("CF-RAY","7ad215d91dcd3249-VIE"),("alt-svc","h3=\":443\"; ma=86400, h3-29=\":443\"; ma=86400")], responseBody = "<html>\r\n<head><title>308 Permanent Redirect</title></head>\r\n<body>\r\n<center><h1>308 Permanent Redirect</h1></center>\r\n<hr><center>openresty</center>\r\n</body>\r\n</html>\r\n", responseCookieJar = CJ {expose = []}, responseClose' = ResponseClose, responseOriginalRequest = Request {
host = "travis-ci.org"
port = 443
secure = True
requestHeaders = []
path = "/daattali/lightsout.svg"
queryString = "?branch=master"
method = "GET"
proxy = Nothing
rawBody = False
redirectCount = 10
responseTimeout = ResponseTimeoutDefault
requestVersion = HTTP/1.1
proxySecureMode = ProxySecureWithConnect
}
},Response {responseStatus = Status {statusCode = 308, statusMessage = "Permanent Redirect"}, responseVersion = HTTP/1.1, responseHeaders = [("Date","Fri, 24 Mar 2023 21:42:40 GMT"),("Content-Type","text/html"),("Transfer-Encoding","chunked"),("Connection","keep-alive"),("Location","https://travis-ci.org/daattali/lightsout.svg?branch=master"),("CF-Cache-Status","BYPASS"),("Report-To","{\"endpoints\":[{\"url\":\"https:\\/\\/a.nel.cloudflare.com\\/report\\/v3?s=kLhiOsnRUv8d35Yoed3SXBUYVDd%2FVePdRU1WmgoaA%2BfbJGWU%2F0J83Q1PDb1eWIXP1QjvxVhh%2FwjkbpclA5GVMprXf1sdfbt6Joq%2BSt3YbTPWF68CBWSTeqqCcJ10Ep5v\"}],\"group\":\"cf-nel\",\"max_age\":604800}"),("NEL","{\"success_fraction\":0,\"report_to\":\"cf-nel\",\"max_age\":604800}"),("Vary","Accept-Encoding"),("Server","cloudflare"),("CF-RAY","7ad215d85d0b3249-VIE"),("alt-svc","h3=\":443\"; ma=86400, h3-29=\":443\"; ma=86400")], responseBody = "<html>\r\n<head><title>308 Permanent Redirect</title></head>\r\n<body>\r\n<center><h1>308 Permanent Redirect</h1></center>\r\n<hr><center>openresty</center>\r\n</body>\r\n</html>\r\n", responseCookieJar = CJ {expose = []}, responseClose' = ResponseClose, responseOriginalRequest = Request {
host = "travis-ci.org"
port = 443
secure = True
requestHeaders = []
path = "/daattali/lightsout.svg"
queryString = "?branch=master"
method = "GET"
proxy = Nothing
rawBody = False
redirectCount = 10
responseTimeout = ResponseTimeoutDefault
requestVersion = HTTP/1.1
proxySecureMode = ProxySecureWithConnect
}
},Response {responseStatus = Status {statusCode = 308, statusMessage = "Permanent Redirect"}, responseVersion = HTTP/1.1, responseHeaders = [("Date","Fri, 24 Mar 2023 21:42:40 GMT"),("Content-Type","text/html"),("Transfer-Encoding","chunked"),("Connection","keep-alive"),("Location","https://travis-ci.org/daattali/lightsout.svg?branch=master"),("CF-Cache-Status","BYPASS"),("Report-To","{\"endpoints\":[{\"url\":\"https:\\/\\/a.nel.cloudflare.com\\/report\\/v3?s=OpUs18Ww3%2B6X3q7BUOzTtbfWOMO0sySg1IopoG6pxC5miIeeXFCNIhx25cRlXRXdbAxIeEgaNPIpIgNrA3eDZttzgKaxd%2FUlnlb%2FJoBer40VuFWwXHXYWv5ha5CN7yi1\"}],\"group\":\"cf-nel\",\"max_age\":604800}"),("NEL","{\"success_fraction\":0,\"report_to\":\"cf-nel\",\"max_age\":604800}"),("Vary","Accept-Encoding"),("Server","cloudflare"),("CF-RAY","7ad215d78c303249-VIE"),("alt-svc","h3=\":443\"; ma=86400, h3-29=\":443\"; ma=86400")], responseBody = "<html>\r\n<head><title>308 Permanent Redirect</title></head>\r\n<body>\r\n<center><h1>308 Permanent Redirect</h1></center>\r\n<hr><center>openresty</center>\r\n</body>\r\n</html>\r\n", responseCookieJar = CJ {expose = []}, responseClose' = ResponseClose, responseOriginalRequest = Request {
host = "travis-ci.org"
port = 443
secure = True
requestHeaders = []
path = "/daattali/lightsout.svg"
queryString = "?branch=master"
method = "GET"
proxy = Nothing
rawBody = False
redirectCount = 10
responseTimeout = ResponseTimeoutDefault
requestVersion = HTTP/1.1
proxySecureMode = ProxySecureWithConnect
}
},Response {responseStatus = Status {statusCode = 308, statusMessage = "Permanent Redirect"}, responseVersion = HTTP/1.1, responseHeaders = [("Date","Fri, 24 Mar 2023 21:42:40 GMT"),("Content-Type","text/html"),("Transfer-Encoding","chunked"),("Connection","keep-alive"),("Location","https://travis-ci.org/daattali/lightsout.svg?branch=master"),("CF-Cache-Status","BYPASS"),("Report-To","{\"endpoints\":[{\"url\":\"https:\\/\\/a.nel.cloudflare.com\\/report\\/v3?s=BPxm2LmDs6IArn%2BEkTsym7wb%2FwuEgCy7x4jIywYZu%2FEbH0VQOm%2FomTQOVDvMdrmfHvm5NcvNOM7DVQtZ0yOSzUyWeooky1RNuVebdXGalC8rvRhoXnTDehg%2B1IWG1WVt\"}],\"group\":\"cf-nel\",\"max_age\":604800}"),("NEL","{\"success_fraction\":0,\"report_to\":\"cf-nel\",\"max_age\":604800}"),("Vary","Accept-Encoding"),("Server","cloudflare"),("CF-RAY","7ad215d6cb253249-VIE"),("alt-svc","h3=\":443\"; ma=86400, h3-29=\":443\"; ma=86400")], responseBody = "<html>\r\n<head><title>308 Permanent Redirect</title></head>\r\n<body>\r\n<center><h1>308 Permanent Redirect</h1></center>\r\n<hr><center>openresty</center>\r\n</body>\r\n</html>\r\n", responseCookieJar = CJ {expose = []}, responseClose' = ResponseClose, responseOriginalRequest = Request {
host = "travis-ci.org"
port = 443
secure = True
requestHeaders = []
path = "/daattali/lightsout.svg"
queryString = "?branch=master"
method = "GET"
proxy = Nothing
rawBody = False
redirectCount = 10
responseTimeout = ResponseTimeoutDefault
requestVersion = HTTP/1.1
proxySecureMode = ProxySecureWithConnect
}
},Response {responseStatus = Status {statusCode = 308, statusMessage = "Permanent Redirect"}, responseVersion = HTTP/1.1, responseHeaders = [("Date","Fri, 24 Mar 2023 21:42:40 GMT"),("Content-Type","text/html"),("Transfer-Encoding","chunked"),("Connection","keep-alive"),("Location","https://travis-ci.org/daattali/lightsout.svg?branch=master"),("CF-Cache-Status","BYPASS"),("Report-To","{\"endpoints\":[{\"url\":\"https:\\/\\/a.nel.cloudflare.com\\/report\\/v3?s=bk%2BTEp4YdwoZdlIy%2Bjl8xozzK5wbR8%2FLy%2B41828P7wapIcw9QZYS1vEQsPtl9zYaX6QWpIH%2BxM6bBrcLHF0l7mMWU6xGjXfRc2ygOioklHtS1kwR52aQKEjVDcXIs2Iq\"}],\"group\":\"cf-nel\",\"max_age\":604800}"),("NEL","{\"success_fraction\":0,\"report_to\":\"cf-nel\",\"max_age\":604800}"),("Vary","Accept-Encoding"),("Server","cloudflare"),("CF-RAY","7ad215d5f9bd3249-VIE"),("alt-svc","h3=\":443\"; ma=86400, h3-29=\":443\"; ma=86400")], responseBody = "<html>\r\n<head><title>308 Permanent Redirect</title></head>\r\n<body>\r\n<center><h1>308 Permanent Redirect</h1></center>\r\n<hr><center>openresty</center>\r\n</body>\r\n</html>\r\n", responseCookieJar = CJ {expose = []}, responseClose' = ResponseClose, responseOriginalRequest = Request {
host = "travis-ci.org"
port = 443
secure = True
requestHeaders = []
path = "/daattali/lightsout.svg"
queryString = "?branch=master"
method = "GET"
proxy = Nothing
rawBody = False
redirectCount = 10
responseTimeout = ResponseTimeoutDefault
requestVersion = HTTP/1.1
proxySecureMode = ProxySecureWithConnect
}
},Response {responseStatus = Status {statusCode = 308, statusMessage = "Permanent Redirect"}, responseVersion = HTTP/1.1, responseHeaders = [("Date","Fri, 24 Mar 2023 21:42:40 GMT"),("Content-Type","text/html"),("Transfer-Encoding","chunked"),("Connection","keep-alive"),("Location","https://travis-ci.org/daattali/lightsout.svg?branch=master"),("CF-Cache-Status","BYPASS"),("Report-To","{\"endpoints\":[{\"url\":\"https:\\/\\/a.nel.cloudflare.com\\/report\\/v3?s=CYTqsi1%2FKaDpAWHvQ1WxwoNmRBMjmIxtjSK0Zzh%2B6KreZhagacygzHskfy41N%2FrLdkXcYcC2W4jKLqcwTRhCOMWm2KuEVYS06Lws0ynqiDvTi62hV7R2VUEGunml1P6C\"}],\"group\":\"cf-nel\",\"max_age\":604800}"),("NEL","{\"success_fraction\":0,\"report_to\":\"cf-nel\",\"max_age\":604800}"),("Vary","Accept-Encoding"),("Server","cloudflare"),("CF-RAY","7ad215d528843249-VIE"),("alt-svc","h3=\":443\"; ma=86400, h3-29=\":443\"; ma=86400")], responseBody = "<html>\r\n<head><title>308 Permanent Redirect</title></head>\r\n<body>\r\n<center><h1>308 Permanent Redirect</h1></center>\r\n<hr><center>openresty</center>\r\n</body>\r\n</html>\r\n", responseCookieJar = CJ {expose = []}, responseClose' = ResponseClose, responseOriginalRequest = Request {
host = "travis-ci.org"
port = 443
secure = True
requestHeaders = []
path = "/daattali/lightsout.svg"
queryString = "?branch=master"
method = "GET"
proxy = Nothing
rawBody = False
redirectCount = 10
responseTimeout = ResponseTimeoutDefault
requestVersion = HTTP/1.1
proxySecureMode = ProxySecureWithConnect
}
},Response {responseStatus = Status {statusCode = 308, statusMessage = "Permanent Redirect"}, responseVersion = HTTP/1.1, responseHeaders = [("Date","Fri, 24 Mar 2023 21:42:40 GMT"),("Content-Type","text/html"),("Transfer-Encoding","chunked"),("Connection","keep-alive"),("Location","https://travis-ci.org/daattali/lightsout.svg?branch=master"),("CF-Cache-Status","BYPASS"),("Report-To","{\"endpoints\":[{\"url\":\"https:\\/\\/a.nel.cloudflare.com\\/report\\/v3?s=r%2FIH%2BfF4deBasymo6D9MC%2FzTiZa6w6qD22m5tYksE41AVVj7PY%2B1V4AsUSSC18dQTd04k5AnsFUDBYzyTWdb76WIutx9gEf0s6%2BcZbbh4EWuBzOp%2BPJwzpHCT3JgFADI\"}],\"group\":\"cf-nel\",\"max_age\":604800}"),("NEL","{\"success_fraction\":0,\"report_to\":\"cf-nel\",\"max_age\":604800}"),("Vary","Accept-Encoding"),("Server","cloudflare"),("CF-RAY","7ad215d3af373249-VIE"),("alt-svc","h3=\":443\"; ma=86400, h3-29=\":443\"; ma=86400")], responseBody = "<html>\r\n<head><title>308 Permanent Redirect</title></head>\r\n<body>\r\n<center><h1>308 Permanent Redirect</h1></center>\r\n<hr><center>openresty</center>\r\n</body>\r\n</html>\r\n", responseCookieJar = CJ {expose = []}, responseClose' = ResponseClose, responseOriginalRequest = Request {
host = "travis-ci.org"
port = 443
secure = True
requestHeaders = []
path = "/daattali/lightsout.svg"
queryString = "?branch=master"
method = "GET"
proxy = Nothing
rawBody = False
redirectCount = 10
responseTimeout = ResponseTimeoutDefault
requestVersion = HTTP/1.1
proxySecureMode = ProxySecureWithConnect
}
}])
Error: processing vignette ‘overview.Rmd’ failed with diagnostics:
pandoc document conversion failed with error 61
--- failed re-building ‘overview.Rmd’
SUMMARY: processing the following file failed:
‘overview.Rmd’
Error: Vignette re-building failed.
Execution halted
- checking PDF version of manual ... [4s/11s] OK
- checking HTML version of manual ... [0s/1s] OK
- checking for non-standard things in the check directory ... OK
- DONE
Status: 1 ERROR, 1 NOTE