- using R Under development (unstable) (2025-11-20 r89043)
- using platform: x86_64-pc-linux-gnu
- R was compiled by
gcc-15 (Debian 15.2.0-7) 15.2.0
GNU Fortran (Debian 15.2.0-7) 15.2.0
- running under: Debian GNU/Linux forky/sid
- using session charset: UTF-8
- checking for file ‘learningtower/DESCRIPTION’ ... OK
- this is package ‘learningtower’ version ‘1.1.0’
- package encoding: UTF-8
- checking CRAN incoming feasibility ... [1s/1s] OK
- checking package namespace information ... OK
- checking package dependencies ... OK
- checking if this is a source package ... OK
- checking if there is a namespace ... OK
- checking for executable files ... OK
- checking for hidden files and directories ... OK
- checking for portable file names ... OK
- checking for sufficient/correct file permissions ... OK
- checking whether package ‘learningtower’ can be installed ... OK
See the install log for details.
- checking package directory ... OK
- checking for future file timestamps ... OK
- checking ‘build’ directory ... OK
- checking DESCRIPTION meta-information ... OK
- checking top-level files ... OK
- checking for left-over files ... OK
- checking index information ... OK
- checking package subdirectories ... OK
- checking code files for non-ASCII characters ... OK
- checking R files for syntax errors ... OK
- checking whether the package can be loaded ... [1s/1s] OK
- checking whether the package can be loaded with stated dependencies ... [0s/1s] OK
- checking whether the package can be unloaded cleanly ... [0s/1s] OK
- checking whether the namespace can be loaded with stated dependencies ... [0s/1s] OK
- checking whether the namespace can be unloaded cleanly ... [1s/1s] OK
- checking loading without being on the library search path ... [1s/1s] OK
- checking whether startup messages can be suppressed ... [1s/1s] OK
- checking use of S3 registration ... OK
- checking dependencies in R code ... OK
- checking S3 generic/method consistency ... OK
- checking replacement functions ... OK
- checking foreign function calls ... OK
- checking R code for possible problems ... [4s/6s] OK
- checking Rd files ... [0s/0s] OK
- checking Rd metadata ... OK
- checking Rd line widths ... OK
- checking Rd cross-references ... OK
- checking for missing documentation entries ... OK
- checking for code/documentation mismatches ... OK
- checking Rd \usage sections ... OK
- checking Rd contents ... OK
- checking for unstated dependencies in examples ... OK
- checking contents of ‘data’ directory ... OK
- checking data for non-ASCII characters ... [0s/1s] OK
- checking LazyData ... OK
- checking data for ASCII and uncompressed saves ... OK
- checking installed files from ‘inst/doc’ ... OK
- checking files in ‘vignettes’ ... OK
- checking examples ... [1s/1s] OK
- checking for unstated dependencies in ‘tests’ ... OK
- checking tests ... [9s/81s] ERROR
Running ‘testthat.R’ [9s/81s]
Running the tests in ‘tests/testthat.R’ failed.
Complete output:
> library(testthat)
> library(learningtower)
The learningtower package (version 1.1.0) provides data from OECD PISA database between 2000 - 2022. For package size reasons, only a small subset is provided in the package. Use the function `load_student()` to access the full data.
>
> test_check("learningtower")
Downloading year 2000...
trying URL 'https://github.com/kevinwang09/learningtower/raw/master/student_full_data/student_2000.rds'
Content type 'application/octet-stream' length 1493816 bytes (1.4 MB)
==================================================
downloaded 1.4 MB
Downloading year 2000...
trying URL 'https://github.com/kevinwang09/learningtower/raw/master/student_full_data/student_2000.rds'
Content type 'application/octet-stream' length 1493816 bytes (1.4 MB)
==================================================
downloaded 1.4 MB
Downloading year 2000...
trying URL 'https://github.com/kevinwang09/learningtower/raw/master/student_full_data/student_2000.rds'
Content type 'application/octet-stream' length 1493816 bytes (1.4 MB)
==================================================
downloaded 1.4 MB
Downloading year 2000...
trying URL 'https://github.com/kevinwang09/learningtower/raw/master/student_full_data/student_2000.rds'
Content type 'application/octet-stream' length 1493816 bytes (1.4 MB)
==================================================
downloaded 1.4 MB
Downloading year 2003...
trying URL 'https://github.com/kevinwang09/learningtower/raw/master/student_full_data/student_2003.rds'
Content type 'application/octet-stream' length 2532872 bytes (2.4 MB)
==================================================
downloaded 2.4 MB
Downloading year 2006...
trying URL 'https://github.com/kevinwang09/learningtower/raw/master/student_full_data/student_2006.rds'
Content type 'application/octet-stream' length 4350196 bytes (4.1 MB)
==================================================
downloaded 4.1 MB
Downloading year 2009...
trying URL 'https://github.com/kevinwang09/learningtower/raw/master/student_full_data/student_2009.rds'
Content type 'application/octet-stream' length 6047604 bytes (5.8 MB)
==================================================
downloaded 5.8 MB
Downloading year 2012...
trying URL 'https://github.com/kevinwang09/learningtower/raw/master/student_full_data/student_2012.rds'
Content type 'application/octet-stream' length 4996808 bytes (4.8 MB)
==================================================
downloaded 4.8 MB
Downloading year 2015...
trying URL 'https://github.com/kevinwang09/learningtower/raw/master/student_full_data/student_2015.rds'
Content type 'application/octet-stream' length 8516740 bytes (8.1 MB)
==================================================
downloaded 8.1 MB
Downloading year 2018...
trying URL 'https://github.com/kevinwang09/learningtower/raw/master/student_full_data/student_2018.rds'
Saving _problems/test-student-col-types-36.R
Downloading year 2000...
trying URL 'https://github.com/kevinwang09/learningtower/raw/master/student_full_data/student_2000.rds'
Content type 'application/octet-stream' length 1493816 bytes (1.4 MB)
==================================================
downloaded 1.4 MB
Downloading year 2000...
trying URL 'https://github.com/kevinwang09/learningtower/raw/master/student_full_data/student_2000.rds'
Content type 'application/octet-stream' length 1493816 bytes (1.4 MB)
==================================================
downloaded 1.4 MB
Downloading year 2000...
trying URL 'https://github.com/kevinwang09/learningtower/raw/master/student_full_data/student_2000.rds'
Content type 'application/octet-stream' length 1493816 bytes (1.4 MB)
==================================================
downloaded 1.4 MB
Downloading year 2003...
trying URL 'https://github.com/kevinwang09/learningtower/raw/master/student_full_data/student_2003.rds'
Content type 'application/octet-stream' length 2532872 bytes (2.4 MB)
==================================================
downloaded 2.4 MB
Downloading year 2000...
trying URL 'https://github.com/kevinwang09/learningtower/raw/master/student_full_data/student_2000.rds'
Content type 'application/octet-stream' length 1493816 bytes (1.4 MB)
==================================================
downloaded 1.4 MB
[ FAIL 1 | WARN 1 | SKIP 0 | PASS 355 ]
══ Failed tests ════════════════════════════════════════════════════════════════
── Error ('test-student-col-types.R:36:5'): load_student() returns correct structure for full datasets ──
Error in `utils::download.file(url = url_git, destfile = tmp)`: cannot open URL 'https://github.com/kevinwang09/learningtower/raw/master/student_full_data/student_2018.rds'
Backtrace:
▆
1. └─learningtower::load_student(year) at test-student-col-types.R:36:5
2. └─learningtower:::download_single_student(year = this_year)
3. └─utils::download.file(url = url_git, destfile = tmp)
[ FAIL 1 | WARN 1 | SKIP 0 | PASS 355 ]
Error:
! Test failures.
Execution halted
- checking for unstated dependencies in vignettes ... OK
- checking package vignettes ... OK
- checking re-building of vignette outputs ... [15s/21s] OK
- checking PDF version of manual ... [4s/5s] OK
- checking HTML version of manual ... [0s/0s] OK
- checking for non-standard things in the check directory ... OK
- DONE
Status: 1 ERROR