- using R Under development (unstable) (2025-11-24 r89059)
- using platform: x86_64-pc-linux-gnu
- R was compiled by
gcc-15 (Debian 15.2.0-7) 15.2.0
GNU Fortran (Debian 15.2.0-7) 15.2.0
- running under: Debian GNU/Linux forky/sid
- using session charset: UTF-8
- checking for file ‘lazy/DESCRIPTION’ ... OK
- this is package ‘lazy’ version ‘1.2-18’
- checking CRAN incoming feasibility ... [0s/0s] NOTE
Maintainer: ‘Theo Verhelst <theo.verhelst@ulb.be>’
No Authors@R field in DESCRIPTION.
Please add one, modifying
Authors@R: c(person(given = "Mauro",
family = "Birattari",
role = "aut",
email = "mauro.birattari@ulb.be"),
person(given = "Gianluca",
family = "Bontempi",
role = "aut",
email = "gianluca.bontempi@ulb.be"),
person(given = "Theo",
family = "Verhelst",
role = "cre",
email = "theo.verhelst@ulb.be"))
as necessary.
- checking package namespace information ... OK
- checking package dependencies ... OK
- checking if this is a source package ... OK
- checking if there is a namespace ... OK
- checking for executable files ... OK
- checking for hidden files and directories ... OK
- checking for portable file names ... OK
- checking for sufficient/correct file permissions ... OK
- checking serialization versions ... OK
- checking whether package ‘lazy’ can be installed ... ERROR
Installation failed.
See the install log for details.
- DONE
Status: 1 ERROR, 1 NOTE