- using R Under development (unstable) (2025-11-15 r89024)
- using platform: x86_64-pc-linux-gnu
- R was compiled by
gcc-15 (Debian 15.2.0-7) 15.2.0
GNU Fortran (Debian 15.2.0-7) 15.2.0
- running under: Debian GNU/Linux forky/sid
- using session charset: UTF-8
- checking for file ‘imfapi/DESCRIPTION’ ... OK
- this is package ‘imfapi’ version ‘0.1.1’
- package encoding: UTF-8
- checking CRAN incoming feasibility ... [1s/1s] OK
- checking package namespace information ... OK
- checking package dependencies ... OK
- checking if this is a source package ... OK
- checking if there is a namespace ... OK
- checking for executable files ... OK
- checking for hidden files and directories ... OK
- checking for portable file names ... OK
- checking for sufficient/correct file permissions ... OK
- checking whether package ‘imfapi’ can be installed ... OK
See the install log for details.
- checking package directory ... OK
- checking for future file timestamps ... OK
- checking DESCRIPTION meta-information ... OK
- checking top-level files ... OK
- checking for left-over files ... OK
- checking index information ... OK
- checking package subdirectories ... OK
- checking code files for non-ASCII characters ... OK
- checking R files for syntax errors ... OK
- checking whether the package can be loaded ... [0s/0s] OK
- checking whether the package can be loaded with stated dependencies ... [0s/0s] OK
- checking whether the package can be unloaded cleanly ... [0s/0s] OK
- checking whether the namespace can be loaded with stated dependencies ... [0s/0s] OK
- checking whether the namespace can be unloaded cleanly ... [0s/0s] OK
- checking loading without being on the library search path ... [0s/0s] OK
- checking use of S3 registration ... OK
- checking dependencies in R code ... OK
- checking S3 generic/method consistency ... OK
- checking replacement functions ... OK
- checking foreign function calls ... OK
- checking R code for possible problems ... [3s/5s] OK
- checking Rd files ... [0s/0s] OK
- checking Rd metadata ... OK
- checking Rd line widths ... OK
- checking Rd cross-references ... OK
- checking for missing documentation entries ... OK
- checking for code/documentation mismatches ... OK
- checking Rd \usage sections ... OK
- checking Rd contents ... OK
- checking for unstated dependencies in examples ... OK
- checking examples ... [1s/1s] ERROR
Running examples in ‘imfapi-Ex.R’ failed
The error most likely occurred in:
> base::assign(".ptime", proc.time(), pos = "CheckExEnv")
> ### Name: imf_get_codelists
> ### Title: Retrieve codes for one or more dimensions as a tidy tibble
> ### Aliases: imf_get_codelists
>
> ### ** Examples
>
> if (curl::has_internet()) {
+ imf_get_codelists(
+ c("FREQUENCY", "TIME_PERIOD"),
+ dataflow_id = "FM" # Fiscal Monitor
+ )
+ }
Error in `resp_body_raw()`:
! Can't retrieve empty body.
Backtrace:
▆
1. └─imfapi::imf_get_codelists(c("FREQUENCY", "TIME_PERIOD"), dataflow_id = "FM")
2. └─imfapi:::get_datastructure_components(...)
3. └─imfapi:::get_dataflows_components(...)
4. └─imfapi:::perform_request(...)
5. └─httr2::resp_body_string(response)
6. └─httr2::resp_body_raw(resp)
7. └─cli::cli_abort("Can't retrieve empty body.")
8. └─rlang::abort(...)
Execution halted
- checking for unstated dependencies in ‘tests’ ... OK
- checking tests ... [4s/5s] OK
Running ‘testthat.R’ [4s/4s]
- checking PDF version of manual ... [4s/6s] OK
- checking HTML version of manual ... [0s/0s] OK
- checking for non-standard things in the check directory ... OK
- DONE
Status: 1 ERROR